544
CXUS51 KCAR 011935
CLMCAR

CLIMATE REPORT
NATIONAL WEATHER SERVICE CARIBOU, ME
325 PM EDT SUN MAY 1 2016

...................................

...THE CARIBOU ME CLIMATE SUMMARY FOR THE MONTH OF APRIL 2016...

CLIMATE NORMAL PERIOD 1981 TO 2010
CLIMATE RECORD PERIOD 1939 TO 2016

WEATHER         OBSERVED          NORMAL  DEPART  LAST YEAR`S
                 VALUE   DATE(S)  VALUE   FROM    VALUE  DATE(S)
                                          NORMAL
................................................................
TEMPERATURE (F)
RECORD
 HIGH              86   04/27/1990
 LOW               -4   04/06/2015
HIGHEST            71   04/17        MM      MM       65  04/13
LOWEST              5   04/05        MM      MM       -4  04/06
                        04/04
AVG. MAXIMUM     46.8              47.8    -1.0     46.4
AVG. MINIMUM     24.6              29.5    -4.9     26.7
MEAN             35.7              38.6    -2.9     36.6
DAYS MAX >= 90      0               0.0     0.0        0
DAYS MAX <= 32      2               1.1     0.9        2
DAYS MIN <= 32     24              19.1     4.9       18
DAYS MIN <= 0       0               0.1    -0.1        1

PRECIPITATION (INCHES)
RECORD
 MAXIMUM         6.19   2005
 MINIMUM         0.54   1967
TOTALS           2.80                      0.14
DAILY AVG.       0.09              0.09    0.00     0.08
DAYS >= .01         6              12.8    -6.8       13
DAYS >= .10         5               7.3    -2.3        7
DAYS >= .50         4               1.4     2.6        2
DAYS >= 1.00        0               0.1    -0.1        0
GREATEST
 24 HR. TOTAL    0.97   04/11 TO 04/12           04/10 TO 04/10
                                                          04/10 TO 04/10
                                                          04/10 TO 04/10

SNOWFALL (INCHES)
RECORDS
 TOTAL           36.4   1982
TOTALS            2.8               7.4    -4.6      8.6
SINCE 7/1        90.0             108.2   -18.2    141.8
SNOWDEPTH AVG.      2                MM      MM        5
DAYS >= 1.0         1               2.3    -1.3        1
GREATEST
 SNOW DEPTH        10   04/01                         15  04/06
                                                          04/05
 24 HR TOTAL      2.8   MM                       04/10 TO 04/10
                                                          04/10 TO 04/10
                                                          04/10 TO 04/10

DEGREE_DAYS
HEATING TOTAL     873               791      82      845
 SINCE 7/1       7872              8766    -894     8988
COOLING TOTAL       0                 0       0        0
 SINCE 1/1          0                 0       0        0
.................................................

WIND (MPH)
AVERAGE WIND SPEED              8.4
HIGHEST WIND SPEED/DIRECTION    29/170    DATE  04/07
HIGHEST GUST SPEED/DIRECTION    42/170    DATE  04/07

SKY COVER
POSSIBLE SUNSHINE (PERCENT)   MM
AVERAGE SKY COVER           0.40
NUMBER OF DAYS FAIR           14
NUMBER OF DAYS PC             10
NUMBER OF DAYS CLOUDY          6

AVERAGE RH (PERCENT)     55

WEATHER CONDITIONS. NUMBER OF DAYS WITH
THUNDERSTORM              0     MIXED PRECIP               0
HEAVY RAIN                3     RAIN                       4
LIGHT RAIN                7     FREEZING RAIN              0
LT FREEZING RAIN          0     HAIL                       0
HEAVY SNOW                0     SNOW                       1
LIGHT SNOW                8     SLEET                      0
FOG                       7     FOG W/VIS <= 1/4 MILE      2
HAZE                      3

-  INDICATES NEGATIVE NUMBERS.
R  INDICATES RECORD WAS SET OR TIED.
MM INDICATES DATA IS MISSING.
T  INDICATES TRACE AMOUNT.
---------------------------------------------------------------------
...CLIMATE SUMMARY FOR APRIL 2016 FOR NORTHERN AND EASTERN MAINE...

OVERALL...APRIL 2016 FINISHED WITH BELOW AVERAGE TEMPERATURES AND
PRECIPITATION ACROSS NORTHERN AND EASTERN MAINE. TEMPERATURES
AVERAGED FROM 2 TO 4 DEGREES BELOW AVERAGE. PRECIPITATION WAS MORE
VARIABLE, AND RANGED FROM 50 TO 90 PERCENT OF AVERAGE, WITH MOST IF
IT FALLING DURING THE FIRST TWO WEEKS OF THE MONTH.

AT CARIBOU, THE AVERAGE TEMPERATURE OF 35.7 DEGREES WAS 2.9 DEGREES
BELOW THE 30-YEAR AVERAGE.  IT WAS THE COOLEST APRIL SINCE 2003. AT
BANGOR, THE AVERAGE TEMPERATURE OF 40.5 DEGREES WAS 2 DEGREES BELOW
AVERAGE. IT WAS THE COOLEST APRIL SINCE 2007.

THE LOW TEMPERATURES AT CARIBOU ON THE 28TH AND 29TH WERE 19 DEGREES
AND 18 DEGREES RESPECTIVELY.  ALTHOUGH NEITHER WERE RECORDS, IT IS
UNUSUAL TO HAVE BACK TO BACK LOWS IN THE TEENS SO LATE IN THE
SEASON. ALSO, THE LAST 10 NIGHTS OF THE MONTH ALL HAD A LOW
TEMPERATURE OF 32 DEGREES OR LOWER, WHICH WAS ONLY THE 4TH TIME ON
RECORD THAT THE LAST 10 DAYS OF APRIL HAD A LOW TEMPERATURE OF 32
DEGREES OR LOWER, THE LAST TIME BEING IN 1960.

A TOTAL OF 2.80 INCHES OF RAIN (AND MELTED SNOW) WAS OBSERVED AT
CARIBOU, WHICH WAS 14 HUNDREDTHS (0.14") BELOW AVERAGE. A TOTAL OF
2.8 INCHES OF SNOW WAS OBSERVED WHICH WAS 4.6 INCHES BELOW AVERAGE.
IT WAS THE LEAST SNOWY APRIL SINCE 2010 WHEN ONLY 0.7" OF SNOW WAS
OBSERVED.

AT BANGOR, A TOTAL OF 2.58 INCHES OF RAIN WAS OBSERVED WHICH WAS
1.04" BELOW AVERAGE.  ONLY A TRACE OF SNOW WAS OBSERVED THIS PAST
APRIL, WHICH WAS WAS 3.7 INCHES BELOW AVERAGE. IT WAS THE LEAST
SNOWY APRIL SINCE 2012 WHEN ONLY A TRACE OF SNOW WAS OBSERVED.

AT THE START OF THE MONTH...THERE WAS LITTLE IN THE WAY OF
SIGNIFICANT SNOW COVER SOUTH OF A DOVER-FOXCROFT TO DANFORTH LINE
WITH NO SNOW BEING REPORTED FROM BANGOR DOWN TO THE COAST. THE
CENTRAL HIGHLANDS WERE COVERED WITH A FOOT OR LESS OF SNOW. THIS
INCREASED RATHER QUICKLY AS YOU HEADED NORTH INTO AROOSTOOK COUNTY
AND THE NORTH WOODS. THE SAINT JOHN VALLEY AND ALLAGASH REGIONS HAD
THE DEEPEST SNOW PACK...WHERE 20 TO 30 INCHES IS COMMON. HIGHER
AMOUNTS WERE LIKELY OBSERVED ACROSS THE HIGHER TERRAIN. BY THE END
OF THE MONTH, THE ONLY SNOW REMAINING WAS IN PARTS OF THE NORTH
WOODS. THERE WAS A TOTAL OF 10" OF SNOW OBSERVED AT ALLAGASH AS OF
APRIL 27TH.

THE SECOND HALF OF APRIL WAS UNUSUALLY DRY ACROSS NORTHERN AND
EASTERN MAINE. IN FACT, AT CARIBOU NO MEASURABLE PRECIPITATION WAS
OBSERVED FROM APRIL 13TH THROUGH APRIL 30TH, FOR A TOTAL OF 18
CONSECUTIVE DAYS.  THE ALL-TIME RECORD FOR CONSECUTIVE DAYS WITH NO
MEASURABLE PRECIPITATION OF 20 DAYS WAS OBSERVED FROM MARCH 1-20,
2010.  AT BANGOR, IT WAS ALSO UNUSUALLY DRY FROM APRIL 13TH THROUGH
THE 30TH, BUT MEASURABLE RAINFALL WAS OBSERVED ON THE 19TH (0.13"),
AND AGAIN ON THE 26TH (0.03").

THE OUTLOOK FROM THE CLIMATE PREDICATION CENTER FOR MAY CALLS FOR AN
INCREASED LIKELIHOOD OF ABOVE AVERAGE TEMPERATURES.  THERE ARE NO
STRONG CLIMATE SIGNALS THAT WOULD POINT TOWARD AN UNUSUALLY WET OR
DRY MONTH.

DURING THE MONTH OF MAY TEMPERATURES UNDERGO THE LARGEST RISE OF ANY
MONTH OF THE YEAR. THE AVERAGE HIGH AT CARIBOU (BANGOR) CLIMBS FROM
55 (60) DEGREES ON THE 1ST TO 67 (70) DEGREES BY THE END OF THE
MONTH. THE AVERAGE LOW RISES FROM 35 (38) ON THE 1ST TO 45 (47) BY
THE END OF THE MONTH.  THERE IS A GAIN OF A LITTLE OVER AN HOUR OF
USABLE DAYLIGHT DURING THE MONTH OF MAY.

$$

CB/VJN
