000
CXUS51 KCAR 031205
CLMCAR


CLIMATE REPORT
NATIONAL WEATHER SERVICE CARIBOU, ME
705 AM EST TUE FEB 3 2015

...................................

...THE CARIBOU ME CLIMATE SUMMARY FOR THE MONTH OF JANUARY 2015...

CLIMATE NORMAL PERIOD 1981 TO 2010
CLIMATE RECORD PERIOD 1939 TO 2015

WEATHER         OBSERVED          NORMAL  DEPART  LAST YEAR`S
                 VALUE   DATE(S)  VALUE   FROM    VALUE  DATE(S)
                                          NORMAL
................................................................
TEMPERATURE (F)
RECORD
 HIGH              53   01/31/2013
                        01/15/1995
                        22/12/2298
 LOW              -37   01/16/2009
HIGHEST            44   01/19        MM      MM       45  01/06
LOWEST            -22   01/08        MM      MM      -28  01/02
AVG. MAXIMUM     18.7              19.5    -0.8     20.7
AVG. MINIMUM     -1.8               0.8    -2.6      3.6
MEAN              8.5              10.2    -1.7     12.2
DAYS MAX >= 90      0               0.0     0.0        0
DAYS MAX <= 32     28              25.9     2.1       22
DAYS MIN <= 32     31              30.6     0.4       29
DAYS MIN <= 0      19              15.7     3.3       17

PRECIPITATION (INCHES)
RECORD
 MAXIMUM         5.60   1995
 MINIMUM         0.12   1944
TOTALS           2.90                      0.19
DAILY AVG.       0.09              0.09    0.00     0.13
DAYS >= .01        15              14.5     0.5       13
DAYS >= .10         8               6.4     1.6        9
DAYS >= .50         1               1.7    -0.7        3
DAYS >= 1.00        0               0.3    -0.3        1
GREATEST
 24 HR. TOTAL    0.89   01/03 TO 01/04           01/11 TO 01/12
                                                          01/27 TO 01/27
                                                          01/27 TO 01/27

SNOWFALL (INCHES)
RECORDS
 TOTAL           44.5   1994
TOTALS           33.7              25.2     8.5     17.2
SINCE 7/1        89.6              60.3    29.3     72.1
SNOWDEPTH AVG.     12                13      -1       12
DAYS >= 1.0         7               6.4     0.6        5
GREATEST
 SNOW DEPTH        21   01/31                         18  01/02
                                                          01/01
 24 HR TOTAL      7.2   MM                       01/27 TO 01/27
                                                          01/27 TO 01/27
                                                          01/27 TO 01/27

DEGREE_DAYS
HEATING TOTAL    1741              1700      41     1632
 SINCE 7/1       5008              5294    -286     5197
COOLING TOTAL       0                 0       0        0
 SINCE 1/1          0                 0       0        0
........................................................

WIND (MPH)
AVERAGE WIND SPEED              8.4
HIGHEST WIND SPEED/DIRECTION    30/330    DATE  01/16
HIGHEST GUST SPEED/DIRECTION    45/250    DATE  01/05

SKY COVER
POSSIBLE SUNSHINE (PERCENT)   MM
AVERAGE SKY COVER           0.50
NUMBER OF DAYS FAIR           11
NUMBER OF DAYS PC             11
NUMBER OF DAYS CLOUDY          9

AVERAGE RH (PERCENT)     70

WEATHER CONDITIONS. NUMBER OF DAYS WITH
THUNDERSTORM              0     MIXED PRECIP               0
HEAVY RAIN                0     RAIN                       1
LIGHT RAIN                2     FREEZING RAIN              1
LT FREEZING RAIN          2     HAIL                       0
HEAVY SNOW                4     SNOW                       6
LIGHT SNOW               19     SLEET                      1
FOG                      17     FOG W/VIS <= 1/4 MILE      3
HAZE                     15

-  INDICATES NEGATIVE NUMBERS.
R  INDICATES RECORD WAS SET OR TIED.
MM INDICATES DATA IS MISSING.
T  INDICATES TRACE AMOUNT.

$$
