000
CXUS51 KCAR 100631
CLMCAR


CLIMATE REPORT
NATIONAL WEATHER SERVICE CARIBOU, ME
231 AM EDT SAT JUN 10 2017

...................................

...THE CARIBOU ME CLIMATE SUMMARY FOR THE SEASON, FROM
3/1/2017 TO 5/31/2017...

CLIMATE NORMAL PERIOD 1981 TO 2010
CLIMATE RECORD PERIOD 1939 TO 2017

WEATHER         OBSERVED          NORMAL  DEPART  LAST YEAR`S
                 VALUE   DATE(S)  VALUE   FROM    VALUE  DATE(S)
                                          NORMAL
................................................................
TEMPERATURE (F)
RECORD
 HIGH              96   05/22/1977
 LOW              -28   03/02/2001
HIGHEST            90   05/18        MM      MM       82  05/25
LOWEST            -11   03/11        MM      MM       -8  03/04
AVG. MAXIMUM     46.9              48.1    -1.2     48.3
AVG. MINIMUM     29.2              28.4     0.8     27.5
MEAN             38.0              38.2    -0.2     37.9
DAYS MAX >= 90      1               0.1     0.9        0
DAYS MAX <= 32     17              12.8     4.2       16
DAYS MIN <= 32     44              52.0    -8.0       57
DAYS MIN <= 0       4               4.1    -0.1        4

PRECIPITATION (INCHES)
RECORD
 MAXIMUM        14.29   2005
 MINIMUM         4.11   1965
TOTALS          10.95              8.50    2.45    10.46
DAILY AVG.       0.12              0.09    0.03     0.11
DAYS >= .01        47              39.4     7.6       35
DAYS >= .10        28              21.8     6.2       25
DAYS >= .50         7               5.0     2.0       10
DAYS >= 1.00        1               0.8     0.2        0
GREATEST
 24 HR. TOTAL    1.03   MM                       05/31 TO 05/31
                                                          05/31 TO 05/31
                                                          05/31 TO 05/31

SNOWFALL (INCHES)
RECORDS
 TOTAL           65.1   1961
TOTALS           33.4              26.2     7.2     34.8
SINCE 7/1       130.0             108.7    21.3     94.8
SNOWDEPTH AVG.     11                MM      MM        4
DAYS >= 1.0        11               6.9     4.1       10
GREATEST
 SNOW DEPTH        29   03/29                         15  03/30
 24 HR TOTAL     11.7   MM                       05/31 TO 05/31
                                                          05/31 TO 05/31
                                                          05/31 TO 05/31

DEGREE_DAYS
HEATING TOTAL    2467              2468      -1     2475
 SINCE 7/1         MM              9189      MM       MM
COOLING TOTAL       6                 5       1        8
 SINCE 1/1          6                 5       1        8
..................................................

WIND (MPH)
AVERAGE WIND SPEED              8.2
HIGHEST WIND SPEED/DIRECTION    39/340    DATE  05/18
HIGHEST GUST SPEED/DIRECTION    59/030    DATE  03/14

SKY COVER
POSSIBLE SUNSHINE (PERCENT)   MM
AVERAGE SKY COVER           0.60
NUMBER OF DAYS FAIR           27
NUMBER OF DAYS PC             26
NUMBER OF DAYS CLOUDY         39

AVERAGE RH (PERCENT)     67

WEATHER CONDITIONS. NUMBER OF DAYS WITH
THUNDERSTORM              0     MIXED PRECIP               0
HEAVY RAIN                7     RAIN                      14
LIGHT RAIN               39     FREEZING RAIN              1
LT FREEZING RAIN          3     HAIL                       0
HEAVY SNOW                5     SNOW                      12
LIGHT SNOW               24     SLEET                      0
FOG                      47     FOG W/VIS <= 1/4 MILE     16
HAZE                     15

-  INDICATES NEGATIVE NUMBERS.
R  INDICATES RECORD WAS SET OR TIED.
MM INDICATES DATA IS MISSING.
T  INDICATES TRACE AMOUNT.

$$
