000
CXUS51 KCAR 031428
CLMCAR


CLIMATE REPORT
NATIONAL WEATHER SERVICE CARIBOU, ME
921 AM EST WED DEC 3 2014

...................................

...THE CARIBOU ME CLIMATE SUMMARY FOR THE MONTH OF NOVEMBER 2014...

CLIMATE NORMAL PERIOD 1981 TO 2010
CLIMATE RECORD PERIOD 1939 TO 2014

WEATHER         OBSERVED          NORMAL  DEPART  LAST YEAR`S
                 VALUE   DATE(S)  VALUE   FROM    VALUE  DATE(S)
                                          NORMAL
................................................................
TEMPERATURE (F)
RECORD
 HIGH              68   11/01/1956
 LOW               -8   11/30/1995
HIGHEST            56   11/25        MM      MM       63  11/01
                        11/24
LOWEST              3   11/29        MM      MM        6  11/30
AVG. MAXIMUM     36.4              38.3    -1.9     38.5
AVG. MINIMUM     22.8              24.7    -1.9     24.3
MEAN             29.6              31.5    -1.9     31.4
DAYS MAX >= 90      0               0.0     0.0        0
DAYS MAX <= 32     11               8.0     3.0        7
DAYS MIN <= 32     25              23.9     1.1       26
DAYS MIN <= 0       0               0.2    -0.2        0

PRECIPITATION (INCHES)
RECORD
 MAXIMUM         8.15   1983
 MINIMUM         0.45   1939
TOTALS           3.37                     -0.26
DAILY AVG.       0.11              0.12   -0.01     0.13
DAYS >= .01        17              14.3     2.7       13
DAYS >= .10         8               7.9     0.1        6
DAYS >= .50         2               2.4    -0.4        3
DAYS >= 1.00        0               0.6    -0.6        1
GREATEST
 24 HR. TOTAL    0.82   11/06 TO 11/07           11/27 TO 11/28
                                                          11/28 TO 11/28
                                                          11/28 TO 11/28

SNOWFALL (INCHES)
RECORDS
 TOTAL           34.9   1974
TOTALS           28.8              10.5    18.3      9.1
SINCE 7/1        28.8              12.2    16.6     10.1
SNOWDEPTH AVG.      3                MM      MM        1
DAYS >= 1.0         6               2.8     3.2        4
GREATEST
 SNOW DEPTH        11   11/04                          3  11/27
                        11/03                             11/12
                                                          11/11
 24 HR TOTAL     10.1   MM                       11/28 TO 11/28
                                                          11/28 TO 11/28
                                                          11/28 TO 11/28

DEGREE_DAYS
HEATING TOTAL    1057              1005      52     1000
 SINCE 7/1       1950              2145    -195     1956
COOLING TOTAL       0                 0       0        0
 SINCE 1/1        266               180      86      192
.........................................................

WIND (MPH)
AVERAGE WIND SPEED              8.9
HIGHEST WIND SPEED/DIRECTION    35/330    DATE  11/02
HIGHEST GUST SPEED/DIRECTION    45/320    DATE  11/02

SKY COVER
POSSIBLE SUNSHINE (PERCENT)   MM
AVERAGE SKY COVER           0.70
NUMBER OF DAYS FAIR            4
NUMBER OF DAYS PC             14
NUMBER OF DAYS CLOUDY         12

AVERAGE RH (PERCENT)     75

WEATHER CONDITIONS. NUMBER OF DAYS WITH
THUNDERSTORM              0     MIXED PRECIP               0
HEAVY RAIN                0     RAIN                       2
LIGHT RAIN                7     FREEZING RAIN              0
LT FREEZING RAIN          2     HAIL                       0
HEAVY SNOW                1     SNOW                       4
LIGHT SNOW               18     SLEET                      0
FOG                      18     FOG W/VIS <= 1/4 MILE      3
HAZE                      3

-  INDICATES NEGATIVE NUMBERS.
R  INDICATES RECORD WAS SET OR TIED.
MM INDICATES DATA IS MISSING.
T  INDICATES TRACE AMOUNT.

$$
