000
CXUS51 KCAR 032129
CLMCAR

CLIMATE REPORT
NATIONAL WEATHER SERVICE CARIBOU, ME
428 PM EST FRI FEB 3 2017

...................................

...THE CARIBOU ME CLIMATE SUMMARY FOR THE MONTH OF JANUARY 2017...

CLIMATE NORMAL PERIOD 1981 TO 2010
CLIMATE RECORD PERIOD 1939 TO 2017

WEATHER         OBSERVED          NORMAL  DEPART  LAST YEAR`S
                 VALUE   DATE(S)  VALUE   FROM    VALUE  DATE(S)
                                          NORMAL
................................................................
TEMPERATURE (F)
RECORD
 HIGH              53   01/31/2013
                        01/15/1995
                        22/12/2298
 LOW              -37   01/16/2009
HIGHEST            45   01/11        MM      MM       44  01/11
                                                          01/10
LOWEST            -16   01/07        MM      MM       -9  01/05
AVG. MAXIMUM     26.4              19.5     6.9     26.0
AVG. MINIMUM      9.6               0.8     8.8      9.5
MEAN             18.0              10.2     7.8     17.7
DAYS MAX >= 90      0               0.0     0.0        0
DAYS MAX <= 32     23              25.9    -2.9       24
DAYS MIN <= 32     30              30.6    -0.6       31
DAYS MIN <= 0       9              15.7    -6.7        5

PRECIPITATION (INCHES)
RECORD
 MAXIMUM         5.60   1995
 MINIMUM         0.12   1944
TOTALS           3.45                      0.74
DAILY AVG.       0.11              0.09    0.02     0.05
DAYS >= .01        13              14.5    -1.5       12
DAYS >= .10         7               6.4     0.6        4
DAYS >= .50         3               1.7     1.3        1
DAYS >= 1.00        1               0.3     0.7        0
GREATEST
 24 HR. TOTAL    1.61   01/24 TO 01/25           01/10 TO 01/11
                                                          01/11 TO 01/11
                                                          01/11 TO 01/11

SNOWFALL (INCHES)
RECORDS
 TOTAL           44.5   1994
TOTALS           19.4              25.2    -5.8     11.2
SINCE 7/1        80.8              60.3    20.5     43.1
SNOWDEPTH AVG.     25                13      12        9
DAYS >= 1.0         7               6.4     0.6        2
GREATEST
 SNOW DEPTH        30   01/05                         12  01/15
                                                          01/14
                                                          01/04
 24 HR TOTAL      6.5   01/04 TO 01/04           01/11 TO 01/11
                                                          01/11 TO 01/11
                                                          01/11 TO 01/11

DEGREE_DAYS
HEATING TOTAL    1448              1700    -252     1457
 SINCE 7/1       4628              5294    -666     4397
COOLING TOTAL       0                 0       0        0
 SINCE 1/1          0                 0       0        0
..................................................

WIND (MPH)
AVERAGE WIND SPEED              7.4
HIGHEST WIND SPEED/DIRECTION    33/240    DATE  01/11
HIGHEST GUST SPEED/DIRECTION    45/160    DATE  01/11

SKY COVER
POSSIBLE SUNSHINE (PERCENT)   MM
AVERAGE SKY COVER           0.60
NUMBER OF DAYS FAIR            7
NUMBER OF DAYS PC             15
NUMBER OF DAYS CLOUDY          9

AVERAGE RH (PERCENT)     73

WEATHER CONDITIONS. NUMBER OF DAYS WITH
THUNDERSTORM              0     MIXED PRECIP               0
HEAVY RAIN                1     RAIN                       3
LIGHT RAIN                4     FREEZING RAIN              2
LT FREEZING RAIN          1     HAIL                       0
HEAVY SNOW                1     SNOW                       5
LIGHT SNOW               20     SLEET                      0
FOG                      17     FOG W/VIS <= 1/4 MILE      2
HAZE                     10

-  INDICATES NEGATIVE NUMBERS.
R  INDICATES RECORD WAS SET OR TIED.
MM INDICATES DATA IS MISSING.
T  INDICATES TRACE AMOUNT.

&&

...MONTHLY CLIMATE NARRATIVE FOR NORTHERN AND EASTERN MAINE...

JANUARY 2017 FINISHED MUCH WARMER THAN AVERAGE WITH MOSTLY ABOVE
AVERAGE PRECIPITATION AND BELOW AVERAGE SNOWFALL.

THE REGION AS A WHOLE AVERAGED 6.5 TO 8.0 DEGREES ABOVE AVERAGE WITH
MILD OVERNIGHT LOWS BEING THE LARGEST CONTRIBUTOR TO THE DEPARTURES.
BANGOR...CARIBOU AND HOULTON HAD THEIR 4TH...5TH AND 8TH WARMEST
JANUARIES...RESPECTFULLY...OF RECORD.

PRECIPITATION WAS GENERALLY 100 TO 130 PERCENT OF AVERAGE WITH THE
LARGEST CONTRIBUTION FROM THE EVENT OF THE 24TH AND 25TH. SNOWFALL
FINISHED BELOW AVERAGE RANGING FROM 25 PERCENT OF AVERAGE ALONG THE
DOWNEAST COAST UPWARDS TO 75 PERCENT OF AVERAGE ACROSS THE ST JOHN
VALLEY. AT BANGOR...THE MONTHLY TOTAL OF 6.0 INCHES FINISHED AS THE
5TH LEAST SNOWIEST JANUARY. THIS DISTRIBUTION OF SNOWFALL IS TYPICAL
OF LA-NINA WINTERS.

SUBSEQUENTLY...IT SHOULD BE NO SURPRISE THAT AVERAGE MONTHLY SNOW
DEPTH VARIED GREATLY FROM LITTLE OR NONE ALONG THE DOWNEAST COAST
UPWARDS TO 24 TO 30 INCHES ACROSS THE FAR NORTH WITH NORTHERN AREAS
ABLE TO BUILD UPON ABOVE AVERAGE SNOWFALL/SNOW DEPTH FROM DECEMBER.
AT CARIBOU...THE AVERAGE SNOW DEPTH OF 24.8 INCHES FOR JANUARY WAS
THE 7TH HIGHEST WHILE AT BANGOR...THE AVERAGE OF 3.1 INCHES WAS THE
15TH LOWEST.

THE CLIMATE PREDICTION CENTER OUTLOOK FOR FEBRUARY INDICATES THAT
THERE ARE NO STRONG CLIMATE SIGNALS THAT WOULD POINT TOWARD AN
UNUSUALLY COLD OR MILD FEBRUARY. THERE ARE ALSO NO STRONG CLIMATE
SIGNALS THAT WOULD FAVOR AN UNUSUALLY WET (SNOWY) OR DRY MONTH. ON
AVERAGE...SNOWFALL DURING THE MONTH OF FEBRUARY RANGES FROM AROUND 2
FEET ACROSS THE CROWN OF MAINE, WITH HIGHER AMOUNTS ACROSS THE
HIGHER TERRAIN, AND AROUND 1 FOOT ALONG THE DOWNEAST COAST.

AVERAGE TEMPERATURES BEGIN A SLOW UPWARD SWING DURING THE MONTH OF
FEBRUARY.  THE AVERAGE HIGHS RISE FROM AROUND 20 DEGREES AT THE
START OF THE MONTH ACROSS THE SAINT JOHN VALLEY TO UPPER 20S IN THE
GREATER BANGOR REGION.  BY THE END OF THE MONTH...AVERAGE HIGHS RISE
TO THE MID TO UPPER 20S IN THE SAINT JOHN VALLEY AND TO THE MID 30S
AT BANGOR.  AVERAGE LOWS DURING THE MONTH RISE FROM NEAR ZERO AT THE
START OF THE MONTH IN THE FAR NORTH TO 5 TO 10 ABOVE BY THE END OF
THE MONTH.  AT BANGOR...AVERAGE LOWS RISE FROM 7 DEGREES ON THE 1ST
TO 14 DEGREES BY THE END OF THE MONTH.  THERE IS A GAIN OF JUST OVER
AN HOUR OF AVAILABLE DAYLIGHT DURING THE MONTH OF FEBRUARY.

THE ALL-TIME LOWEST TEMPERATURE EVER OBSERVED AT CARIBOU OCCURRED ON
FEBRUARY 1, 1955...WITH A LOW OF 41 BELOW.  AT BANGOR...THE ALL-TIME
RECORD LOW OF 32 BELOW WAS OBSERVED ON FEBRUARY 10, 1948.


$$

VJN/CB
