557
CXUS51 KCAR 020000
CLMCAR


CLIMATE REPORT
NATIONAL WEATHER SERVICE CARIBOU, ME
759 PM EDT THU JUN 1 2017

...................................

...THE CARIBOU ME CLIMATE SUMMARY FOR THE MONTH OF MAY 2017...

CLIMATE NORMAL PERIOD 1981 TO 2010
CLIMATE RECORD PERIOD 1939 TO 2017

WEATHER         OBSERVED          NORMAL  DEPART  LAST YEAR`S
                 VALUE   DATE(S)  VALUE   FROM    VALUE  DATE(S)
                                          NORMAL
................................................................
TEMPERATURE (F)
RECORD
 HIGH              96   05/22/1977
 LOW               18   05/02/1974
HIGHEST            90   05/18        MM      MM       82  05/25
LOWEST             34   05/09        MM      MM       28  05/01
AVG. MAXIMUM     62.3              62.5    -0.2     64.9
AVG. MINIMUM     43.2              40.5     2.7     42.9
MEAN             52.7              51.5     1.2     53.9
DAYS MAX >= 90      1               0.1     0.9        0
DAYS MAX <= 32      0               0.0     0.0        0
DAYS MIN <= 32      0               3.5    -3.5        3
DAYS MIN <= 0       0               0.0     0.0        0

PRECIPITATION (INCHES)
RECORD
 MAXIMUM         6.27   1947
 MINIMUM         0.47   1982
TOTALS           4.37                      1.04
DAILY AVG.       0.14              0.11    0.03     0.10
DAYS >= .01        19              14.0     5.0       14
DAYS >= .10         9               8.4     0.6        9
DAYS >= .50         3               2.1     0.9        2
DAYS >= 1.00        1               0.4     0.6        0
GREATEST
 24 HR. TOTAL    1.03   05/06 TO 05/06           05/15 TO 05/16
                                                          05/16 TO 05/16
                                                          05/16 TO 05/16

SNOWFALL (INCHES)
RECORDS
 TOTAL           10.9   1967
TOTALS              T               0.5    -0.5      4.8
SINCE 7/1       129.6             108.7    20.9     94.8
SNOWDEPTH AVG.      0                MM      MM        0
DAYS >= 1.0         0               0.1    -0.1        1
GREATEST
 SNOW DEPTH         0   MM                             1  05/16
 24 HR TOTAL        T   05/10 TO 05/10           05/16 TO 05/16
                                                          05/16 TO 05/16
                                                          05/16 TO 05/16

DEGREE_DAYS
HEATING TOTAL     380               423     -43      345
 SINCE 7/1       8448              9189    -741     8217
COOLING TOTAL       6                 5       1        8
 SINCE 1/1          6                 5       1        8
.......................................................

WIND (MPH)
AVERAGE WIND SPEED              8.5
HIGHEST WIND SPEED/DIRECTION    39/340    DATE  05/18
HIGHEST GUST SPEED/DIRECTION    55/340    DATE  05/18

SKY COVER
POSSIBLE SUNSHINE (PERCENT)   MM
AVERAGE SKY COVER           0.60
NUMBER OF DAYS FAIR            9
NUMBER OF DAYS PC              8
NUMBER OF DAYS CLOUDY         14

AVERAGE RH (PERCENT)     67

WEATHER CONDITIONS. NUMBER OF DAYS WITH
THUNDERSTORM              0     MIXED PRECIP               0
HEAVY RAIN                5     RAIN                       7
LIGHT RAIN               19     FREEZING RAIN              0
LT FREEZING RAIN          0     HAIL                       0
HEAVY SNOW                0     SNOW                       0
LIGHT SNOW                1     SLEET                      0
FOG                      16     FOG W/VIS <= 1/4 MILE      0
HAZE                      1

-  INDICATES NEGATIVE NUMBERS.
R  INDICATES RECORD WAS SET OR TIED.
MM INDICATES DATA IS MISSING.
T  INDICATES TRACE AMOUNT.

$$
