000
CXUS51 KCAR 011208
CLMCAR

CLIMATE REPORT
NATIONAL WEATHER SERVICE CARIBOU, ME
806 AM EDT SUN JUN 1 2014

...................................

...THE CARIBOU ME CLIMATE SUMMARY FOR THE MONTH OF MAY 2014...

CLIMATE NORMAL PERIOD 1981 TO 2010
CLIMATE RECORD PERIOD 1939 TO 2014

WEATHER         OBSERVED          NORMAL  DEPART  LAST YEAR`S
                 VALUE   DATE(S)  VALUE   FROM    VALUE  DATE(S)
                                          NORMAL
................................................................
TEMPERATURE (F)
RECORD
 HIGH              96   05/22/1977
 LOW               18   05/02/1974
HIGHEST            78   05/16        MM      MM       87  05/31
LOWEST             29   05/09        MM      MM       30  05/14
AVG. MAXIMUM     61.8              62.5    -0.7     64.8
AVG. MINIMUM     42.7              40.5     2.2     42.7
MEAN             52.3              51.5     0.8     53.8
DAYS MAX >= 90      0               0.1    -0.1        0
DAYS MAX <= 32      0               0.0     0.0        0
DAYS MIN <= 32      2               3.5    -1.5        2
DAYS MIN <= 0       0               0.0     0.0        0

PRECIPITATION (INCHES)
RECORD
 MAXIMUM         6.27   1947
 MINIMUM         0.47   1982
TOTALS           3.17                     -0.16
DAILY AVG.       0.10              0.11   -0.01     0.18
DAYS >= .01        18              14.0     4.0       15
DAYS >= .10         9               8.4     0.6       10
DAYS >= .50         1               2.1    -1.1        5
DAYS >= 1.00        0               0.4    -0.4        1
GREATEST
 24 HR. TOTAL    0.95   05/18 TO 05/19           05/25 TO 05/26
                                                          05/31 TO 05/31
                                                          05/31 TO 05/31

SNOWFALL (INCHES)
RECORDS
 TOTAL           10.9   1967
TOTALS            0.0               0.5    -0.5      0.0
SINCE 7/1       150.7             108.7    42.0    106.9
SNOWDEPTH AVG.      0                MM      MM        0
DAYS >= 1.0         0               0.1    -0.1        0
GREATEST
 SNOW DEPTH         0   MM                             0  MM
 24 HR TOTAL      0.0   05/31 TO 05/31           05/31 TO 05/31
                                                          05/31 TO 05/31
                                                          05/31 TO 05/31

DEGREE_DAYS
HEATING TOTAL     390               423     -33      349
 SINCE 7/1       9412              9189     223     8363
COOLING TOTAL       3                 5      -2        8
 SINCE 1/1          3                 5      -2        8
..................................................

WIND (MPH)
AVERAGE WIND SPEED              7.6
HIGHEST WIND SPEED/DIRECTION    29/160    DATE  05/17
HIGHEST GUST SPEED/DIRECTION    40/160    DATE  05/17

SKY COVER
POSSIBLE SUNSHINE (PERCENT)   MM
AVERAGE SKY COVER           0.60
NUMBER OF DAYS FAIR            9
NUMBER OF DAYS PC              7
NUMBER OF DAYS CLOUDY         15

AVERAGE RH (PERCENT)     71

WEATHER CONDITIONS. NUMBER OF DAYS WITH
THUNDERSTORM              0     MIXED PRECIP               0
HEAVY RAIN                3     RAIN                       9
LIGHT RAIN               20     FREEZING RAIN              0
LT FREEZING RAIN          0     HAIL                       0
HEAVY SNOW                0     SNOW                       0
LIGHT SNOW                0     SLEET                      0
FOG                      18     FOG W/VIS <= 1/4 MILE      4
HAZE                      3

-  INDICATES NEGATIVE NUMBERS.
R  INDICATES RECORD WAS SET OR TIED.
MM INDICATES DATA IS MISSING.
T  INDICATES TRACE AMOUNT.

--------------------------------------------------------------------------------------
...NORTHERN AND EASTERN MAINE MONTHLY CLIMATE NARRATIVE...

MAY 2014 WENT DOWN IN THE RECORD BOOKS WITH NEAR AVERAGE
TEMPERATURES AND PRECIPITATION ACROSS NORTHERN AND EASTERN MAINE.

TEMPERATURES ACROSS NORTHERN AND EASTERN MAINE THIS PAST MAY WERE
GENERALLY WITHIN ONE DEGREE OF THE 30-YEAR AVERAGE TEMPERATURE.
THE AVERAGE TEMPERATURE AT CARIBOU WAS 52.3 DEGREES WHICH WAS JUST 8
TENTHS OF A DEGREE ABOVE NORMAL.  THE HIGH TEMPERATURE THIS PAST MAY
WAS 78 DEGREES ON THE 16TH...AND THE LOW TEMPERATURE OF 29 DEGREES
WAS OBSERVED ON THE 9TH.  AT BANGOR...THE AVERAGE TEMPERATURE OF
54.5 DEGREES WAS ALSO 8 TENTHS OF A DEGREE ABOVE NORMAL.
TEMPERATURES AT BANGOR THIS PAST MAY RANGED FROM A HIGH OF 79 ON THE
12TH TO A LOW OF 32 ON THE 9TH.

FROST AND EVEN FREEZING TEMPERATURES WERE COMMON ACROSS NORTHERN AND
EASTERN MAINE ON THE MORNING OF THE 29TH WITH LOWS IN THE UPPER 20S
AND LOWER 30S...EVEN ALL THE WAY DOWN TO COASTAL WASHINGTON AND
COASTAL HANCOCK COUNTIES.

AT CARIBOU THERE WERE 5 DAYS THIS PAST MAY WITH A HIGH TEMPERATURE
OF 70 DEGREES OR WARMER...WHICH COMPARES TO AN AVERAGE OF 8 DAYS.
AT BANGOR THERE WERE A TOTAL OF 7 DAYS WITH A HIGH TEMPERATURE OF 70
OR WARMER...WHICH COMPARES TO AN AVERAGE OF 10.

PRECIPITATION WAS SPREAD OUT FAIRLY EVENLY THROUGHOUT THE MONTH...
ALTHOUGH THERE WERE SEVERAL CONSECUTIVE DAYS WITH RAIN FROM THE 17TH
THROUGH THE 20TH AT MOST LOCATIONS ACROSS NORTHERN MAINE.
PRECIPITATION IN MOST AREAS WAS NEAR NORMAL AND ACROSS THE REGION
RANGED FROM 75 TO 125 PERCENT OF NORMAL. A TOTAL OF 3.17 INCHES OF
RAIN WAS OBSERVED AT CARIBOU...WHICH WAS 16 HUNDREDTHS OF AN INCH
(0.16") BELOW NORMAL.  AT BANGOR 3.31 INCHES OF RAIN FELL...WHICH
WAS 33 HUNDREDTHS (0.33") OF AN INCH BELOW NORMAL.  IT WAS THE
DRIEST MAY AT BOTH CARIBOU AND BANGOR SINCE 2010.

THE AVERAGE WIND SPEED THIS PAST MAY AT CARIBOU WAS 7.6 MPH AND THE
PEAK WIND GUSTS FOR THE MONTH WAS 40 MPH ON THE 17TH.  AT
BANGOR...THE AVERAGE WIND SPEED WAS 7.4 MPH AND THE PEAK WIND SPEED
FOR THE MONTH WAS 36 MPH ON THE 6TH. THE AVERAGE WIND SPEED WAS A
BIT BELOW AVERAGE AT BOTH LOCATIONS.

THUNDER WAS OBSERVED ON ONE DAY AT CARIBOU.  NO THUNDER WAS OBSERVED
DURING THE MONTH OF MAY AT THE BANGOR INTERNATIONAL AIRPORT.  ON
AVERAGE...A THUNDERSTORM IS OBSERVED ON TWO DAYS DURING THE MONTH OF
MAY AT CARIBOU AND ABOUT ONCE EVERY TWO YEARS AT BANGOR.

IN JUNE...THE AVERAGE HIGH AT CARIBOU (BANGOR) CLIMBS FROM 68 (70)
DEGREES ON THE 1ST TO 75 (78) BY MONTHS END.  THE AVERAGE LOW
TEMPERATURE IS 45 (48) DEGREES ON THE 1ST AND WARMS TO 54 (56) BY
THE END OF THE MONTH.  THE AMOUNT OF AVAILABLE DAYLIGHT CONTINUES TO
INCREASE UNTIL THE SUMMER SOLSTICE...WHICH THIS YEAR OCCURS AT 651
AM ON THE 21ST.  ON THE 21ST THERE IS 15 HOURS AND 52 MINUTES WHILE
THE SUN IS ABOVE THE HORIZON AND 17 HOURS AND 12 MINUTES OF USABLE
DAYLIGHT (CIVIL TWILIGHT).

THE OUTLOOK FROM THE CLIMATE PREDICATION CENTER FOR JUNE INDICATES
THAT THERE ARE NO STRONG CLIMATE SIGNALS THAT WOULD TILT THE ODDS
TOWARDS AN UNUSUALLY WET OR DRY JUNE...OR AN UNUSUALLY HOT AND COOL
MONTH.

$$

CB/VJN
