000
CDUS43 KDTX 130543
CLIDTW


CLIMATE REPORT
NATIONAL WEATHER SERVICE DETROIT/PONTIAC MI
143 AM EDT MON OCT 13 2014


...................................

...THE DETROIT MI CLIMATE SUMMARY FOR OCTOBER 12 2014...

CLIMATE NORMAL PERIOD 1981 TO 2010
CLIMATE RECORD PERIOD 1874 TO 2014


WEATHER ITEM   OBSERVED TIME   RECORD YEAR NORMAL DEPARTURE LAST
                VALUE   (LST)  VALUE       VALUE  FROM      YEAR
                                                  NORMAL
..................................................................
TEMPERATURE (F)
 YESTERDAY
  MAXIMUM         60    339 PM  84    1995  63     -3       75
                                      1879
  MINIMUM         35    544 AM  26    1875  44     -9       51
  AVERAGE         48                        54     -6       63

PRECIPITATION (IN)
  YESTERDAY        0.00          1.25 1901   0.08  -0.08     0.00
  MONTH TO DATE    0.66                      1.01  -0.35     0.95
  SINCE SEP 1      5.37                      4.28   1.09     2.15
  SINCE JAN 1     32.79                     26.71   6.08    33.13

SNOWFALL (IN)
  YESTERDAY        0.0           0.2  2006   0.0    0.0      0.0
  MONTH TO DATE    0.0                       0.0    0.0      0.0
  SINCE SEP 1      0.0                       0.0    0.0      0.0
  SINCE JUL 1      0.0                       0.0    0.0      0.0
  SNOW DEPTH       0

DEGREE DAYS
 HEATING
  YESTERDAY       17                        12      5        2
  MONTH TO DATE  146                       118     28       47
  SINCE SEP 1    254                       222     32      145
  SINCE JUL 1    267                       232     35      157

 COOLING
  YESTERDAY        0                         0      0        0
  MONTH TO DATE    0                         7     -7       20
  SINCE SEP 1     72                        91    -19       98
  SINCE JAN 1    704                       802    -98      891
..................................................................


WIND (MPH)
  HIGHEST WIND SPEED    16   HIGHEST WIND DIRECTION    SE (120)
  HIGHEST GUST SPEED    21   HIGHEST GUST DIRECTION    SE (120)
  AVERAGE WIND SPEED     5.1


SKY COVER
  POSSIBLE SUNSHINE  MM
  AVERAGE SKY COVER 0.4


WEATHER CONDITIONS
 THE FOLLOWING WEATHER WAS RECORDED YESTERDAY.
  FOG
  HAZE


RELATIVE HUMIDITY (PERCENT)
 HIGHEST    89           600 AM
 LOWEST     40           400 PM
 AVERAGE    65

..........................................................


THE DETROIT MI CLIMATE NORMALS FOR TODAY
                         NORMAL    RECORD    YEAR
 MAXIMUM TEMPERATURE (F)   63        83      1975
 MINIMUM TEMPERATURE (F)   44        26      1977


SUNRISE AND SUNSET
OCTOBER 13 2014.......SUNRISE   744 AM EDT   SUNSET   655 PM EDT
OCTOBER 14 2014.......SUNRISE   745 AM EDT   SUNSET   653 PM EDT


-  INDICATES NEGATIVE NUMBERS.
R  INDICATES RECORD WAS SET OR TIED.
MM INDICATES DATA IS MISSING.
T  INDICATES TRACE AMOUNT.




$$
