000
CDUS43 KDTX 200536
CLIDTW


CLIMATE REPORT
NATIONAL WEATHER SERVICE DETROIT/PONTIAC MI
136 AM EDT FRI MAR 20 2015


...................................

...THE DETROIT MI CLIMATE SUMMARY FOR MARCH 19 2015...

CLIMATE NORMAL PERIOD 1981 TO 2010
CLIMATE RECORD PERIOD 1874 TO 2015


WEATHER ITEM   OBSERVED TIME   RECORD YEAR NORMAL DEPARTURE LAST
                VALUE   (LST)  VALUE       VALUE  FROM      YEAR
                                                  NORMAL
..................................................................
TEMPERATURE (F)
 YESTERDAY
  MAXIMUM         41    224 PM  76    1921  47     -6       51
  MINIMUM         27    708 AM   4    1885  30     -3       35
  AVERAGE         34                        38     -4       43

PRECIPITATION (IN)
  YESTERDAY        0.00          0.93 1881   0.07  -0.07     0.09
  MONTH TO DATE    0.32                      1.34  -1.02     1.34
  SINCE MAR 1      0.32                      1.34  -1.02     1.34
  SINCE JAN 1      3.12                      5.32  -2.20     7.08

SNOWFALL (IN)
  YESTERDAY        0.0           7.5  1883   0.2   -0.2      0.0
  MONTH TO DATE    2.8                       5.0   -2.2     11.5
  SINCE MAR 1      2.8                       5.0   -2.2     11.5
  SINCE JUL 1     47.5                      38.9    8.6     90.7
  SNOW DEPTH       0

DEGREE DAYS
 HEATING
  YESTERDAY       31                        27      4       22
  MONTH TO DATE  587                       573     14      742
  SINCE MAR 1    587                       573     14      742
  SINCE JUL 1   5698                      5126    572     5992

 COOLING
  YESTERDAY        0                         0      0        0
  MONTH TO DATE    0                         0      0        0
  SINCE MAR 1      0                         0      0        0
  SINCE JAN 1      0                         0      0        0
..................................................................


WIND (MPH)
  HIGHEST WIND SPEED    12   HIGHEST WIND DIRECTION     E (80)
  HIGHEST GUST SPEED    16   HIGHEST GUST DIRECTION     E (80)
  AVERAGE WIND SPEED     5.8


SKY COVER
  POSSIBLE SUNSHINE  MM
  AVERAGE SKY COVER 1.0


WEATHER CONDITIONS
 THE FOLLOWING WEATHER WAS RECORDED YESTERDAY.
  NO SIGNIFICANT WEATHER WAS OBSERVED.


RELATIVE HUMIDITY (PERCENT)
 HIGHEST    75           700 AM
 LOWEST     34           500 PM
 AVERAGE    55

..........................................................


THE DETROIT MI CLIMATE NORMALS FOR TODAY
                         NORMAL    RECORD    YEAR
 MAXIMUM TEMPERATURE (F)   48        82      2012
 MINIMUM TEMPERATURE (F)   30        -2      1885


SUNRISE AND SUNSET
MARCH 20 2015.........SUNRISE   737 AM EDT   SUNSET   745 PM EDT
MARCH 21 2015.........SUNRISE   735 AM EDT   SUNSET   746 PM EDT


-  INDICATES NEGATIVE NUMBERS.
R  INDICATES RECORD WAS SET OR TIED.
MM INDICATES DATA IS MISSING.
T  INDICATES TRACE AMOUNT.




$$
