000
CDUS43 KDTX 140536
CLIDTW


CLIMATE REPORT
NATIONAL WEATHER SERVICE DETROIT/PONTIAC MI
136 AM EDT FRI JUL 14 2017


...................................

...THE DETROIT MI CLIMATE SUMMARY FOR JULY 13 2017...

CLIMATE NORMAL PERIOD 1981 TO 2010
CLIMATE RECORD PERIOD 1874 TO 2017


WEATHER ITEM   OBSERVED TIME   RECORD YEAR NORMAL DEPARTURE LAST
                VALUE   (LST)  VALUE       VALUE  FROM      YEAR
                                                  NORMAL
..................................................................
TEMPERATURE (F)
 YESTERDAY
  MAXIMUM         83    632 PM 102    1936  84     -1       91
  MINIMUM         72   1159 PM  48    1976  64      8       71
  AVERAGE         78                        74      4       81

PRECIPITATION (IN)
  YESTERDAY        0.16          1.48 1914   0.10   0.06     0.03
  MONTH TO DATE    2.36                      1.33   1.03     1.32
  SINCE JUN 1      4.38                      4.85  -0.47     2.62
  SINCE JAN 1     21.31                     17.39   3.92    15.35

SNOWFALL (IN)
  YESTERDAY        0.0           0.0    MM   0.0    0.0      0.0
  MONTH TO DATE    0.0                       0.0    0.0      0.0
  SINCE JUN 1      0.0                       0.0    0.0      0.0
  SINCE JUL 1      0.0                       0.0    0.0      0.0
  SNOW DEPTH       0

DEGREE DAYS
 HEATING
  YESTERDAY        0                         0      0        0
  MONTH TO DATE    0                         0      0        0
  SINCE JUN 1     11                        35    -24       14
  SINCE JUL 1      0                         0      0        0

 COOLING
  YESTERDAY       13                         9      4       16
  MONTH TO DATE  121                       114      7      130
  SINCE JUN 1    323                       281     42      333
  SINCE JAN 1    369                       329     40      411
..................................................................


WIND (MPH)
  HIGHEST WIND SPEED    17   HIGHEST WIND DIRECTION    SW (240)
  HIGHEST GUST SPEED    21   HIGHEST GUST DIRECTION     W (250)
  AVERAGE WIND SPEED     9.7


SKY COVER
  POSSIBLE SUNSHINE  MM
  AVERAGE SKY COVER 0.8


WEATHER CONDITIONS
 THE FOLLOWING WEATHER WAS RECORDED YESTERDAY.
  THUNDERSTORM
  RAIN
  LIGHT RAIN
  FOG


RELATIVE HUMIDITY (PERCENT)
 HIGHEST   100           500 AM
 LOWEST     65           700 PM
 AVERAGE    83

..........................................................


THE DETROIT MI CLIMATE NORMALS FOR TODAY
                         NORMAL    RECORD    YEAR
 MAXIMUM TEMPERATURE (F)   84       104      1936
 MINIMUM TEMPERATURE (F)   64        46      1967


SUNRISE AND SUNSET
JULY 14 2017..........SUNRISE   610 AM EDT   SUNSET   908 PM EDT
JULY 15 2017..........SUNRISE   611 AM EDT   SUNSET   908 PM EDT


-  INDICATES NEGATIVE NUMBERS.
R  INDICATES RECORD WAS SET OR TIED.
MM INDICATES DATA IS MISSING.
T  INDICATES TRACE AMOUNT.




$$
