000
CDUS43 KDTX 180540
CLIDTW


CLIMATE REPORT
NATIONAL WEATHER SERVICE DETROIT/PONTIAC MI
140 AM EDT MON APR 18 2016


...................................

...THE DETROIT MI CLIMATE SUMMARY FOR APRIL 17 2016...

CLIMATE NORMAL PERIOD 1981 TO 2010
CLIMATE RECORD PERIOD 1874 TO 2016


WEATHER ITEM   OBSERVED TIME   RECORD YEAR NORMAL DEPARTURE LAST
                VALUE   (LST)  VALUE       VALUE  FROM      YEAR
                                                  NORMAL
..................................................................
TEMPERATURE (F)
 YESTERDAY
  MAXIMUM         78    241 PM  85    1976  60     18       75
  MINIMUM         44    420 AM  10    1875  40      4       50
  AVERAGE         61                        50     11       63

PRECIPITATION (IN)
  YESTERDAY        0.00          1.56 1930   0.10  -0.10     0.00
  MONTH TO DATE    0.84                      1.63  -0.79     1.66
  SINCE MAR 1      5.70                      3.91   1.79     2.46
  SINCE JAN 1      9.06                      7.89   1.17     5.26

SNOWFALL (IN)
  YESTERDAY        0.0           4.5  1921   0.0    0.0      0.0
  MONTH TO DATE    1.3                       1.4   -0.1      0.0
  SINCE MAR 1      8.7                       8.3    0.4      2.8
  SINCE JUL 1     35.3                      42.2   -6.9     47.5
  SNOW DEPTH       0

DEGREE DAYS
 HEATING
  YESTERDAY        4                        15    -11        2
  MONTH TO DATE  393                       311     82      239
  SINCE MAR 1   1063                      1173   -110     1176
  SINCE JUL 1   4828                      5726   -898     6287

 COOLING
  YESTERDAY        0                         0      0        0
  MONTH TO DATE    0                         0      0        0
  SINCE MAR 1      0                         0      0        0
  SINCE JAN 1      0                         0      0        0
..................................................................


WIND (MPH)
  HIGHEST WIND SPEED    13   HIGHEST WIND DIRECTION    SE (130)
  HIGHEST GUST SPEED    20   HIGHEST GUST DIRECTION     S (160)
  AVERAGE WIND SPEED     3.9


SKY COVER
  POSSIBLE SUNSHINE  MM
  AVERAGE SKY COVER 0.1


WEATHER CONDITIONS
 THE FOLLOWING WEATHER WAS RECORDED YESTERDAY.
  HAZE


RELATIVE HUMIDITY (PERCENT)
 HIGHEST    70           500 AM
 LOWEST     23           100 PM
 AVERAGE    47

..........................................................


THE DETROIT MI CLIMATE NORMALS FOR TODAY
                         NORMAL    RECORD    YEAR
 MAXIMUM TEMPERATURE (F)   60        86      2004
 MINIMUM TEMPERATURE (F)   40         8      1875


SUNRISE AND SUNSET
APRIL 18 2016.........SUNRISE   647 AM EDT   SUNSET   819 PM EDT
APRIL 19 2016.........SUNRISE   646 AM EDT   SUNSET   820 PM EDT


-  INDICATES NEGATIVE NUMBERS.
R  INDICATES RECORD WAS SET OR TIED.
MM INDICATES DATA IS MISSING.
T  INDICATES TRACE AMOUNT.




$$
