106
CDUS43 KDTX 062134
CLIDTW


CLIMATE REPORT
NATIONAL WEATHER SERVICE DETROIT/PONTIAC MI
434 PM EST SAT FEB 6 2016


...................................

...THE DETROIT MI CLIMATE SUMMARY FOR FEBRUARY 6 2016...
VALID TODAY AS OF 0400 PM LOCAL TIME.

CLIMATE NORMAL PERIOD 1981 TO 2010
CLIMATE RECORD PERIOD 1874 TO 2016


WEATHER ITEM   OBSERVED TIME   RECORD YEAR NORMAL DEPARTURE LAST
                VALUE   (LST)  VALUE       VALUE  FROM      YEAR
                                                  NORMAL
..................................................................
TEMPERATURE (F)
 TODAY
  MAXIMUM         39    354 PM  58    1938  33      6       29
  MINIMUM         25    730 AM  -7    1895  20      5        7
                                      1889
  AVERAGE         32                        26      6       18

PRECIPITATION (IN)
  TODAY            0.00          1.23 1911   0.07  -0.07     0.00
  MONTH TO DATE    0.49                      0.39   0.10     1.03
  SINCE DEC 1      4.84                      4.81   0.03     3.89
  SINCE JAN 1      1.83                      2.35  -0.52     2.48

SNOWFALL (IN)
  TODAY            0.0          12.3  1911   0.4   -0.4      0.0
  MONTH TO DATE    0.4                       2.2   -1.8     19.0
  SINCE DEC 1     10.1                      24.3  -14.2     33.3
  SINCE JUL 1     16.3                      25.9   -9.6     37.3
  SNOW DEPTH       0

DEGREE DAYS
 HEATING
  TODAY           33                        39     -6       47
  MONTH TO DATE  177                       234    -57      286
  SINCE DEC 1   2048                      2539   -491     2602
  SINCE JUL 1   2968                      3754   -786     3979

 COOLING
  TODAY            0                         0      0        0
  MONTH TO DATE    0                         0      0        0
  SINCE DEC 1      0                         0      0        0
  SINCE JAN 1      0                         0      0        0
..................................................................


WIND (MPH)
  HIGHEST WIND SPEED    20   HIGHEST WIND DIRECTION    SW (220)
  HIGHEST GUST SPEED    25   HIGHEST GUST DIRECTION    SW (220)
  AVERAGE WIND SPEED    10.0


SKY COVER
  POSSIBLE SUNSHINE  MM
  AVERAGE SKY COVER 0.5


WEATHER CONDITIONS
 THE FOLLOWING WEATHER WAS RECORDED TODAY.
  NO SIGNIFICANT WEATHER WAS OBSERVED.


RELATIVE HUMIDITY (PERCENT)
 HIGHEST    81           600 AM
 LOWEST     44          1200 PM
 AVERAGE    63

..........................................................


THE DETROIT MI CLIMATE NORMALS FOR TOMORROW
                         NORMAL    RECORD    YEAR
 MAXIMUM TEMPERATURE (F)   33        53      1882
 MINIMUM TEMPERATURE (F)   20       -10      1875


SUNRISE AND SUNSET
FEBRUARY  6 2016......SUNRISE   742 AM EST   SUNSET   554 PM EST
FEBRUARY  7 2016......SUNRISE   740 AM EST   SUNSET   555 PM EST


-  INDICATES NEGATIVE NUMBERS.
R  INDICATES RECORD WAS SET OR TIED.
MM INDICATES DATA IS MISSING.
T  INDICATES TRACE AMOUNT.




$$
