000
CXUS53 KMPX 011044
CLMEAU


CLIMATE REPORT
NATIONAL WEATHER SERVICE CHANHASSEN MN
544 AM CDT SAT AUG 1 2015

...................................

...THE EAU CLAIRE WI CLIMATE SUMMARY FOR THE MONTH OF JULY 2015...

CLIMATE NORMAL PERIOD 1981 TO 2010
CLIMATE RECORD PERIOD 1893 TO 2015

WEATHER         OBSERVED          NORMAL  DEPART  LAST YEAR`S
                 VALUE   DATE(S)  VALUE   FROM    VALUE  DATE(S)
                                          NORMAL
................................................................
TEMPERATURE (F)
RECORD
 HIGH             111   07/14/1936
                        07/13/1936
 LOW               41   07/09/1895
HIGHEST            88   07/12        95      -7       90  07/21
LOWEST             45   07/01        55     -10       45  07/16
AVG. MAXIMUM     81.4              82.9    -1.5     79.4
AVG. MINIMUM     58.8              60.2    -1.4     57.9
MEAN             70.1              71.6    -1.5     68.7
DAYS MAX >= 90      0               4.7    -4.7        1
DAYS MAX <= 32      0               0.0     0.0        0
DAYS MIN <= 32      0               0.0     0.0        0
DAYS MIN <= 0       0               0.0     0.0        0

PRECIPITATION (INCHES)
RECORD
 MAXIMUM         8.88   1900
 MINIMUM         0.12   1936
TOTALS           6.09              3.88    2.21     2.44
DAILY AVG.       0.20              0.13    0.07     0.08
DAYS >= .01         7              11.9    -4.9       11
DAYS >= .10         7               7.3    -0.3        6
DAYS >= .50         4               2.7     1.3        2
DAYS >= 1.00        2               0.8     1.2        0
GREATEST
 24 HR. TOTAL    2.08   07/06 TO 07/06

SNOWFALL (INCHES)
RECORDS
 TOTAL            0.0   MM
TOTALS            0.0               0.0     0.0      0.0
SINCE 7/1         0.0               0.0     0.0      0.0
SNOWDEPTH AVG.      0                MM      MM        0
DAYS >= 1.0         0               0.0     0.0        0
GREATEST
 SNOW DEPTH         0   MM                             0  MM
 24 HR TOTAL      0.0   07/31 TO 07/31

DEGREE_DAYS
HEATING TOTAL      16                11       5       18
 SINCE 7/1         16                11       5       18
COOLING TOTAL     180               214     -34      138
 SINCE 1/1        280               366     -86      307
.................................................................

WIND (MPH)
AVERAGE WIND SPEED              6.8
HIGHEST WIND SPEED/DIRECTION    30/270    DATE  07/29
HIGHEST GUST SPEED/DIRECTION    40/260    DATE  07/29

SKY COVER
POSSIBLE SUNSHINE (PERCENT)   MM
AVERAGE SKY COVER           0.20
NUMBER OF DAYS FAIR           23
NUMBER OF DAYS PC              7
NUMBER OF DAYS CLOUDY          1

AVERAGE RH (PERCENT)     71

WEATHER CONDITIONS. NUMBER OF DAYS WITH
THUNDERSTORM              0     MIXED PRECIP               0
HEAVY RAIN                5     RAIN                       5
LIGHT RAIN                6     FREEZING RAIN              0
LT FREEZING RAIN          0     HAIL                       0
HEAVY SNOW                0     SNOW                       0
LIGHT SNOW                0     SLEET                      0
FOG                      19     FOG W/VIS <= 1/4 MILE      4
HAZE                      3

-  INDICATES NEGATIVE NUMBERS.
R  INDICATES RECORD WAS SET OR TIED.
MM INDICATES DATA IS MISSING.
T  INDICATES TRACE AMOUNT.

$$
