368
CXUS53 KMPX 011415
CLMEAU


CLIMATE REPORT
NATIONAL WEATHER SERVICE CHANHASSEN MN
914 AM CDT FRI JUL 1 2016

...................................

...THE EAU CLAIRE WI CLIMATE SUMMARY FOR THE MONTH OF JUNE 2016...

CLIMATE NORMAL PERIOD 1981 TO 2010
CLIMATE RECORD PERIOD 1893 TO 2016

WEATHER         OBSERVED          NORMAL  DEPART  LAST YEAR`S
                 VALUE   DATE(S)  VALUE   FROM    VALUE  DATE(S)
                                          NORMAL
................................................................
TEMPERATURE (F)
RECORD
 HIGH             105   06/01/1934
 LOW               25   06/01/1897
HIGHEST            91   06/25        90       1       88  06/09
                        06/11
                        06/10
LOWEST             44   06/08        49      -5       40  06/01
AVG. MAXIMUM     79.0              78.6     0.4     77.2
AVG. MINIMUM     56.8              55.3     1.5     55.8
MEAN             67.9              66.9     1.0     66.5
DAYS MAX >= 90      4               2.3     1.7        0
DAYS MAX <= 32      0               0.0     0.0        0
DAYS MIN <= 32      0               0.0     0.0        0
DAYS MIN <= 0       0               0.0     0.0        0

PRECIPITATION (INCHES)
RECORD
 MAXIMUM        10.42   1990
 MINIMUM         0.59   1910
TOTALS           6.29              4.13    2.16     4.83
DAILY AVG.       0.21              0.14    0.07     0.16
DAYS >= .01        11              12.3    -1.3       11
DAYS >= .10        10               8.2     1.8        7
DAYS >= .50         5               2.8     2.2        4
DAYS >= 1.00        3               0.8     2.2        1
GREATEST
 24 HR. TOTAL    1.08   06/22 TO 06/22

SNOWFALL (INCHES)
RECORDS
 TOTAL            0.0   MM
TOTALS            0.0               0.0     0.0      0.0
SINCE 7/1        38.0              46.8    -8.8     38.1
SNOWDEPTH AVG.      0                MM      MM        0
DAYS >= 1.0         0               0.0     0.0        0
GREATEST
 SNOW DEPTH         0   MM                             0  MM
 24 HR TOTAL      0.0   06/30 TO 06/30

DEGREE_DAYS
HEATING TOTAL      32                62     -30       28
 SINCE 7/1       6843              7959   -1116     8134
COOLING TOTAL     126               120       6       82
 SINCE 1/1        166               152      14      100
.................................................................

WIND (MPH)
AVERAGE WIND SPEED              7.6
HIGHEST WIND SPEED/DIRECTION    33/240    DATE  06/10
HIGHEST GUST SPEED/DIRECTION    46/230    DATE  06/10

SKY COVER
POSSIBLE SUNSHINE (PERCENT)   MM
AVERAGE SKY COVER           0.30
NUMBER OF DAYS FAIR           17
NUMBER OF DAYS PC             11
NUMBER OF DAYS CLOUDY          2

AVERAGE RH (PERCENT)     70

WEATHER CONDITIONS. NUMBER OF DAYS WITH
THUNDERSTORM              0     MIXED PRECIP               0
HEAVY RAIN                9     RAIN                       8
LIGHT RAIN               11     FREEZING RAIN              0
LT FREEZING RAIN          0     HAIL                       0
HEAVY SNOW                0     SNOW                       0
LIGHT SNOW                0     SLEET                      0
FOG                      16     FOG W/VIS <= 1/4 MILE      3
HAZE                      0

-  INDICATES NEGATIVE NUMBERS.
R  INDICATES RECORD WAS SET OR TIED.
MM INDICATES DATA IS MISSING.
T  INDICATES TRACE AMOUNT.

$$
