000
CXUS53 KMPX 010710
CLMEAU


CLIMATE REPORT
NATIONAL WEATHER SERVICE CHANHASSEN MN
208 AM CDT FRI AUG 1 2014

...................................

...THE EAU CLAIRE WI CLIMATE SUMMARY FOR THE MONTH OF JULY 2014...

CLIMATE NORMAL PERIOD 1981 TO 2010
CLIMATE RECORD PERIOD 1893 TO 2014

WEATHER         OBSERVED          NORMAL  DEPART  LAST YEAR`S
                 VALUE   DATE(S)  VALUE   FROM    VALUE  DATE(S)
                                          NORMAL
................................................................
TEMPERATURE (F)
RECORD
 HIGH             111   07/14/1936
                        07/13/1936
 LOW               41   07/09/1895
HIGHEST            90   07/21        95      -5       97  07/18
LOWEST             45   07/16        55     -10       46  07/27
AVG. MAXIMUM     79.4              82.9    -3.5     83.3
AVG. MINIMUM     57.9              60.2    -2.3     60.2
MEAN             68.7              71.6    -2.9     71.7
DAYS MAX >= 90      1               4.7    -3.7        6
DAYS MAX <= 32      0               0.0     0.0        0
DAYS MIN <= 32      0               0.0     0.0        0
DAYS MIN <= 0       0               0.0     0.0        0

PRECIPITATION (INCHES)
RECORD
 MAXIMUM         8.88   1900
 MINIMUM         0.12   1936
TOTALS           2.44              3.88   -1.44     0.64
DAILY AVG.       0.08              0.13   -0.05     0.02
DAYS >= .01        11              11.9    -0.9        9
DAYS >= .10         6               7.3    -1.3        1
DAYS >= .50         2               2.7    -0.7        0
DAYS >= 1.00        0               0.8    -0.8        0
GREATEST
 24 HR. TOTAL    0.81   07/12 TO 07/12

SNOWFALL (INCHES)
RECORDS
 TOTAL            0.0   MM
TOTALS            0.0               0.0     0.0      0.0
SINCE 7/1         0.0               0.0     0.0      0.0
SNOWDEPTH AVG.      0                MM      MM        0
DAYS >= 1.0         0               0.0     0.0        0
GREATEST
 SNOW DEPTH         0   MM                             0  MM
 24 HR TOTAL      0.0   07/31 TO 07/31

DEGREE_DAYS
HEATING TOTAL      18                11       7       26
 SINCE 7/1         18                11       7       26
COOLING TOTAL     138               214     -76      242
 SINCE 1/1        307               366     -59      364
.................................................................

WIND (MPH)
AVERAGE WIND SPEED              7.7
HIGHEST WIND SPEED/DIRECTION    32/320    DATE  07/12
HIGHEST GUST SPEED/DIRECTION    50/280    DATE  07/12

SKY COVER
POSSIBLE SUNSHINE (PERCENT)   MM
AVERAGE SKY COVER           0.40
NUMBER OF DAYS FAIR           12
NUMBER OF DAYS PC             17
NUMBER OF DAYS CLOUDY          2

AVERAGE RH (PERCENT)     71

WEATHER CONDITIONS. NUMBER OF DAYS WITH
THUNDERSTORM              0     MIXED PRECIP               0
HEAVY RAIN                6     RAIN                       6
LIGHT RAIN               12     FREEZING RAIN              0
LT FREEZING RAIN          0     HAIL                       0
HEAVY SNOW                0     SNOW                       0
LIGHT SNOW                0     SLEET                      0
FOG                      14     FOG W/VIS <= 1/4 MILE      3
HAZE                      0

-  INDICATES NEGATIVE NUMBERS.
R  INDICATES RECORD WAS SET OR TIED.
MM INDICATES DATA IS MISSING.
T  INDICATES TRACE AMOUNT.

$$
