000
CXUS53 KMPX 011549
CLMEAU


CLIMATE REPORT
NATIONAL WEATHER SERVICE CHANHASSEN MN
949 AM CST THU DEC 1 2016

...................................

...THE EAU CLAIRE WI CLIMATE SUMMARY FOR THE MONTH OF NOVEMBER 2016...

CLIMATE NORMAL PERIOD 1981 TO 2010
CLIMATE RECORD PERIOD 1893 TO 2016

WEATHER         OBSERVED          NORMAL  DEPART  LAST YEAR`S
                 VALUE   DATE(S)  VALUE   FROM    VALUE  DATE(S)
                                          NORMAL
................................................................
TEMPERATURE (F)
RECORD
 HIGH              79   11/01/1933
 LOW              -18   11/30/1964
HIGHEST            72   11/05        54      18       72  11/03
LOWEST             16   11/21        13       3        9  11/22
AVG. MAXIMUM     51.7              41.4    10.3     49.5
AVG. MINIMUM     31.8              24.5     7.3     30.6
MEAN             41.7              32.9     8.8     40.0
DAYS MAX >= 90      0               0.0     0.0        0
DAYS MAX <= 32      1               6.1    -5.1        5
DAYS MIN <= 32     14              23.3    -9.3       17
DAYS MIN <= 0       0               0.7    -0.7        0

PRECIPITATION (INCHES)
RECORD
 MAXIMUM         7.52   1991
 MINIMUM         0.07   2002
TOTALS           1.17              1.84   -0.67     2.81
DAILY AVG.       0.04              0.06   -0.02     0.09
DAYS >= .01         8               8.9    -0.9        9
DAYS >= .10         4               4.2    -0.2        8
DAYS >= .50         0               1.0    -1.0        1
DAYS >= 1.00        0               0.2    -0.2        1
GREATEST
 24 HR. TOTAL    0.46   11/22 TO 11/23

SNOWFALL (INCHES)
RECORDS
 TOTAL           19.0   1985
TOTALS            1.7               5.9    -4.2      0.5
SINCE 7/1         1.7               6.3    -4.6      1.4
SNOWDEPTH AVG.      0                MM      MM        0
DAYS >= 1.0         1               1.9    -0.9        0
GREATEST
 SNOW DEPTH         1   11/24                         -1  11/27
                        11/23
 24 HR TOTAL      1.0   11/23 TO 11/23

DEGREE_DAYS
HEATING TOTAL     692               962    -270      740
 SINCE 7/1       1209              1746    -537     1362
COOLING TOTAL       0                 0       0        0
 SINCE 1/1        624               579      45      520
.................................................................

WIND (MPH)
AVERAGE WIND SPEED              6.7
HIGHEST WIND SPEED/DIRECTION    35/200    DATE  11/18
HIGHEST GUST SPEED/DIRECTION    45/210    DATE  11/18

SKY COVER
POSSIBLE SUNSHINE (PERCENT)   MM
AVERAGE SKY COVER           0.40
NUMBER OF DAYS FAIR           16
NUMBER OF DAYS PC              8
NUMBER OF DAYS CLOUDY          6

AVERAGE RH (PERCENT)     75

WEATHER CONDITIONS. NUMBER OF DAYS WITH
THUNDERSTORM              0     MIXED PRECIP               0
HEAVY RAIN                0     RAIN                       1
LIGHT RAIN                6     FREEZING RAIN              0
LT FREEZING RAIN          0     HAIL                       0
HEAVY SNOW                0     SNOW                       1
LIGHT SNOW                5     SLEET                      0
FOG                      19     FOG W/VIS <= 1/4 MILE      6
HAZE                      4

-  INDICATES NEGATIVE NUMBERS.
R  INDICATES RECORD WAS SET OR TIED.
MM INDICATES DATA IS MISSING.
T  INDICATES TRACE AMOUNT.

$$
