000
CXUS53 KMPX 011146
CLMEAU


CLIMATE REPORT
NATIONAL WEATHER SERVICE CHANHASSEN MN
644 AM CDT THU MAY 1 2014

...................................

...THE EAU CLAIRE WI CLIMATE SUMMARY FOR THE MONTH OF APRIL 2014...

CLIMATE NORMAL PERIOD 1981 TO 2010
CLIMATE RECORD PERIOD 1893 TO 2014

WEATHER         OBSERVED          NORMAL  DEPART  LAST YEAR`S
                 VALUE   DATE(S)  VALUE   FROM    VALUE  DATE(S)
                                          NORMAL
................................................................
TEMPERATURE (F)
RECORD
 HIGH              91   04/15/2002
 LOW                4   04/02/1924
HIGHEST            75   04/21        68       7       81  04/30
LOWEST             18   04/02        27      -9       12  04/03
AVG. MAXIMUM     51.1              57.7    -6.6     46.7
AVG. MINIMUM     31.2              34.2    -3.0     29.6
MEAN             41.2              46.0    -4.8     38.2
DAYS MAX >= 90      0               0.0     0.0        0
DAYS MAX <= 32      0               0.4    -0.4        1
DAYS MIN <= 32     18              12.2     5.8       21
DAYS MIN <= 0       0               0.0     0.0        0

PRECIPITATION (INCHES)
RECORD
 MAXIMUM         6.11   1954
 MINIMUM         0.51   1905
TOTALS           6.09              2.75    3.34     5.38
DAILY AVG.       0.20              0.09    0.11     0.18
DAYS >= .01        18              11.0     7.0       17
DAYS >= .10        12               6.3     5.7       12
DAYS >= .50         6               1.7     4.3        4
DAYS >= 1.00        0               0.4    -0.4        1
GREATEST
 24 HR. TOTAL    1.13   04/28 TO 04/29

SNOWFALL (INCHES)
RECORDS
 TOTAL           15.0   1945
TOTALS            9.1               1.9     7.2      8.8
SINCE 7/1        74.8              46.8    28.0     75.0
SNOWDEPTH AVG.      0                MM      MM        2
DAYS >= 1.0         2               0.7     1.3        4
GREATEST
 SNOW DEPTH         6   04/05                          7  04/03
                                                          04/02
                                                          04/01
 24 HR TOTAL      7.4   MM

DEGREE_DAYS
HEATING TOTAL     710               576     134      801
 SINCE 7/1       8886              7641    1245     7929
COOLING TOTAL       0                 4      -4        3
 SINCE 1/1          0                 4      -4        3
.................................................................

WIND (MPH)
AVERAGE WIND SPEED              9.6
HIGHEST WIND SPEED/DIRECTION    31/300    DATE  04/10
HIGHEST GUST SPEED/DIRECTION    41/110    DATE  04/27

SKY COVER
POSSIBLE SUNSHINE (PERCENT)   MM
AVERAGE SKY COVER           0.60
NUMBER OF DAYS FAIR            9
NUMBER OF DAYS PC              8
NUMBER OF DAYS CLOUDY         13

AVERAGE RH (PERCENT)     69

WEATHER CONDITIONS. NUMBER OF DAYS WITH
THUNDERSTORM              0     MIXED PRECIP               0
HEAVY RAIN                3     RAIN                       8
LIGHT RAIN               16     FREEZING RAIN              1
LT FREEZING RAIN          1     HAIL                       0
HEAVY SNOW                1     SNOW                       1
LIGHT SNOW                8     SLEET                      0
FOG                      18     FOG W/VIS <= 1/4 MILE      4
HAZE                      0

-  INDICATES NEGATIVE NUMBERS.
R  INDICATES RECORD WAS SET OR TIED.
MM INDICATES DATA IS MISSING.
T  INDICATES TRACE AMOUNT.

$$
