000
CXUS53 KMPX 011327
CLMEAU


CLIMATE REPORT
NATIONAL WEATHER SERVICE CHANHASSEN MN
826 AM CDT MON JUL 1 2013

...................................

...THE EAU CLAIRE WI CLIMATE SUMMARY FOR THE MONTH OF JUNE 2013...

CLIMATE NORMAL PERIOD 1981 TO 2010
CLIMATE RECORD PERIOD 1893 TO 2013

WEATHER         OBSERVED          NORMAL  DEPART  LAST YEAR`S
                 VALUE   DATE(S)  VALUE   FROM    VALUE  DATE(S)
                                          NORMAL
................................................................
TEMPERATURE (F)
RECORD
 HIGH             105   06/01/1934
 LOW               25   06/01/1897
HIGHEST            86   06/27        90      -4       92  06/10
LOWEST             43   06/03        49      -6       38  06/01
AVG. MAXIMUM     75.3              78.6    -3.3     82.0
AVG. MINIMUM     56.2              55.3     0.9     56.7
MEAN             65.7              66.9    -1.2     69.3
DAYS MAX >= 90      0               2.3    -2.3        6
DAYS MAX <= 32      0               0.0     0.0        0
DAYS MIN <= 32      0               0.0     0.0        0
DAYS MIN <= 0       0               0.0     0.0        0

PRECIPITATION (INCHES)
RECORD
 MAXIMUM        10.42   1990
 MINIMUM         0.59   1910
TOTALS           5.86              4.13    1.73     3.73
DAILY AVG.       0.20              0.14    0.06     0.12
DAYS >= .01        16              12.3     3.7       11
DAYS >= .10        10               8.2     1.8        6
DAYS >= .50         2               2.8    -0.8        3
DAYS >= 1.00        2               0.8     1.2        1
GREATEST
 24 HR. TOTAL    1.84   06/26 TO 06/27

SNOWFALL (INCHES)
RECORDS
 TOTAL            0.0   MM
TOTALS            0.0               0.0     0.0      0.0
SINCE 7/1        84.3              46.8    37.5     23.8
SNOWDEPTH AVG.      0                MM      MM        0
DAYS >= 1.0         0               0.0     0.0        0
GREATEST
 SNOW DEPTH         0   MM                             0  MM
 24 HR TOTAL      0.0   06/30 TO 06/30

DEGREE_DAYS
HEATING TOTAL      63                62       1       28
 SINCE 7/1       8300              7959     341     6484
COOLING TOTAL      90               120     -30      166
 SINCE 1/1        122               152     -30      236
.................................................................

WIND (MPH)
AVERAGE WIND SPEED              6.5
HIGHEST WIND SPEED/DIRECTION    32/290    DATE  06/21
HIGHEST GUST SPEED/DIRECTION    39/300    DATE  06/21

SKY COVER
POSSIBLE SUNSHINE (PERCENT)   MM
AVERAGE SKY COVER           0.50
NUMBER OF DAYS FAIR           11
NUMBER OF DAYS PC             13
NUMBER OF DAYS CLOUDY          6

AVERAGE RH (PERCENT)     74

WEATHER CONDITIONS. NUMBER OF DAYS WITH
THUNDERSTORM              0     MIXED PRECIP               0
HEAVY RAIN                7     RAIN                      10
LIGHT RAIN               17     FREEZING RAIN              0
LT FREEZING RAIN          0     HAIL                       0
HEAVY SNOW                0     SNOW                       0
LIGHT SNOW                0     SLEET                      0
FOG                      22     FOG W/VIS <= 1/4 MILE      7
HAZE                      5

-  INDICATES NEGATIVE NUMBERS.
R  INDICATES RECORD WAS SET OR TIED.
MM INDICATES DATA IS MISSING.
T  INDICATES TRACE AMOUNT.

$$
