000
CXUS53 KMPX 010710
CLMEAU


CLIMATE REPORT
NATIONAL WEATHER SERVICE CHANHASSEN MN
209 AM CDT MON MAY 1 2017

...................................

...THE EAU CLAIRE WI CLIMATE SUMMARY FOR THE MONTH OF APRIL 2017...

CLIMATE NORMAL PERIOD 1981 TO 2010
CLIMATE RECORD PERIOD 1893 TO 2017

WEATHER         OBSERVED          NORMAL  DEPART  LAST YEAR`S
                 VALUE   DATE(S)  VALUE   FROM    VALUE  DATE(S)
                                          NORMAL
................................................................
TEMPERATURE (F)
RECORD
 HIGH              91   04/15/2002
 LOW                0   04/01/1924
HIGHEST            73   04/25        68       5       81  04/18
                                                          04/16
LOWEST             23   04/07        27      -4       13  04/09
AVG. MAXIMUM     58.0              57.7     0.3     55.6
AVG. MINIMUM     36.7              34.2     2.5     35.8
MEAN             47.4              46.0     1.4     45.7
DAYS MAX >= 90      0               0.0     0.0        0
DAYS MAX <= 32      0               0.4    -0.4        1
DAYS MIN <= 32     13              12.2     0.8       11
DAYS MIN <= 0       0               0.0     0.0        0

PRECIPITATION (INCHES)
RECORD
 MAXIMUM         6.11   1954
 MINIMUM         0.51   1905
TOTALS           4.94              2.75    2.19     2.56
DAILY AVG.       0.16              0.09    0.07     0.09
DAYS >= .01        16              11.0     5.0       14
DAYS >= .10        10               6.3     3.7        7
DAYS >= .50         4               1.7     2.3        1
DAYS >= 1.00        1               0.4     0.6        1
GREATEST
 24 HR. TOTAL    1.23   04/15 TO 04/15
                        04/14 TO 04/15
                        04/15 TO 04/15

SNOWFALL (INCHES)
RECORDS
 TOTAL           15.0   1945
TOTALS            0.8               1.9    -1.1      1.8
SINCE 7/1        54.5              46.8     7.7     38.0
SNOWDEPTH AVG.      0                MM      MM        0
DAYS >= 1.0         0               0.7    -0.7        1
GREATEST
 SNOW DEPTH         1   04/11                          1  04/02
 24 HR TOTAL      0.8   MM

DEGREE_DAYS
HEATING TOTAL     521               576     -55      577
 SINCE 7/1       6681              7640    -959     6566
COOLING TOTAL       0                 4      -4        4
 SINCE 1/1          0                 4      -4        4
.................................................................

WIND (MPH)
AVERAGE WIND SPEED              8.1
HIGHEST WIND SPEED/DIRECTION    32/120    DATE  04/19
HIGHEST GUST SPEED/DIRECTION    47/310    DATE  04/09

SKY COVER
POSSIBLE SUNSHINE (PERCENT)   MM
AVERAGE SKY COVER           0.50
NUMBER OF DAYS FAIR           13
NUMBER OF DAYS PC              8
NUMBER OF DAYS CLOUDY          9

AVERAGE RH (PERCENT)     68

WEATHER CONDITIONS. NUMBER OF DAYS WITH
THUNDERSTORM              0     MIXED PRECIP               0
HEAVY RAIN                5     RAIN                       7
LIGHT RAIN               14     FREEZING RAIN              0
LT FREEZING RAIN          0     HAIL                       0
HEAVY SNOW                0     SNOW                       0
LIGHT SNOW                2     SLEET                      0
FOG                      18     FOG W/VIS <= 1/4 MILE      1
HAZE                      1

-  INDICATES NEGATIVE NUMBERS.
R  INDICATES RECORD WAS SET OR TIED.
MM INDICATES DATA IS MISSING.
T  INDICATES TRACE AMOUNT.

$$
