000
CXUS53 KMPX 011503
CLMEAU


CLIMATE REPORT
NATIONAL WEATHER SERVICE CHANHASSEN MN
1000 AM CDT FRI NOV 1 2013

...................................

...THE EAU CLAIRE WI CLIMATE SUMMARY FOR THE MONTH OF OCTOBER 2013...

CLIMATE NORMAL PERIOD 1981 TO 2010
CLIMATE RECORD PERIOD 1893 TO 2013

WEATHER         OBSERVED          NORMAL  DEPART  LAST YEAR`S
                 VALUE   DATE(S)  VALUE   FROM    VALUE  DATE(S)
                                          NORMAL
................................................................
TEMPERATURE (F)
RECORD
 HIGH              89   10/03/1997
                        10/01/1976
                        10/02/1953
 LOW                7   10/30/1925
HIGHEST            78   10/01        70       8       76  10/03
LOWEST             24   10/23        27      -3       19  10/31
                                                          10/28
AVG. MAXIMUM     57.0              57.9    -0.9     56.0
AVG. MINIMUM     37.1              36.8     0.3     34.2
MEAN             47.0              47.3    -0.3     45.1
DAYS MAX >= 90      0               0.0     0.0        0
DAYS MAX <= 32      0               0.2    -0.2        0
DAYS MIN <= 32     12               9.7     2.3       14
DAYS MIN <= 0       0               0.0     0.0        0

PRECIPITATION (INCHES)
RECORD
 MAXIMUM        10.35   1911
 MINIMUM         0.08   1952
TOTALS           3.64              2.34    1.30     1.54
DAILY AVG.       0.12              0.08    0.04     0.05
DAYS >= .01        14              10.2     3.8       10
DAYS >= .10         7               5.1     1.9        4
DAYS >= .50         3               1.4     1.6        1
DAYS >= 1.00        0               0.4    -0.4        0
GREATEST
 24 HR. TOTAL    1.18   10/02 TO 10/03

SNOWFALL (INCHES)
RECORDS
 TOTAL            4.7   2009
TOTALS              T               0.4    -0.4        T
SINCE 7/1           T               0.4    -0.4        T
SNOWDEPTH AVG.      0                MM      MM        0
DAYS >= 1.0         0               0.3    -0.3        0
GREATEST
 SNOW DEPTH         0   MM                             0  MM
 24 HR TOTAL        T   10/29 TO 10/29

DEGREE_DAYS
HEATING TOTAL     551               551       0      612
 SINCE 7/1        718               784     -66      853
COOLING TOTAL       0                 4      -4        0
 SINCE 1/1        653               579      74      830
.................................................................

WIND (MPH)
AVERAGE WIND SPEED              7.2
HIGHEST WIND SPEED/DIRECTION    31/140    DATE  10/11
HIGHEST GUST SPEED/DIRECTION    37/140    DATE  10/11

SKY COVER
POSSIBLE SUNSHINE (PERCENT)   MM
AVERAGE SKY COVER           0.50
NUMBER OF DAYS FAIR           11
NUMBER OF DAYS PC              9
NUMBER OF DAYS CLOUDY         11

AVERAGE RH (PERCENT)     74

WEATHER CONDITIONS. NUMBER OF DAYS WITH
THUNDERSTORM              0     MIXED PRECIP               0
HEAVY RAIN                5     RAIN                       8
LIGHT RAIN               16     FREEZING RAIN              0
LT FREEZING RAIN          0     HAIL                       0
HEAVY SNOW                0     SNOW                       0
LIGHT SNOW                2     SLEET                      0
FOG                      17     FOG W/VIS <= 1/4 MILE      7
HAZE                      0

-  INDICATES NEGATIVE NUMBERS.
R  INDICATES RECORD WAS SET OR TIED.
MM INDICATES DATA IS MISSING.
T  INDICATES TRACE AMOUNT.

$$
