000
CXUS53 KMPX 010624
CLMEAU

CLIMATE REPORT
NATIONAL WEATHER SERVICE CHANHASSEN MN
123 AM CDT WED MAY 1 2013

...................................

...THE EAU CLAIRE WI CLIMATE SUMMARY FOR THE MONTH OF APRIL 2013...

CLIMATE NORMAL PERIOD 1981 TO 2010
CLIMATE RECORD PERIOD 1893 TO 2013

WEATHER         OBSERVED          NORMAL  DEPART  LAST YEAR`S
                 VALUE   DATE(S)  VALUE   FROM    VALUE  DATE(S)
                                          NORMAL
................................................................
TEMPERATURE (F)
RECORD
 HIGH              91   04/15/2002
 LOW                4   04/02/1924
HIGHEST            81   04/30        68      13       76  04/15
LOWEST             12   04/03        27     -15       24  04/11
AVG. MAXIMUM     46.7              57.7   -11.0     59.3
AVG. MINIMUM     29.6              34.2    -4.6     35.2
MEAN             38.2              46.0    -7.8     47.2
DAYS MAX >= 90      0               0.0     0.0        0
DAYS MAX <= 32      1               0.4     0.6        0
DAYS MIN <= 32     21              12.2     8.8       12
DAYS MIN <= 0       0               0.0     0.0        0

PRECIPITATION (INCHES)
RECORD
 MAXIMUM         6.11   1954
 MINIMUM         0.51   1905
TOTALS           5.38              2.75    2.63     3.27
DAILY AVG.       0.18              0.09    0.09     0.11
DAYS >= .01        17              11.0     6.0       13
DAYS >= .10        12               6.3     5.7        5
DAYS >= .50         4               1.7     2.3        2
DAYS >= 1.00        1               0.4     0.6        1
GREATEST
 24 HR. TOTAL    1.28   04/14 TO 04/14

SNOWFALL (INCHES)
RECORDS
 TOTAL           15.0   1945
TOTALS            8.8               1.9     6.9      0.2
SINCE 7/1        75.0              46.8    28.2     23.8
SNOWDEPTH AVG.      2                MM      MM        0
DAYS >= 1.0         4               0.7     3.3        0
GREATEST
 SNOW DEPTH         7R  04/03                          0  MM
                        04/02
                        04/01
 24 HR TOTAL      2.7   MM

DEGREE_DAYS
HEATING TOTAL     801               576     225      524
 SINCE 7/1       7929              7640     289     6304
COOLING TOTAL       3                 4      -1        0
 SINCE 1/1          3                 4      -1       14
.................................................................

WIND (MPH)
AVERAGE WIND SPEED              8.6
HIGHEST WIND SPEED/DIRECTION    29/220    DATE  04/15
HIGHEST GUST SPEED/DIRECTION    39/070    DATE  04/11

SKY COVER
POSSIBLE SUNSHINE (PERCENT)   MM
AVERAGE SKY COVER           0.60
NUMBER OF DAYS FAIR            9
NUMBER OF DAYS PC              8
NUMBER OF DAYS CLOUDY         13

AVERAGE RH (PERCENT)     72

WEATHER CONDITIONS. NUMBER OF DAYS WITH
THUNDERSTORM              0     MIXED PRECIP               0
HEAVY RAIN                5     RAIN                      10
LIGHT RAIN               16     FREEZING RAIN              1
LT FREEZING RAIN          2     HAIL                       0
HEAVY SNOW                0     SNOW                       1
LIGHT SNOW               12     SLEET                      0
FOG                      19     FOG W/VIS <= 1/4 MILE      2
HAZE                      3

-  INDICATES NEGATIVE NUMBERS.
R  INDICATES RECORD WAS SET OR TIED.
MM INDICATES DATA IS MISSING.
T  INDICATES TRACE AMOUNT.

$$
