000
CXUS53 KMPX 021138
CLMEAU


CLIMATE REPORT
NATIONAL WEATHER SERVICE CHANHASSEN MN
635 AM CDT THU JUN 2 2016

...................................

...THE EAU CLAIRE WI CLIMATE SUMMARY FOR THE MONTH OF MAY 2016...

CLIMATE NORMAL PERIOD 1981 TO 2010
CLIMATE RECORD PERIOD 1893 TO 2016

WEATHER         OBSERVED          NORMAL  DEPART  LAST YEAR`S
                 VALUE   DATE(S)  VALUE   FROM    VALUE  DATE(S)
                                          NORMAL
................................................................
TEMPERATURE (F)
RECORD
 HIGH             107   05/31/1934
 LOW               20   05/03/1967
                        05/09/1966
                        05/04/1907
HIGHEST            90   05/06        80      10       85  05/28
LOWEST             27   05/15        37     -10       30  05/20
AVG. MAXIMUM     71.1              69.8     1.3     69.2
AVG. MINIMUM     44.9              45.4    -0.5     45.9
MEAN             58.0              57.6     0.4     57.5
DAYS MAX >= 90      1               0.4     0.6        0
DAYS MAX <= 32      0               0.0     0.0        0
DAYS MIN <= 32      4               1.8     2.2        1
DAYS MIN <= 0       0               0.0     0.0        0

PRECIPITATION (INCHES)
RECORD
 MAXIMUM        10.54   1938
 MINIMUM         0.75   1900
TOTALS           3.81              3.46    0.35     5.39
DAILY AVG.       0.12              0.11    0.01     0.17
DAYS >= .01        14              12.2     1.8       17
DAYS >= .10        12               7.2     4.8       11
DAYS >= .50         2               2.4    -0.4        4
DAYS >= 1.00        1               0.7     0.3        1
GREATEST
 24 HR. TOTAL    1.41   05/25 TO 05/26

SNOWFALL (INCHES)
RECORDS
 TOTAL            9.3   2013
TOTALS            0.0               0.0     0.0      0.0
SINCE 7/1        38.0              46.8    -8.8     38.1
SNOWDEPTH AVG.      0                MM      MM        0
DAYS >= 1.0         0               0.0     0.0        0
GREATEST
 SNOW DEPTH         0   MM                             0  MM
 24 HR TOTAL      0.0   05/31 TO 05/31

DEGREE_DAYS
HEATING TOTAL     245               257     -12      242
 SINCE 7/1       6811              7897   -1086     8106
COOLING TOTAL      36                28       8       18
 SINCE 1/1         40                32       8       18
.................................................................

WIND (MPH)
AVERAGE WIND SPEED              7.2
HIGHEST WIND SPEED/DIRECTION    33/290    DATE  05/31
HIGHEST GUST SPEED/DIRECTION    43/290    DATE  05/31

SKY COVER
POSSIBLE SUNSHINE (PERCENT)   MM
AVERAGE SKY COVER           0.40
NUMBER OF DAYS FAIR           18
NUMBER OF DAYS PC              8
NUMBER OF DAYS CLOUDY          5

AVERAGE RH (PERCENT)     62

WEATHER CONDITIONS. NUMBER OF DAYS WITH
THUNDERSTORM              0     MIXED PRECIP               0
HEAVY RAIN                6     RAIN                       8
LIGHT RAIN               12     FREEZING RAIN              0
LT FREEZING RAIN          0     HAIL                       0
HEAVY SNOW                0     SNOW                       0
LIGHT SNOW                0     SLEET                      0
FOG                      14     FOG W/VIS <= 1/4 MILE      3
HAZE                      1

-  INDICATES NEGATIVE NUMBERS.
R  INDICATES RECORD WAS SET OR TIED.
MM INDICATES DATA IS MISSING.
T  INDICATES TRACE AMOUNT.

$$
