000
CXUS53 KMPX 011002
CLMEAU


CLIMATE REPORT
NATIONAL WEATHER SERVICE CHANHASSEN MN
501 AM CDT WED JUL 1 2015

...................................

...THE EAU CLAIRE WI CLIMATE SUMMARY FOR THE MONTH OF JUNE 2015...

CLIMATE NORMAL PERIOD 1981 TO 2010
CLIMATE RECORD PERIOD 1893 TO 2015

WEATHER         OBSERVED          NORMAL  DEPART  LAST YEAR`S
                 VALUE   DATE(S)  VALUE   FROM    VALUE  DATE(S)
                                          NORMAL
................................................................
TEMPERATURE (F)
RECORD
 HIGH             105   06/01/1934
 LOW               25   06/01/1897
HIGHEST            88   06/09        90      -2       85  06/20
                                                          06/16
LOWEST             40   06/01        49      -9       46  06/13
                                                          06/08
AVG. MAXIMUM     77.2              78.6    -1.4     79.0
AVG. MINIMUM     55.8              55.3     0.5     57.8
MEAN             66.5              66.9    -0.4     68.4
DAYS MAX >= 90      0               2.3    -2.3        0
DAYS MAX <= 32      0               0.0     0.0        0
DAYS MIN <= 32      0               0.0     0.0        0
DAYS MIN <= 0       0               0.0     0.0        0

PRECIPITATION (INCHES)
RECORD
 MAXIMUM        10.42   1990
 MINIMUM         0.59   1910
TOTALS           4.83              4.13    0.70     9.84
DAILY AVG.       0.16              0.14    0.02     0.33
DAYS >= .01        11              12.3    -1.3       17
DAYS >= .10         7               8.2    -1.2       14
DAYS >= .50         4               2.8     1.2        6
DAYS >= 1.00        1               0.8     0.2        3
GREATEST
 24 HR. TOTAL    1.08   06/29 TO 06/29

SNOWFALL (INCHES)
RECORDS
 TOTAL            0.0   MM
TOTALS            0.0               0.0     0.0      0.0
SINCE 7/1        38.1              46.8    -8.7     74.8
SNOWDEPTH AVG.      0                MM      MM        0
DAYS >= 1.0         0               0.0     0.0        0
GREATEST
 SNOW DEPTH         0   MM                             0  MM
 24 HR TOTAL      0.0   06/30 TO 06/30

DEGREE_DAYS
HEATING TOTAL      28                62     -34       25
 SINCE 7/1       8134              7960     174     9167
COOLING TOTAL      82               120     -38      134
 SINCE 1/1        100               152     -52      169
.................................................................

WIND (MPH)
AVERAGE WIND SPEED              6.5
HIGHEST WIND SPEED/DIRECTION    36/100    DATE  06/22
HIGHEST GUST SPEED/DIRECTION    42/090    DATE  06/22

SKY COVER
POSSIBLE SUNSHINE (PERCENT)   MM
AVERAGE SKY COVER           0.30
NUMBER OF DAYS FAIR           18
NUMBER OF DAYS PC              9
NUMBER OF DAYS CLOUDY          3

AVERAGE RH (PERCENT)     69

WEATHER CONDITIONS. NUMBER OF DAYS WITH
THUNDERSTORM              0     MIXED PRECIP               0
HEAVY RAIN                7     RAIN                       8
LIGHT RAIN               14     FREEZING RAIN              0
LT FREEZING RAIN          0     HAIL                       0
HEAVY SNOW                0     SNOW                       0
LIGHT SNOW                0     SLEET                      0
FOG                      16     FOG W/VIS <= 1/4 MILE      7
HAZE                      3

-  INDICATES NEGATIVE NUMBERS.
R  INDICATES RECORD WAS SET OR TIED.
MM INDICATES DATA IS MISSING.
T  INDICATES TRACE AMOUNT.

$$
