000
CXUS53 KMPX 010935
CLMEAU


CLIMATE REPORT
NATIONAL WEATHER SERVICE CHANHASSEN MN
335 AM CST TUE MAR 1 2016

...................................

...THE EAU CLAIRE WI CLIMATE SUMMARY FOR THE MONTH OF FEBRUARY 2016...

CLIMATE NORMAL PERIOD 1981 TO 2010
CLIMATE RECORD PERIOD 1893 TO 2016

WEATHER         OBSERVED          NORMAL  DEPART  LAST YEAR`S
                 VALUE   DATE(S)  VALUE   FROM    VALUE  DATE(S)
                                          NORMAL
................................................................
TEMPERATURE (F)
RECORD
 HIGH              61   02/27/2016
                        02/24/1931
                        07/13/1936
 LOW              -40   02/10/1899
HIGHEST            61R  02/27        44      17       35  02/07
LOWEST            -13   02/13       -10      -3      -18  02/23
AVG. MAXIMUM     30.0              28.9     1.1     17.2
AVG. MINIMUM     13.4               9.9     3.5     -1.3
MEAN             21.7              19.4     2.3      8.0
DAYS MAX >= 90      0               0.0     0.0        0
DAYS MAX <= 32     14              15.8    -1.8       27
DAYS MIN <= 32     28              27.1     0.9       28
DAYS MIN <= 0       6               7.7    -1.7       15

PRECIPITATION (INCHES)
RECORD
 MAXIMUM         3.10   1922
 MINIMUM         0.02   1958
TOTALS           0.74              0.81   -0.07     0.22
DAILY AVG.       0.03                MM      MM     0.01
DAYS >= .01         8               7.2     0.8        6
DAYS >= .10         2               2.3    -0.3        1
DAYS >= .50         0               0.3    -0.3        0
DAYS >= 1.00        0               0.0     0.0        0
GREATEST
 24 HR. TOTAL    0.35   02/02 TO 02/02

SNOWFALL (INCHES)
RECORDS
 TOTAL           24.3   5
                        0
TOTALS            8.1               7.3     0.8      3.9
SINCE 7/1        24.1              36.3   -12.2     30.8
SNOWDEPTH AVG.      4                MM      MM        4
DAYS >= 1.0         2               2.6    -0.6        1
GREATEST
 SNOW DEPTH         8   02/03                          5  02/04
 24 HR TOTAL      4.8   MM

DEGREE_DAYS
HEATING TOTAL    1247              1277     -30     1588
 SINCE 7/1       5178              6061    -883     6353
COOLING TOTAL       0                 0       0        0
 SINCE 1/1          0                 0       0        0
.................................................................

WIND (MPH)
AVERAGE WIND SPEED              7.7
HIGHEST WIND SPEED/DIRECTION    28/340    DATE  02/29
HIGHEST GUST SPEED/DIRECTION    38/350    DATE  02/29

SKY COVER
POSSIBLE SUNSHINE (PERCENT)   MM
AVERAGE SKY COVER           0.60
NUMBER OF DAYS FAIR            7
NUMBER OF DAYS PC             12
NUMBER OF DAYS CLOUDY         10

AVERAGE RH (PERCENT)     70

WEATHER CONDITIONS. NUMBER OF DAYS WITH
THUNDERSTORM              0     MIXED PRECIP               0
HEAVY RAIN                0     RAIN                       1
LIGHT RAIN                1     FREEZING RAIN              0
LT FREEZING RAIN          0     HAIL                       0
HEAVY SNOW                1     SNOW                       1
LIGHT SNOW               13     SLEET                      0
FOG                      13     FOG W/VIS <= 1/4 MILE      2
HAZE                     10

-  INDICATES NEGATIVE NUMBERS.
R  INDICATES RECORD WAS SET OR TIED.
MM INDICATES DATA IS MISSING.
T  INDICATES TRACE AMOUNT.

$$
