000
CXUS53 KMPX 021604
CLMEAU


CLIMATE REPORT
NATIONAL WEATHER SERVICE CHANHASSEN MN
1003 AM CST TUE FEB 2 2016

...................................

...THE EAU CLAIRE WI CLIMATE SUMMARY FOR THE MONTH OF JANUARY 2016...

CLIMATE NORMAL PERIOD 1981 TO 2010
CLIMATE RECORD PERIOD 1893 TO 2016

WEATHER         OBSERVED          NORMAL  DEPART  LAST YEAR`S
                 VALUE   DATE(S)  VALUE   FROM    VALUE  DATE(S)
                                          NORMAL
................................................................
TEMPERATURE (F)
RECORD
 HIGH              55   01/26/1944
                        01/25/1944
 LOW              -45   01/30/1951
HIGHEST            44   01/30        35       9       39  01/24
LOWEST            -19   01/11       -13      -6      -22  01/13
AVG. MAXIMUM     23.6              23.4     0.2     23.4
AVG. MINIMUM      8.1               5.4     2.7      8.5
MEAN             15.8              14.4     1.4     15.9
DAYS MAX >= 90      0               0.0     0.0        0
DAYS MAX <= 32     25              22.5     2.5       23
DAYS MIN <= 32     31              30.7     0.3       31
DAYS MIN <= 0       9              11.0    -2.0       11

PRECIPITATION (INCHES)
RECORD
 MAXIMUM         3.47   1967
 MINIMUM         0.10   1981
TOTALS           0.42              0.89   -0.47     0.37
DAILY AVG.       0.01              0.03   -0.02     0.01
DAYS >= .01         8               8.4    -0.4        9
DAYS >= .10         1               2.6    -1.6        2
DAYS >= .50         0               0.2    -0.2        0
DAYS >= 1.00        0               0.0     0.0        0
GREATEST
 24 HR. TOTAL    0.26   01/07 TO 01/08

SNOWFALL (INCHES)
RECORDS
 TOTAL           29.8   1997
TOTALS            5.2              13.2    -8.0      6.4
SINCE 7/1        16.0              29.0   -13.0     26.9
SNOWDEPTH AVG.      6                 7      -1        4
DAYS >= 1.0         1               3.5    -2.5        3
GREATEST
 SNOW DEPTH         7   01/08                          5  01/09
 24 HR TOTAL      1.8   MM

DEGREE_DAYS
HEATING TOTAL    1515              1568     -53     1513
 SINCE 7/1       3931              4744    -813     4765
COOLING TOTAL       0                 0       0        0
 SINCE 1/1          0                 0       0        0
.................................................................

WIND (MPH)
AVERAGE WIND SPEED              7.0
HIGHEST WIND SPEED/DIRECTION    24/220    DATE  01/27
HIGHEST GUST SPEED/DIRECTION    33/220    DATE  01/27

SKY COVER
POSSIBLE SUNSHINE (PERCENT)   MM
AVERAGE SKY COVER           0.60
NUMBER OF DAYS FAIR            8
NUMBER OF DAYS PC              9
NUMBER OF DAYS CLOUDY         14

AVERAGE RH (PERCENT)     75

WEATHER CONDITIONS. NUMBER OF DAYS WITH
THUNDERSTORM              0     MIXED PRECIP               0
HEAVY RAIN                0     RAIN                       0
LIGHT RAIN                0     FREEZING RAIN              0
LT FREEZING RAIN          0     HAIL                       0
HEAVY SNOW                0     SNOW                       0
LIGHT SNOW               16     SLEET                      0
FOG                      17     FOG W/VIS <= 1/4 MILE      0
HAZE                     13

-  INDICATES NEGATIVE NUMBERS.
R  INDICATES RECORD WAS SET OR TIED.
MM INDICATES DATA IS MISSING.
T  INDICATES TRACE AMOUNT.

$$
