000
CXUS53 KMPX 022314
CLMEAU


CLIMATE REPORT
NATIONAL WEATHER SERVICE CHANHASSEN MN
614 PM CDT MON JUN 2 2014

...................................

...THE EAU CLAIRE WI CLIMATE SUMMARY FOR THE MONTH OF MAY 2014...

CLIMATE NORMAL PERIOD 1981 TO 2010
CLIMATE RECORD PERIOD 1893 TO 2014

WEATHER         OBSERVED          NORMAL  DEPART  LAST YEAR`S
                 VALUE   DATE(S)  VALUE   FROM    VALUE  DATE(S)
                                          NORMAL
................................................................
TEMPERATURE (F)
RECORD
 HIGH             107   05/31/1934
 LOW               20   05/03/1967
                        05/09/1966
                        05/04/1907
HIGHEST            88   05/31        80       8       91  05/14
LOWEST             30   05/16        37      -7       29  05/13
AVG. MAXIMUM     69.5              69.8    -0.3     66.9
AVG. MINIMUM     45.7              45.4     0.3     44.6
MEAN             57.6              57.6     0.0     55.8
DAYS MAX >= 90      0               0.4    -0.4        1
DAYS MAX <= 32      0               0.0     0.0        0
DAYS MIN <= 32      1               1.8    -0.8        4
DAYS MIN <= 0       0               0.0     0.0        0

PRECIPITATION (INCHES)
RECORD
 MAXIMUM        10.54   1938
 MINIMUM         0.75   1900
TOTALS           4.08              3.46    0.62     9.28
DAILY AVG.       0.13              0.11    0.02     0.30
DAYS >= .01        11              12.2    -1.2       17
DAYS >= .10         6               7.2    -1.2       14
DAYS >= .50         4               2.4     1.6        7
DAYS >= 1.00        1               0.7     0.3        3
GREATEST
 24 HR. TOTAL    1.68   05/19 TO 05/20

SNOWFALL (INCHES)
RECORDS
 TOTAL            9.3   2013
TOTALS            0.0               0.0     0.0      9.3
SINCE 7/1        74.8              46.8    28.0     84.3
SNOWDEPTH AVG.      0                MM      MM        0
DAYS >= 1.0         0               0.0     0.0        1
GREATEST
 SNOW DEPTH         0   MM                             9  05/03
 24 HR TOTAL      0.0   05/31 TO 05/31

DEGREE_DAYS
HEATING TOTAL     256               257      -1      308
 SINCE 7/1       9142              7898    1244     8237
COOLING TOTAL      35                28       7       29
 SINCE 1/1         35                32       3       32
.................................................................

WIND (MPH)
AVERAGE WIND SPEED              7.9
HIGHEST WIND SPEED/DIRECTION    40/070    DATE  05/07
HIGHEST GUST SPEED/DIRECTION    48/070    DATE  05/07

SKY COVER
POSSIBLE SUNSHINE (PERCENT)   MM
AVERAGE SKY COVER           0.40
NUMBER OF DAYS FAIR           16
NUMBER OF DAYS PC              9
NUMBER OF DAYS CLOUDY          6

AVERAGE RH (PERCENT)     64

WEATHER CONDITIONS. NUMBER OF DAYS WITH
THUNDERSTORM              0     MIXED PRECIP               0
HEAVY RAIN                5     RAIN                       5
LIGHT RAIN               12     FREEZING RAIN              0
LT FREEZING RAIN          0     HAIL                       0
HEAVY SNOW                0     SNOW                       0
LIGHT SNOW                0     SLEET                      0
FOG                      10     FOG W/VIS <= 1/4 MILE      1
HAZE                      0

-  INDICATES NEGATIVE NUMBERS.
R  INDICATES RECORD WAS SET OR TIED.
MM INDICATES DATA IS MISSING.
T  INDICATES TRACE AMOUNT.

$$
