000
CXUS53 KMPX 011039
CLMEAU


CLIMATE REPORT
NATIONAL WEATHER SERVICE CHANHASSEN MN
438 AM CST WED FEB 1 2017

...................................

...THE EAU CLAIRE WI CLIMATE SUMMARY FOR THE MONTH OF JANUARY 2017...

CLIMATE NORMAL PERIOD 1981 TO 2010
CLIMATE RECORD PERIOD 1893 TO 2017

WEATHER         OBSERVED          NORMAL  DEPART  LAST YEAR`S
                 VALUE   DATE(S)  VALUE   FROM    VALUE  DATE(S)
                                          NORMAL
................................................................
TEMPERATURE (F)
RECORD
 HIGH              55   01/26/1944
                        01/25/1944
 LOW              -45   01/30/1951
HIGHEST            40   01/19        35       5       44  01/30
LOWEST            -15   01/08       -13      -2      -19  01/11
                        01/06
AVG. MAXIMUM     24.9              23.4     1.5     23.6
AVG. MINIMUM     10.7               5.4     5.3      8.1
MEAN             17.8              14.4     3.4     15.8
DAYS MAX >= 90      0               0.0     0.0        0
DAYS MAX <= 32     20              22.5    -2.5       25
DAYS MIN <= 32     27              30.7    -3.7       31
DAYS MIN <= 0       9              11.0    -2.0        9

PRECIPITATION (INCHES)
RECORD
 MAXIMUM         3.47   1967
 MINIMUM         0.10   1981
TOTALS           2.35              0.89    1.46     0.42
DAILY AVG.       0.08              0.03    0.05     0.01
DAYS >= .01        16               8.4     7.6        8
DAYS >= .10         8               2.6     5.4        1
DAYS >= .50         1               0.2     0.8        0
DAYS >= 1.00        0               0.0     0.0        0
GREATEST
 24 HR. TOTAL    0.82   01/16 TO 01/17

SNOWFALL (INCHES)
RECORDS
 TOTAL           29.8   1997
TOTALS           17.3              13.2     4.1      5.2
SINCE 7/1        38.2              29.0     9.2     16.0
SNOWDEPTH AVG.      6                 7      -1        6
DAYS >= 1.0         6               3.5     2.5        1
GREATEST
 SNOW DEPTH        10   01/15                          7  01/08
                        01/14
                        01/13
 24 HR TOTAL      6.1   MM

DEGREE_DAYS
HEATING TOTAL    1454              1568    -114     1515
 SINCE 7/1       4074              4744    -670     3931
COOLING TOTAL       0                 0       0        0
 SINCE 1/1          0                 0       0        0
.................................................................

WIND (MPH)
AVERAGE WIND SPEED              6.5
HIGHEST WIND SPEED/DIRECTION    28/270    DATE  01/10
HIGHEST GUST SPEED/DIRECTION    37/290    DATE  01/10

SKY COVER
POSSIBLE SUNSHINE (PERCENT)   MM
AVERAGE SKY COVER           0.60
NUMBER OF DAYS FAIR            7
NUMBER OF DAYS PC             11
NUMBER OF DAYS CLOUDY         13

AVERAGE RH (PERCENT)     80

WEATHER CONDITIONS. NUMBER OF DAYS WITH
THUNDERSTORM              0     MIXED PRECIP               0
HEAVY RAIN                0     RAIN                       1
LIGHT RAIN                6     FREEZING RAIN              1
LT FREEZING RAIN          2     HAIL                       0
HEAVY SNOW                4     SNOW                       6
LIGHT SNOW               14     SLEET                      0
FOG                      24     FOG W/VIS <= 1/4 MILE     10
HAZE                     14

-  INDICATES NEGATIVE NUMBERS.
R  INDICATES RECORD WAS SET OR TIED.
MM INDICATES DATA IS MISSING.
T  INDICATES TRACE AMOUNT.

$$
