000
CXUS53 KMPX 011313
CLMEAU


CLIMATE REPORT
NATIONAL WEATHER SERVICE CHANHASSEN MN
811 AM CDT SUN MAY 1 2016

...................................

...THE EAU CLAIRE WI CLIMATE SUMMARY FOR THE MONTH OF APRIL 2016...

CLIMATE NORMAL PERIOD 1981 TO 2010
CLIMATE RECORD PERIOD 1893 TO 2016

WEATHER         OBSERVED          NORMAL  DEPART  LAST YEAR`S
                 VALUE   DATE(S)  VALUE   FROM    VALUE  DATE(S)
                                          NORMAL
................................................................
TEMPERATURE (F)
RECORD
 HIGH              91   04/15/2002
 LOW                4   04/02/1924
HIGHEST            81   04/18        68      13       80  04/01
                        04/16
LOWEST             13   04/09        27     -14       25  04/24
                                                          04/04
AVG. MAXIMUM     55.6              57.7    -2.1     59.8
AVG. MINIMUM     35.8              34.2     1.6     35.1
MEAN             45.7              46.0    -0.3     47.4
DAYS MAX >= 90      0               0.0     0.0        0
DAYS MAX <= 32      1               0.4     0.6        0
DAYS MIN <= 32     11              12.2    -1.2       10
DAYS MIN <= 0       0               0.0     0.0        0

PRECIPITATION (INCHES)
RECORD
 MAXIMUM         6.11   1954
 MINIMUM         0.51   1905
TOTALS           2.56              2.75   -0.19     2.76
DAILY AVG.       0.09              0.09    0.00     0.09
DAYS >= .01        14              11.0     3.0       13
DAYS >= .10         7               6.3     0.7        4
DAYS >= .50         1               1.7    -0.7        2
DAYS >= 1.00        1               0.4     0.6        1
GREATEST
 24 HR. TOTAL    1.02   04/28 TO 04/28

SNOWFALL (INCHES)
RECORDS
 TOTAL           15.0   1945
TOTALS            1.8               1.9    -0.1      1.4
SINCE 7/1        38.0              46.8    -8.8     38.1
SNOWDEPTH AVG.      0                MM      MM        0
DAYS >= 1.0         1               0.7     0.3        1
GREATEST
 SNOW DEPTH         1   04/02                          1  04/10
 24 HR TOTAL      1.3   MM

DEGREE_DAYS
HEATING TOTAL     577               576       1      521
 SINCE 7/1       6566              7640   -1074     7864
COOLING TOTAL       4                 4       0        0
 SINCE 1/1          4                 4       0        0
.................................................................

WIND (MPH)
AVERAGE WIND SPEED              9.2
HIGHEST WIND SPEED/DIRECTION    29/320    DATE  04/08
HIGHEST GUST SPEED/DIRECTION    41/350    DATE  04/02

SKY COVER
POSSIBLE SUNSHINE (PERCENT)   MM
AVERAGE SKY COVER           0.60
NUMBER OF DAYS FAIR            8
NUMBER OF DAYS PC             13
NUMBER OF DAYS CLOUDY          9

AVERAGE RH (PERCENT)     61

WEATHER CONDITIONS. NUMBER OF DAYS WITH
THUNDERSTORM              0     MIXED PRECIP               0
HEAVY RAIN                2     RAIN                       6
LIGHT RAIN               12     FREEZING RAIN              0
LT FREEZING RAIN          0     HAIL                       0
HEAVY SNOW                0     SNOW                       1
LIGHT SNOW                6     SLEET                      0
FOG                      12     FOG W/VIS <= 1/4 MILE      0
HAZE                      4

-  INDICATES NEGATIVE NUMBERS.
R  INDICATES RECORD WAS SET OR TIED.
MM INDICATES DATA IS MISSING.
T  INDICATES TRACE AMOUNT.

$$
