000
CXUS53 KMPX 010707
CLMEAU


CLIMATE REPORT
NATIONAL WEATHER SERVICE CHANHASSEN MN
202 AM CDT TUE JUL 1 2014

...................................

...THE EAU CLAIRE WI CLIMATE SUMMARY FOR THE MONTH OF JUNE 2014...

CLIMATE NORMAL PERIOD 1981 TO 2010
CLIMATE RECORD PERIOD 1893 TO 2014

WEATHER         OBSERVED          NORMAL  DEPART  LAST YEAR`S
                 VALUE   DATE(S)  VALUE   FROM    VALUE  DATE(S)
                                          NORMAL
................................................................
TEMPERATURE (F)
RECORD
 HIGH             105   06/01/1934
 LOW               25   06/01/1897
HIGHEST            85   06/20        90      -5       86  06/27
                        06/16
LOWEST             46   06/13        49      -3       43  06/03
                        06/08
AVG. MAXIMUM     79.0              78.6     0.4     75.3
AVG. MINIMUM     57.8              55.3     2.5     56.2
MEAN             68.4              66.9     1.5     65.7
DAYS MAX >= 90      0               2.3    -2.3        0
DAYS MAX <= 32      0               0.0     0.0        0
DAYS MIN <= 32      0               0.0     0.0        0
DAYS MIN <= 0       0               0.0     0.0        0

PRECIPITATION (INCHES)
RECORD
 MAXIMUM        10.42   1990
 MINIMUM         0.59   1910
TOTALS           9.84              4.13    5.71     5.86
DAILY AVG.       0.33              0.14    0.19     0.20
DAYS >= .01        17              12.3     4.7       16
DAYS >= .10        14               8.2     5.8       10
DAYS >= .50         6               2.8     3.2        2
DAYS >= 1.00        3               0.8     2.2        2
GREATEST
 24 HR. TOTAL    2.98   06/14 TO 06/15

SNOWFALL (INCHES)
RECORDS
 TOTAL            0.0   MM
TOTALS            0.0               0.0     0.0      0.0
SINCE 7/1        74.8              46.8    28.0     84.3
SNOWDEPTH AVG.      0                MM      MM        0
DAYS >= 1.0         0               0.0     0.0        0
GREATEST
 SNOW DEPTH         0   MM                             0  MM
 24 HR TOTAL      0.0   06/30 TO 06/30

DEGREE_DAYS
HEATING TOTAL      25                62     -37       63
 SINCE 7/1       9167              7960    1207     8300
COOLING TOTAL     134               120      14       90
 SINCE 1/1        169               152      17      122
.................................................................

WIND (MPH)
AVERAGE WIND SPEED              7.5
HIGHEST WIND SPEED/DIRECTION    38/120    DATE  06/16
HIGHEST GUST SPEED/DIRECTION    50/120    DATE  06/16

SKY COVER
POSSIBLE SUNSHINE (PERCENT)   MM
AVERAGE SKY COVER           0.40
NUMBER OF DAYS FAIR           16
NUMBER OF DAYS PC             11
NUMBER OF DAYS CLOUDY          3

AVERAGE RH (PERCENT)     73

WEATHER CONDITIONS. NUMBER OF DAYS WITH
THUNDERSTORM             11     MIXED PRECIP               0
HEAVY RAIN                8     RAIN                      13
LIGHT RAIN               17     FREEZING RAIN              0
LT FREEZING RAIN          0     HAIL                       0
HEAVY SNOW                0     SNOW                       0
LIGHT SNOW                0     SLEET                      0
FOG                      19     FOG W/VIS <= 1/4 MILE      1
HAZE                      0

-  INDICATES NEGATIVE NUMBERS.
R  INDICATES RECORD WAS SET OR TIED.
MM INDICATES DATA IS MISSING.
T  INDICATES TRACE AMOUNT.

$$
