000
CXUS53 KMPX 011419
CLMEAU


CLIMATE REPORT
NATIONAL WEATHER SERVICE CHANHASSEN MN
919 AM CDT THU OCT 1 2015

...................................

...THE EAU CLAIRE WI CLIMATE SUMMARY FOR THE MONTH OF SEPTEMBER 2015...

CLIMATE NORMAL PERIOD 1981 TO 2010
CLIMATE RECORD PERIOD 1893 TO 2015

WEATHER         OBSERVED          NORMAL  DEPART  LAST YEAR`S
                 VALUE   DATE(S)  VALUE   FROM    VALUE  DATE(S)
                                          NORMAL
................................................................
TEMPERATURE (F)
RECORD
 HIGH             101   09/10/1931
 LOW               22   09/30/1899
HIGHEST            87   09/05        82       5       82  09/27
                        09/01
LOWEST             33   09/30        41      -8       35  09/13
                                                          09/12
AVG. MAXIMUM     75.5              71.4     4.1     70.3
AVG. MINIMUM     55.6              48.9     6.7     48.3
MEAN             65.6              60.2     5.4     59.3
DAYS MAX >= 90      0               0.3    -0.3        0
DAYS MAX <= 32      0               0.0     0.0        0
DAYS MIN <= 32      0               0.9    -0.9        0
DAYS MIN <= 0       0               0.0     0.0        0

PRECIPITATION (INCHES)
RECORD
 MAXIMUM        10.85   1986
 MINIMUM         0.19   1976
TOTALS           5.29              3.68    1.61     5.46
DAILY AVG.       0.18              0.12    0.06     0.18
DAYS >= .01        11              12.0    -1.0        8
DAYS >= .10         7               6.6     0.4        8
DAYS >= .50         4               1.9     2.1        5
DAYS >= 1.00        3               0.9     2.1        3
GREATEST
 24 HR. TOTAL    1.40   09/02 TO 09/02
                        09/01 TO 09/02
                        09/02 TO 09/02

SNOWFALL (INCHES)
RECORDS
 TOTAL            0.0   MM
TOTALS            0.0               0.0     0.0      0.0
SINCE 7/1         0.0               0.0     0.0      0.0
SNOWDEPTH AVG.      0                MM      MM        0
DAYS >= 1.0         0               0.0     0.0        0
GREATEST
 SNOW DEPTH         0   MM                             0  MM
 24 HR TOTAL      0.0   09/30 TO 09/30

DEGREE_DAYS
HEATING TOTAL      93               194    -101      187
 SINCE 7/1        148               233     -85      210
COOLING TOTAL     116                48      68       22
 SINCE 1/1        518               575     -57      500
.................................................................

WIND (MPH)
AVERAGE WIND SPEED              6.8
HIGHEST WIND SPEED/DIRECTION    26/160    DATE  09/15
HIGHEST GUST SPEED/DIRECTION    37/200    DATE  09/06

SKY COVER
POSSIBLE SUNSHINE (PERCENT)   MM
AVERAGE SKY COVER           0.30
NUMBER OF DAYS FAIR           19
NUMBER OF DAYS PC             11
NUMBER OF DAYS CLOUDY          0

AVERAGE RH (PERCENT)     72

WEATHER CONDITIONS. NUMBER OF DAYS WITH
THUNDERSTORM              0     MIXED PRECIP               0
HEAVY RAIN                4     RAIN                       6
LIGHT RAIN               12     FREEZING RAIN              0
LT FREEZING RAIN          0     HAIL                       0
HEAVY SNOW                0     SNOW                       0
LIGHT SNOW                0     SLEET                      0
FOG                      21     FOG W/VIS <= 1/4 MILE      5
HAZE                      2

-  INDICATES NEGATIVE NUMBERS.
R  INDICATES RECORD WAS SET OR TIED.
MM INDICATES DATA IS MISSING.
T  INDICATES TRACE AMOUNT.

$$
