000
CXUS53 KMPX 010732
CLMEAU


CLIMATE REPORT
NATIONAL WEATHER SERVICE CHANHASSEN MN
130 AM CST SUN NOV 1 2015

...................................

...THE EAU CLAIRE WI CLIMATE SUMMARY FOR THE MONTH OF OCTOBER 2015...

CLIMATE NORMAL PERIOD 1981 TO 2010
CLIMATE RECORD PERIOD 1893 TO 2015

WEATHER         OBSERVED          NORMAL  DEPART  LAST YEAR`S
                 VALUE   DATE(S)  VALUE   FROM    VALUE  DATE(S)
                                          NORMAL
................................................................
TEMPERATURE (F)
RECORD
 HIGH              89   10/03/1997
                        10/01/1976
                        10/02/1953
 LOW                7   10/30/1925
HIGHEST            82   10/11        70      12       68  10/27
                                                          10/16
LOWEST             24   10/18        27      -3       20  10/31
AVG. MAXIMUM     60.2              57.9     2.3     57.0
AVG. MINIMUM     38.9              36.8     2.1     36.0
MEAN             49.6              47.3     2.3     46.5
DAYS MAX >= 90      0               0.0     0.0        0
DAYS MAX <= 32      0               0.2    -0.2        0
DAYS MIN <= 32      3               9.7    -6.7       13
DAYS MIN <= 0       0               0.0     0.0        0

PRECIPITATION (INCHES)
RECORD
 MAXIMUM        10.35   1911
 MINIMUM         0.08   1952
TOTALS           2.93              2.34    0.59     2.43
DAILY AVG.       0.09              0.08    0.01     0.08
DAYS >= .01        10              10.2    -0.2        8
DAYS >= .10         6               5.1     0.9        6
DAYS >= .50         3               1.4     1.6        2
DAYS >= 1.00        0               0.4    -0.4        0
GREATEST
 24 HR. TOTAL    1.22   10/27 TO 10/28

SNOWFALL (INCHES)
RECORDS
 TOTAL            4.7   2009
TOTALS            0.9               0.4     0.5      0.6
SINCE 7/1         0.9               0.4     0.5      0.6
SNOWDEPTH AVG.      0                MM      MM        0
DAYS >= 1.0         0               0.3    -0.3        0
GREATEST
 SNOW DEPTH         T   10/29                          0  MM
 24 HR TOTAL      0.5   10/29 TO 10/29

DEGREE_DAYS
HEATING TOTAL     474               551     -77      566
 SINCE 7/1        622               784    -162      776
COOLING TOTAL       2                 4      -2        0
 SINCE 1/1        520               579     -59      500
.................................................................

WIND (MPH)
AVERAGE WIND SPEED              7.9
HIGHEST WIND SPEED/DIRECTION    30/280    DATE  10/12
HIGHEST GUST SPEED/DIRECTION    39/280    DATE  10/12

SKY COVER
POSSIBLE SUNSHINE (PERCENT)   MM
AVERAGE SKY COVER           0.40
NUMBER OF DAYS FAIR           15
NUMBER OF DAYS PC              8
NUMBER OF DAYS CLOUDY          8

AVERAGE RH (PERCENT)     69

WEATHER CONDITIONS. NUMBER OF DAYS WITH
THUNDERSTORM              0     MIXED PRECIP               0
HEAVY RAIN                2     RAIN                       5
LIGHT RAIN               13     FREEZING RAIN              0
LT FREEZING RAIN          0     HAIL                       0
HEAVY SNOW                0     SNOW                       0
LIGHT SNOW                2     SLEET                      0
FOG                      18     FOG W/VIS <= 1/4 MILE      3
HAZE                      0

-  INDICATES NEGATIVE NUMBERS.
R  INDICATES RECORD WAS SET OR TIED.
MM INDICATES DATA IS MISSING.
T  INDICATES TRACE AMOUNT.

$$
