000
CXUS53 KMPX 010815
CLMEAU


CLIMATE REPORT
NATIONAL WEATHER SERVICE CHANHASSEN MN
313 AM CDT WED OCT 1 2014

...................................

...THE EAU CLAIRE WI CLIMATE SUMMARY FOR THE MONTH OF SEPTEMBER 2014...

CLIMATE NORMAL PERIOD 1981 TO 2010
CLIMATE RECORD PERIOD 1893 TO 2014

WEATHER         OBSERVED          NORMAL  DEPART  LAST YEAR`S
                 VALUE   DATE(S)  VALUE   FROM    VALUE  DATE(S)
                                          NORMAL
................................................................
TEMPERATURE (F)
RECORD
 HIGH             101   09/10/1931
 LOW               22   09/30/1899
HIGHEST            82   09/27        82       0       93  09/07
LOWEST             35   09/13        41      -6       36  09/16
                        09/12
AVG. MAXIMUM     70.3              71.4    -1.1     76.3
AVG. MINIMUM     48.3              48.9    -0.6     50.4
MEAN             59.3              60.2    -0.9     63.3
DAYS MAX >= 90      0               0.3    -0.3        3
DAYS MAX <= 32      0               0.0     0.0        0
DAYS MIN <= 32      0               0.9    -0.9        0
DAYS MIN <= 0       0               0.0     0.0        0

PRECIPITATION (INCHES)
RECORD
 MAXIMUM        10.85   1986
 MINIMUM         0.19   1976
TOTALS           5.46              3.68    1.78     1.77
DAILY AVG.       0.18              0.12    0.06     0.06
DAYS >= .01         8              12.0    -4.0        8
DAYS >= .10         8               6.6     1.4        6
DAYS >= .50         5               1.9     3.1        1
DAYS >= 1.00        3               0.9     2.1        0
GREATEST
 24 HR. TOTAL    2.07   09/09 TO 09/10

SNOWFALL (INCHES)
RECORDS
 TOTAL            0.0   MM
TOTALS            0.0               0.0     0.0      0.0
SINCE 7/1         0.0               0.0     0.0      0.0
SNOWDEPTH AVG.      0                MM      MM        0
DAYS >= 1.0         0               0.0     0.0        0
GREATEST
 SNOW DEPTH         0   MM                             0  MM
 24 HR TOTAL      0.0   MM

DEGREE_DAYS
HEATING TOTAL     187               194      -7      129
 SINCE 7/1        210               233     -23      167
COOLING TOTAL      22                48     -26       87
 SINCE 1/1        500               575     -75      653
.................................................................

WIND (MPH)
AVERAGE WIND SPEED              6.8
HIGHEST WIND SPEED/DIRECTION    31/190    DATE  09/19
HIGHEST GUST SPEED/DIRECTION    40/200    DATE  09/19

SKY COVER
POSSIBLE SUNSHINE (PERCENT)   MM
AVERAGE SKY COVER           0.40
NUMBER OF DAYS FAIR           11
NUMBER OF DAYS PC             17
NUMBER OF DAYS CLOUDY          2

AVERAGE RH (PERCENT)     73

WEATHER CONDITIONS. NUMBER OF DAYS WITH
THUNDERSTORM              0     MIXED PRECIP               0
HEAVY RAIN                6     RAIN                       7
LIGHT RAIN               13     FREEZING RAIN              0
LT FREEZING RAIN          0     HAIL                       0
HEAVY SNOW                0     SNOW                       0
LIGHT SNOW                0     SLEET                      0
FOG                      20     FOG W/VIS <= 1/4 MILE      4
HAZE                      0

-  INDICATES NEGATIVE NUMBERS.
R  INDICATES RECORD WAS SET OR TIED.
MM INDICATES DATA IS MISSING.
T  INDICATES TRACE AMOUNT.

$$
