000
CXUS53 KMPX 042037
CLMEAU
CLIMATE REPORT
NATIONAL WEATHER SERVICE TWIN CITIES/CHANHASSEN MN
337 PM CDT TUE APR 04 2023
...................................
...THE EAU CLAIRE WI CLIMATE SUMMARY FOR THE MONTH OF MARCH 2023...
CLIMATE NORMAL PERIOD 1991 TO 2020
CLIMATE RECORD PERIOD 1893 TO 2023
WEATHER OBSERVED NORMAL DEPART LAST YEAR`S
VALUE DATE(S) VALUE FROM VALUE DATE(S)
NORMAL
................................................................
TEMPERATURE (F)
RECORD
HIGH 84 03/31/1986
03/29/1986
LOW -35 03/01/1962
HIGHEST 45 03/15 58 -13 60 03/16
03/24
LOWEST -4 03/14 8 -12 -3 03/12
AVG. MAXIMUM 37.2 41.3 -4.1 38.5
AVG. MINIMUM 19.8 21.2 -1.4 21.4
MEAN 28.5 31.2 -2.7 30.0
DAYS MAX >= 90 0 0.0 0.0 0
DAYS MAX <= 32 7 7.1 -0.1 8
DAYS MIN <= 32 29 25.5 3.5 28
DAYS MIN <= 0 1 1.8 -0.8 1
PRECIPITATION (INCHES)
RECORD
MAXIMUM 6.03 1998
MINIMUM 0.01 1910
TOTALS 3.22 1.97 1.25 2.46
DAILY AVG. 0.10 0.06 0.04 0.08
DAYS >= .01 11 9.6 1.4 8
DAYS >= .10 7 4.8 2.2 5
DAYS >= .50 1 1.1 -0.1 3
DAYS >= 1.00 1 0.3 0.7 0
GREATEST
24 HR. TOTAL 1.55 03/31 TO 03/31
SNOWFALL (INCHES)
RECORDS
TOTAL 31.1 1965
TOTALS 15.5 9.6 5.9 1.7
SINCE 7/1 71.9 50.7 21.2 MM
SNOWDEPTH AVG. 4 0
DAYS >= 1.0 5 2.5 2.5 0
GREATEST
SNOW DEPTH 9 03/12 2 03/01
03/13
03/02
03/03
24 HR TOTAL 4.5 03/09 TO 03/09
DEGREE DAYS
HEATING TOTAL 1125 1047 78 1076
SINCE 7/1 6748 6996 -248 MM
COOLING TOTAL 0 0 0 0
SINCE 1/1 0 0 0 MM
................................................................
WIND (MPH)
AVERAGE WIND SPEED 8.0
HIGHEST WIND SPEED/DIRECTION 25/080 DATE 03/31
HIGHEST GUST SPEED/DIRECTION 37/300 DATE 03/16
SKY COVER
POSSIBLE SUNSHINE (PERCENT) MM
AVERAGE SKY COVER 0.48
NUMBER OF DAYS FAIR 14
NUMBER OF DAYS PC 7
NUMBER OF DAYS CLOUDY 10
AVERAGE RH (PERCENT) 69
WEATHER CONDITIONS. NUMBER OF DAYS WITH
THUNDERSTORM 0 MIXED PRECIP 0
HEAVY RAIN 1 RAIN 2
LIGHT RAIN 4 FREEZING RAIN 0
LT FREEZING RAIN 1 HAIL 0
HEAVY SNOW 0 SNOW 5
LIGHT SNOW 14 SLEET 0
FOG 15 FOG W/VIS <= 1/4 MILE 2
HAZE 7
- INDICATES NEGATIVE NUMBERS.
R INDICATES RECORD WAS SET OR TIED.
MM INDICATES DATA IS MISSING.
T INDICATES TRACE AMOUNT.
$$