000
CXUS53 KMPX 010848
CLMEAU


CLIMATE REPORT
NATIONAL WEATHER SERVICE CHANHASSEN MN
346 AM CDT SAT NOV 1 2014

...................................

...THE EAU CLAIRE WI CLIMATE SUMMARY FOR THE MONTH OF OCTOBER 2014...

CLIMATE NORMAL PERIOD 1981 TO 2010
CLIMATE RECORD PERIOD 1893 TO 2014

WEATHER         OBSERVED          NORMAL  DEPART  LAST YEAR`S
                 VALUE   DATE(S)  VALUE   FROM    VALUE  DATE(S)
                                          NORMAL
................................................................
TEMPERATURE (F)
RECORD
 HIGH              89   10/03/1997
                        10/01/1976
                        10/02/1953
 LOW                7   10/30/1925
HIGHEST            68   10/27        70      -2       78  10/01
                        10/16
LOWEST             20   10/31        27      -7       24  10/23
AVG. MAXIMUM     57.0              57.9    -0.9     57.0
AVG. MINIMUM     36.0              36.8    -0.8     37.1
MEAN             46.5              47.3    -0.8     47.0
DAYS MAX >= 90      0               0.0     0.0        0
DAYS MAX <= 32      0               0.2    -0.2        0
DAYS MIN <= 32     13               9.7     3.3       12
DAYS MIN <= 0       0               0.0     0.0        0

PRECIPITATION (INCHES)
RECORD
 MAXIMUM        10.35   1911
 MINIMUM         0.08   1952
TOTALS           2.43              2.34    0.09     3.64
DAILY AVG.       0.08              0.08    0.00     0.12
DAYS >= .01         8              10.2    -2.2       14
DAYS >= .10         6               5.1     0.9        7
DAYS >= .50         2               1.4     0.6        3
DAYS >= 1.00        0               0.4    -0.4        0
GREATEST
 24 HR. TOTAL    0.95   10/13 TO 10/14

SNOWFALL (INCHES)
RECORDS
 TOTAL            4.7   2009
TOTALS            0.6               0.4     0.2        T
SINCE 7/1         0.6               0.4     0.2        T
SNOWDEPTH AVG.      0                MM      MM        0
DAYS >= 1.0         0               0.3    -0.3        0
GREATEST
 SNOW DEPTH         0   MM                             0  MM
 24 HR TOTAL      0.6   MM

DEGREE_DAYS
HEATING TOTAL     566               551      15      551
 SINCE 7/1        776               784      -8      718
COOLING TOTAL       0                 4      -4        0
 SINCE 1/1        500               579     -79      653
.................................................................

WIND (MPH)
AVERAGE WIND SPEED              7.8
HIGHEST WIND SPEED/DIRECTION    30/300    DATE  10/03
HIGHEST GUST SPEED/DIRECTION    39/270    DATE  10/28

SKY COVER
POSSIBLE SUNSHINE (PERCENT)   MM
AVERAGE SKY COVER           0.50
NUMBER OF DAYS FAIR           14
NUMBER OF DAYS PC              6
NUMBER OF DAYS CLOUDY         11

AVERAGE RH (PERCENT)     70

WEATHER CONDITIONS. NUMBER OF DAYS WITH
THUNDERSTORM              0     MIXED PRECIP               0
HEAVY RAIN                2     RAIN                       5
LIGHT RAIN               10     FREEZING RAIN              0
LT FREEZING RAIN          0     HAIL                       0
HEAVY SNOW                0     SNOW                       0
LIGHT SNOW                2     SLEET                      0
FOG                      17     FOG W/VIS <= 1/4 MILE      6
HAZE                      2

-  INDICATES NEGATIVE NUMBERS.
R  INDICATES RECORD WAS SET OR TIED.
MM INDICATES DATA IS MISSING.
T  INDICATES TRACE AMOUNT.

$$
