000
CXUS53 KMPX 011151
CLMEAU


CLIMATE REPORT
NATIONAL WEATHER SERVICE CHANHASSEN MN
550 AM CST SUN DEC 1 2013

...................................

...THE EAU CLAIRE WI CLIMATE SUMMARY FOR THE MONTH OF NOVEMBER 2013...

CLIMATE NORMAL PERIOD 1981 TO 2010
CLIMATE RECORD PERIOD 1893 TO 2013

WEATHER         OBSERVED          NORMAL  DEPART  LAST YEAR`S
                 VALUE   DATE(S)  VALUE   FROM    VALUE  DATE(S)
                                          NORMAL
................................................................
TEMPERATURE (F)
RECORD
 HIGH              79   11/01/1933
 LOW              -18   11/30/1964
HIGHEST            55   11/16        54       1       67  11/11
LOWEST              1   11/24        13     -12        8  11/27
AVG. MAXIMUM     39.3              41.4    -2.1     45.5
AVG. MINIMUM     21.7              24.5    -2.8     26.4
MEAN             30.5              32.9    -2.4     35.9
DAYS MAX >= 90      0               0.0     0.0        0
DAYS MAX <= 32      8               6.1     1.9        6
DAYS MIN <= 32     25              23.3     1.7       21
DAYS MIN <= 0       0               0.7    -0.7        0

PRECIPITATION (INCHES)
RECORD
 MAXIMUM         7.52   1991
 MINIMUM         0.07   2002
TOTALS           1.32              1.84   -0.52     0.70
DAILY AVG.       0.04              0.06   -0.02     0.02
DAYS >= .01        11               8.9     2.1        2
DAYS >= .10         4               4.2    -0.2        2
DAYS >= .50         0               1.0    -1.0        0
DAYS >= 1.00        0               0.2    -0.2        0
GREATEST
 24 HR. TOTAL    0.40   11/05 TO 11/06

SNOWFALL (INCHES)
RECORDS
 TOTAL           19.0   1985
TOTALS            2.2               5.9    -3.7      0.9
SINCE 7/1         2.2               6.3    -4.1      0.9
SNOWDEPTH AVG.      0                MM      MM        0
DAYS >= 1.0         1               1.9    -0.9        0
GREATEST
 SNOW DEPTH         1   11/24                          0  MM
                        11/23
                        11/22
 24 HR TOTAL      1.2   MM

DEGREE_DAYS
HEATING TOTAL    1027               962      65      868
 SINCE 7/1       1745              1746      -1     1721
COOLING TOTAL       0                 0       0        0
 SINCE 1/1        653               579      74      830
.................................................................

WIND (MPH)
AVERAGE WIND SPEED              8.2
HIGHEST WIND SPEED/DIRECTION    29/290    DATE  11/09
HIGHEST GUST SPEED/DIRECTION    38/280    DATE  11/09

SKY COVER
POSSIBLE SUNSHINE (PERCENT)   MM
AVERAGE SKY COVER           0.50
NUMBER OF DAYS FAIR           10
NUMBER OF DAYS PC             11
NUMBER OF DAYS CLOUDY          9

AVERAGE RH (PERCENT)     72

WEATHER CONDITIONS. NUMBER OF DAYS WITH
THUNDERSTORM              0     MIXED PRECIP               0
HEAVY RAIN                0     RAIN                       5
LIGHT RAIN                9     FREEZING RAIN              0
LT FREEZING RAIN          0     HAIL                       0
HEAVY SNOW                0     SNOW                       0
LIGHT SNOW                8     SLEET                      0
FOG                      15     FOG W/VIS <= 1/4 MILE      5
HAZE                      1

-  INDICATES NEGATIVE NUMBERS.
R  INDICATES RECORD WAS SET OR TIED.
MM INDICATES DATA IS MISSING.
T  INDICATES TRACE AMOUNT.

$$
