000
CXUS53 KMPX 010646
CLMEAU


CLIMATE REPORT
NATIONAL WEATHER SERVICE CHANHASSEN MN
1246 AM CST SAT MAR 1 2014

...................................

...THE EAU CLAIRE WI CLIMATE SUMMARY FOR THE MONTH OF FEBRUARY 2014...

CLIMATE NORMAL PERIOD 1981 TO 2010
CLIMATE RECORD PERIOD 1893 TO 2014

WEATHER         OBSERVED          NORMAL  DEPART  LAST YEAR`S
                 VALUE   DATE(S)  VALUE   FROM    VALUE  DATE(S)
                                          NORMAL
................................................................
TEMPERATURE (F)
RECORD
 HIGH              61   02/24/1931
 LOW              -40   02/10/1899
HIGHEST            41   02/19        44      -3       37  02/26
LOWEST            -25   02/11       -10     -15      -12  02/01
AVG. MAXIMUM     16.6              28.9   -12.3     26.0
AVG. MINIMUM     -5.2               9.9   -15.1      9.6
MEAN              5.7              19.4   -13.7     17.8
DAYS MAX >= 90      0               0.0     0.0        0
DAYS MAX <= 32     25              15.8     9.2       18
DAYS MIN <= 32     28              27.1     0.9       28
DAYS MIN <= 0      18               7.7    10.3        8

PRECIPITATION (INCHES)
RECORD
 MAXIMUM         3.10   1922
 MINIMUM         0.02   1958
TOTALS           1.62              0.81    0.81     1.49
DAILY AVG.       0.06              0.03    0.03     0.05
DAYS >= .01         7               7.2    -0.2       10
DAYS >= .10         4               2.3     1.7        4
DAYS >= .50         1               0.3     0.7        0
DAYS >= 1.00        0               0.0     0.0        0
GREATEST
 24 HR. TOTAL    0.78   02/20 TO 02/20
                        02/20 TO 02/21

SNOWFALL (INCHES)
RECORDS
 TOTAL           24.3   5
                        0
TOTALS           15.7               7.3     8.4     15.4
SINCE 7/1        61.7              36.3    25.4     42.5
SNOWDEPTH AVG.     17                 7      10        6
DAYS >= 1.0         4               2.6     1.4        5
GREATEST
 SNOW DEPTH        21   02/22                         11  02/23
                        02/21
 24 HR TOTAL      6.8   MM

DEGREE_DAYS
HEATING TOTAL    1651              1277     374     1316
 SINCE 7/1       6892              6021     871     5859
COOLING TOTAL       0                 0       0        0
 SINCE 1/1          0                 0       0        0
.................................................................

WIND (MPH)
AVERAGE WIND SPEED              7.5
HIGHEST WIND SPEED/DIRECTION    31/310    DATE  02/26
HIGHEST GUST SPEED/DIRECTION    42/280    DATE  02/21

SKY COVER
POSSIBLE SUNSHINE (PERCENT)   MM
AVERAGE SKY COVER           0.40
NUMBER OF DAYS FAIR           17
NUMBER OF DAYS PC              7
NUMBER OF DAYS CLOUDY          4

AVERAGE RH (PERCENT)     72

WEATHER CONDITIONS. NUMBER OF DAYS WITH
THUNDERSTORM              0     MIXED PRECIP               0
HEAVY RAIN                0     RAIN                       0
LIGHT RAIN                1     FREEZING RAIN              0
LT FREEZING RAIN          0     HAIL                       0
HEAVY SNOW                2     SNOW                       4
LIGHT SNOW               14     SLEET                      0
FOG                      14     FOG W/VIS <= 1/4 MILE      3
HAZE                     18

-  INDICATES NEGATIVE NUMBERS.
R  INDICATES RECORD WAS SET OR TIED.
MM INDICATES DATA IS MISSING.
T  INDICATES TRACE AMOUNT.

$$
