000
CXUS53 KMPX 020143
CLMEAU

CLIMATE REPORT
NATIONAL WEATHER SERVICE CHANHASSEN MN
810 AM CDT SAT JUN 1 2013

...................................

...THE EAU CLAIRE WI CLIMATE SUMMARY FOR THE MONTH OF MAY 2013...

CLIMATE NORMAL PERIOD 1981 TO 2010
CLIMATE RECORD PERIOD 1893 TO 2013

WEATHER         OBSERVED          NORMAL  DEPART  LAST YEAR`S
                 VALUE   DATE(S)  VALUE   FROM    VALUE  DATE(S)
                                          NORMAL
................................................................
TEMPERATURE (F)
RECORD
 HIGH             107   05/31/1934
 LOW               20   05/03/1967
                        05/09/1966
                        05/04/1907
HIGHEST            91   05/14        80      11       91  05/19
                                                          05/18
LOWEST             29   05/13        37      -8       38  05/16
                                                          05/10
AVG. MAXIMUM     66.9              69.8    -2.9     73.9
AVG. MINIMUM     44.6              45.4    -0.8     49.4
MEAN             55.8              57.6    -1.8     61.6
DAYS MAX >= 90      1               0.4     0.6        2
DAYS MAX <= 32      0               0.0     0.0        0
DAYS MIN <= 32      4               1.8     2.2        0
DAYS MIN <= 0       0               0.0     0.0        0

PRECIPITATION (INCHES)
RECORD
 MAXIMUM        10.54   1938
 MINIMUM         0.75   1900
TOTALS           9.28              3.46    5.82     4.58
DAILY AVG.       0.30              0.11    0.19     0.15
DAYS >= .01        17              12.2     4.8       11
DAYS >= .10        14               7.2     6.8        7
DAYS >= .50         7               2.4     4.6        5
DAYS >= 1.00        3               0.7     2.3        0
GREATEST
 24 HR. TOTAL    1.90   05/29 TO 05/30

SNOWFALL (INCHES)
RECORDS
 TOTAL            3.3   2001
TOTALS            9.3R              0.0     9.3      0.0
SINCE 7/1        84.3              46.8    37.5     23.8
SNOWDEPTH AVG.      0                MM      MM        0
DAYS >= 1.0         1               0.0     1.0        0
GREATEST
 SNOW DEPTH         9R  05/03                          0  MM
 24 HR TOTAL      8.7   MM

DEGREE_DAYS
HEATING TOTAL     308               257      51      152
 SINCE 7/1       8237              7897     340     6456
COOLING TOTAL      29                28       1       56
 SINCE 1/1         32                32       0       70
.................................................................

WIND (MPH)
AVERAGE WIND SPEED              7.9
HIGHEST WIND SPEED/DIRECTION    32/300    DATE  05/11
HIGHEST GUST SPEED/DIRECTION    43/260    DATE  05/31

SKY COVER
POSSIBLE SUNSHINE (PERCENT)   MM
AVERAGE SKY COVER           0.50
NUMBER OF DAYS FAIR           12
NUMBER OF DAYS PC              8
NUMBER OF DAYS CLOUDY         11

AVERAGE RH (PERCENT)     68

WEATHER CONDITIONS. NUMBER OF DAYS WITH
THUNDERSTORM              0     MIXED PRECIP               0
HEAVY RAIN                7     RAIN                      11
LIGHT RAIN               20     FREEZING RAIN              1
LT FREEZING RAIN          1     HAIL                       0
HEAVY SNOW                1     SNOW                       1
LIGHT SNOW                2     SLEET                      0
FOG                      13     FOG W/VIS <= 1/4 MILE      1
HAZE                      1

-  INDICATES NEGATIVE NUMBERS.
R  INDICATES RECORD WAS SET OR TIED.
MM INDICATES DATA IS MISSING.
T  INDICATES TRACE AMOUNT.

$$
