000
CXUS53 KMPX 011037
CLMEAU


CLIMATE REPORT
NATIONAL WEATHER SERVICE CHANHASSEN MN
535 AM CDT FRI APR 1 2016

...................................

...THE EAU CLAIRE WI CLIMATE SUMMARY FOR THE MONTH OF MARCH 2016...

CLIMATE NORMAL PERIOD 1981 TO 2010
CLIMATE RECORD PERIOD 1893 TO 2016

WEATHER         OBSERVED          NORMAL  DEPART  LAST YEAR`S
                 VALUE   DATE(S)  VALUE   FROM    VALUE  DATE(S)
                                          NORMAL
................................................................
TEMPERATURE (F)
RECORD
 HIGH              84   03/31/1986
                        03/29/1986
 LOW              -21   03/03/2014
                        03/11/1948
                        01/29/1951
HIGHEST            70   03/08        58      12       66  03/13
LOWEST              9   03/02         8       1      -13  03/05
AVG. MAXIMUM     47.9              41.1     6.8     44.3
AVG. MINIMUM     29.3              21.6     7.7     21.5
MEAN             38.6              31.4     7.2     32.9
DAYS MAX >= 90      0               0.0     0.0        0
DAYS MAX <= 32      2               5.9    -3.9        6
DAYS MIN <= 32     19              25.7    -6.7       27
DAYS MIN <= 0       0               1.5    -1.5        3

PRECIPITATION (INCHES)
RECORD
 MAXIMUM         6.03   1998
 MINIMUM         0.01   1910
TOTALS           4.66              1.73    2.93     0.71
DAILY AVG.       0.15              0.06    0.09     0.02
DAYS >= .01        12               9.0     3.0        7
DAYS >= .10         8               4.3     3.7        4
DAYS >= .50         2               0.9     1.1        0
DAYS >= 1.00        1               0.2     0.8        0
GREATEST
 24 HR. TOTAL    1.83   03/15 TO 03/16

SNOWFALL (INCHES)
RECORDS
 TOTAL           31.1   1965
TOTALS           12.1               8.6     3.5      5.9
SINCE 7/1        36.2              44.9    -8.7     36.7
SNOWDEPTH AVG.      0                 5      -5        1
DAYS >= 1.0         3               2.0     1.0        3
GREATEST
 SNOW DEPTH         7   03/24                          4  03/06
                                                          03/05
                                                          03/04
 24 HR TOTAL      6.1   MM

DEGREE_DAYS
HEATING TOTAL     811              1044    -233      990
 SINCE 7/1       5989              7064   -1075     7343
COOLING TOTAL       0                 0       0        0
 SINCE 1/1          0                 0       0        0
.................................................................

WIND (MPH)
AVERAGE WIND SPEED              7.3
HIGHEST WIND SPEED/DIRECTION    31/280    DATE  03/16
HIGHEST GUST SPEED/DIRECTION    44/280    DATE  03/16

SKY COVER
POSSIBLE SUNSHINE (PERCENT)   MM
AVERAGE SKY COVER           0.60
NUMBER OF DAYS FAIR            8
NUMBER OF DAYS PC              7
NUMBER OF DAYS CLOUDY         16

AVERAGE RH (PERCENT)     69

WEATHER CONDITIONS. NUMBER OF DAYS WITH
THUNDERSTORM              0     MIXED PRECIP               0
HEAVY RAIN                1     RAIN                       4
LIGHT RAIN                9     FREEZING RAIN              0
LT FREEZING RAIN          0     HAIL                       0
HEAVY SNOW                1     SNOW                       3
LIGHT SNOW                9     SLEET                      0
FOG                      20     FOG W/VIS <= 1/4 MILE      3
HAZE                      6

-  INDICATES NEGATIVE NUMBERS.
R  INDICATES RECORD WAS SET OR TIED.
MM INDICATES DATA IS MISSING.
T  INDICATES TRACE AMOUNT.

$$
