000
CXUS53 KMPX 011551 CCA
CLMEAU

CLIMATE REPORT...CORRECTED MONTHLY PRECIP
NATIONAL WEATHER SERVICE CHANHASSEN MN
1249 AM CST WED MAR 1 2017

...................................

...THE EAU CLAIRE WI CLIMATE SUMMARY FOR THE MONTH OF FEBRUARY 2017...

CLIMATE NORMAL PERIOD 1981 TO 2010
CLIMATE RECORD PERIOD 1893 TO 2017

WEATHER         OBSERVED          NORMAL  DEPART  LAST YEAR`S
                 VALUE   DATE(S)  VALUE   FROM    VALUE  DATE(S)
                                          NORMAL
................................................................
TEMPERATURE (F)
RECORD
 HIGH              61   02/27/2016
                        02/24/1931
 LOW              -40   02/10/1899
HIGHEST            60   02/19        44      16       61  02/27
LOWEST             -3   02/03       -10       7      -13  02/13
AVG. MAXIMUM     37.0              28.9     8.1     30.0
AVG. MINIMUM     18.3               9.9     8.4     13.4
MEAN             27.6              19.4     8.2     21.7
DAYS MAX >= 90      0               0.0     0.0        0
DAYS MAX <= 32     11              15.8    -4.8       14
DAYS MIN <= 32     24              27.1    -3.1       28
DAYS MIN <= 0       3               7.7    -4.7        6

PRECIPITATION (INCHES)
RECORD
 MAXIMUM         3.10   1922
 MINIMUM         0.02   1958
TOTALS           1.71              0.81    0.90     0.74
DAILY AVG.       0.06              0.03    0.03     0.03
DAYS >= .01         3               7.2    -4.2        8
DAYS >= .10         2               2.3    -0.3        2
DAYS >= .50         2               0.3     1.7        0
DAYS >= 1.00        0               0.0     0.0        0
GREATEST
 24 HR. TOTAL    0.86   02/20 TO 02/20

SNOWFALL (INCHES)
RECORDS
 TOTAL           24.3   5
                        0
TOTALS           10.7               7.3     3.4      8.1
SINCE 7/1        48.9              36.3    12.6     24.1
SNOWDEPTH AVG.      4                 7      -3        4
DAYS >= 1.0         1               2.6    -1.6        2
GREATEST
 SNOW DEPTH         8   02/26                          8  02/03
                        02/25
                        02/24
 24 HR TOTAL     10.4   MM

DEGREE_DAYS
HEATING TOTAL    1036              1276    -240     1247
 SINCE 7/1       5110              6020    -910     5178
COOLING TOTAL       0                 0       0        0
 SINCE 1/1          0                 0       0        0
.................................................................

WIND (MPH)
AVERAGE WIND SPEED              8.3
HIGHEST WIND SPEED/DIRECTION    31/300    DATE  02/12
HIGHEST GUST SPEED/DIRECTION    38/300    DATE  02/12

SKY COVER
POSSIBLE SUNSHINE (PERCENT)   MM
AVERAGE SKY COVER           0.30
NUMBER OF DAYS FAIR           17
NUMBER OF DAYS PC              7
NUMBER OF DAYS CLOUDY          4

AVERAGE RH (PERCENT)     71

WEATHER CONDITIONS. NUMBER OF DAYS WITH
THUNDERSTORM              0     MIXED PRECIP               0
HEAVY RAIN                1     RAIN                       1
LIGHT RAIN                2     FREEZING RAIN              0
LT FREEZING RAIN          2     HAIL                       0
HEAVY SNOW                1     SNOW                       1
LIGHT SNOW                6     SLEET                      0
FOG                       6     FOG W/VIS <= 1/4 MILE      1
HAZE                      6

-  INDICATES NEGATIVE NUMBERS.
R  INDICATES RECORD WAS SET OR TIED.
MM INDICATES DATA IS MISSING.
T  INDICATES TRACE AMOUNT.

$$

6TH WARMEST FEB ON RECORD
