000
CXUS53 KMPX 011023
CLMEAU


CLIMATE REPORT
NATIONAL WEATHER SERVICE CHANHASSEN MN
523 AM CDT WED NOV 1 2017

...................................

...THE EAU CLAIRE WI CLIMATE SUMMARY FOR THE MONTH OF OCTOBER 2017...

CLIMATE NORMAL PERIOD 1981 TO 2010
CLIMATE RECORD PERIOD 1893 TO 2017

WEATHER         OBSERVED          NORMAL  DEPART  LAST YEAR`S
                 VALUE   DATE(S)  VALUE   FROM    VALUE  DATE(S)
                                          NORMAL
................................................................
TEMPERATURE (F)
RECORD
 HIGH              89   10/03/1997
                        10/01/1976
                        10/02/1953
 LOW                7   10/30/1925
HIGHEST            77   10/20        70       7       77  10/17
LOWEST             23   10/31        27      -4       27  10/25
AVG. MAXIMUM     58.9              57.9     1.0     61.3
AVG. MINIMUM     40.1              36.8     3.3     40.9
MEAN             49.5              47.3     2.2     51.1
DAYS MAX >= 90      0               0.0     0.0        0
DAYS MAX <= 32      1               0.2     0.8        0
DAYS MIN <= 32      6               9.7    -3.7        3
DAYS MIN <= 0       0               0.0     0.0        0

PRECIPITATION (INCHES)
RECORD
 MAXIMUM        10.35   1911
 MINIMUM         0.08   1952
TOTALS           3.54              2.34    1.20     2.72
DAILY AVG.       0.11              0.08    0.03     0.09
DAYS >= .01        12              10.2     1.8       10
DAYS >= .10         7               5.1     1.9        6
DAYS >= .50         2               1.4     0.6        2
DAYS >= 1.00        1               0.4     0.6        0
GREATEST
 24 HR. TOTAL    1.06   10/06 TO 10/06

SNOWFALL (INCHES)
RECORDS
 TOTAL            4.7   2009
TOTALS            1.9               0.4     1.5      0.0
SINCE 7/1         1.9               0.4     1.5      0.0
SNOWDEPTH AVG.      0                MM      MM        0
DAYS >= 1.0         1               0.3     0.7        0
GREATEST
 SNOW DEPTH         0   MM                             0  MM
 24 HR TOTAL      1.9   10/27 TO 10/27

DEGREE_DAYS
HEATING TOTAL     472               551     -79      425
 SINCE 7/1        633               784    -151      517
COOLING TOTAL       0                 4      -4        2
 SINCE 1/1        466               579    -113      624
.................................................................

WIND (MPH)
AVERAGE WIND SPEED              8.4
HIGHEST WIND SPEED/DIRECTION    26/250    DATE  10/18
HIGHEST GUST SPEED/DIRECTION    34/320    DATE  10/24

SKY COVER
POSSIBLE SUNSHINE (PERCENT)   MM
AVERAGE SKY COVER           0.50
NUMBER OF DAYS FAIR            9
NUMBER OF DAYS PC             13
NUMBER OF DAYS CLOUDY          9

AVERAGE RH (PERCENT)     71

WEATHER CONDITIONS. NUMBER OF DAYS WITH
THUNDERSTORM              0     MIXED PRECIP               0
HEAVY RAIN                2     RAIN                       7
LIGHT RAIN               16     FREEZING RAIN              0
LT FREEZING RAIN          0     HAIL                       0
HEAVY SNOW                0     SNOW                       1
LIGHT SNOW                2     SLEET                      0
FOG                      14     FOG W/VIS <= 1/4 MILE      1
HAZE                      1

-  INDICATES NEGATIVE NUMBERS.
R  INDICATES RECORD WAS SET OR TIED.
MM INDICATES DATA IS MISSING.
T  INDICATES TRACE AMOUNT.

$$
