000
CXUS53 KMPX 010959
CLMEAU


CLIMATE REPORT
NATIONAL WEATHER SERVICE CHANHASSEN MN
359 AM CST MON DEC 1 2014

...................................

...THE EAU CLAIRE WI CLIMATE SUMMARY FOR THE MONTH OF NOVEMBER 2014...

CLIMATE NORMAL PERIOD 1981 TO 2010
CLIMATE RECORD PERIOD 1893 TO 2014

WEATHER         OBSERVED          NORMAL  DEPART  LAST YEAR`S
                 VALUE   DATE(S)  VALUE   FROM    VALUE  DATE(S)
                                          NORMAL
................................................................
TEMPERATURE (F)
RECORD
 HIGH              79   11/01/1933
 LOW              -18   11/30/1964
HIGHEST            57   11/02        54       3       55  11/16
LOWEST             -4   11/21        13     -17        1  11/24
AVG. MAXIMUM     32.2              41.4    -9.2     39.3
AVG. MINIMUM     17.5              24.5    -7.0     21.7
MEAN             24.9              32.9    -8.0     30.5
DAYS MAX >= 90      0               0.0     0.0        0
DAYS MAX <= 32     16               6.1     9.9        8
DAYS MIN <= 32     26              23.3     2.7       25
DAYS MIN <= 0       3               0.7     2.3        0

PRECIPITATION (INCHES)
RECORD
 MAXIMUM         7.52   1991
 MINIMUM         0.07   2002
TOTALS           1.74              1.84   -0.10     1.32
DAILY AVG.       0.06              0.06    0.00     0.04
DAYS >= .01        15               8.9     6.1       11
DAYS >= .10         5               4.2     0.8        4
DAYS >= .50         0               1.0    -1.0        0
DAYS >= 1.00        0               0.2    -0.2        0
GREATEST
 24 HR. TOTAL    0.39   11/24 TO 11/24

SNOWFALL (INCHES)
RECORDS
 TOTAL           19.0   1985
TOTALS           13.6               5.9     7.7      2.2
SINCE 7/1        14.2               6.3     7.9      2.2
SNOWDEPTH AVG.      3                MM      MM        0
DAYS >= 1.0         6               1.9     4.1        1
GREATEST
 SNOW DEPTH         7   11/19                          1  11/24
                                                          11/23
                                                          11/22
 24 HR TOTAL      4.0   11/11 TO 11/11

DEGREE_DAYS
HEATING TOTAL    1196               962     234     1027
 SINCE 7/1       1972              1746     226     1745
COOLING TOTAL       0                 0       0        0
 SINCE 1/1        500               579     -79      653
.................................................................

WIND (MPH)
AVERAGE WIND SPEED              8.6
HIGHEST WIND SPEED/DIRECTION    29/320    DATE  11/08
HIGHEST GUST SPEED/DIRECTION    37/320    DATE  11/08

SKY COVER
POSSIBLE SUNSHINE (PERCENT)   MM
AVERAGE SKY COVER           0.70
NUMBER OF DAYS FAIR            6
NUMBER OF DAYS PC              8
NUMBER OF DAYS CLOUDY         16

AVERAGE RH (PERCENT)     74

WEATHER CONDITIONS. NUMBER OF DAYS WITH
THUNDERSTORM              0     MIXED PRECIP               0
HEAVY RAIN                1     RAIN                       0
LIGHT RAIN                8     FREEZING RAIN              0
LT FREEZING RAIN          2     HAIL                       0
HEAVY SNOW                0     SNOW                       1
LIGHT SNOW               18     SLEET                      0
FOG                      17     FOG W/VIS <= 1/4 MILE      3
HAZE                      7

-  INDICATES NEGATIVE NUMBERS.
R  INDICATES RECORD WAS SET OR TIED.
MM INDICATES DATA IS MISSING.
T  INDICATES TRACE AMOUNT.

$$
