000
CXUS53 KMPX 011141
CLMEAU


CLIMATE REPORT
NATIONAL WEATHER SERVICE CHANHASSEN MN
540 AM CST SAT FEB 1 2014

...................................

...THE EAU CLAIRE WI CLIMATE SUMMARY FOR THE MONTH OF JANUARY 2014...

CLIMATE NORMAL PERIOD 1981 TO 2010
CLIMATE RECORD PERIOD 1893 TO 2014

WEATHER         OBSERVED          NORMAL  DEPART  LAST YEAR`S
                 VALUE   DATE(S)  VALUE   FROM    VALUE  DATE(S)
                                          NORMAL
................................................................
TEMPERATURE (F)
RECORD
 HIGH              55   01/26/1944
                        01/25/1944
 LOW              -45   01/30/1951
HIGHEST            41   01/12        35       6       44  01/12
LOWEST            -24   01/09       -13     -11      -12  01/22
AVG. MAXIMUM     16.8              23.4    -6.6     24.9
AVG. MINIMUM     -5.4               5.4   -10.8      6.8
MEAN              5.7              14.4    -8.7     15.8
DAYS MAX >= 90      0               0.0     0.0        0
DAYS MAX <= 32     28              22.5     5.5       20
DAYS MIN <= 32     31              30.7     0.3       30
DAYS MIN <= 0      22              11.0    11.0       10

PRECIPITATION (INCHES)
RECORD
 MAXIMUM         3.47   1967
 MINIMUM         0.10   1981
TOTALS           1.58              0.89    0.69     1.08
DAILY AVG.       0.05              0.03    0.02     0.03
DAYS >= .01        13               8.4     4.6        8
DAYS >= .10         3               2.6     0.4        3
DAYS >= .50         1               0.2     0.8        0
DAYS >= 1.00        0               0.0     0.0        0
GREATEST
 24 HR. TOTAL    0.85   01/14 TO 01/14

SNOWFALL (INCHES)
RECORDS
 TOTAL           29.8   1997
TOTALS           24.8              13.2    11.6      5.3
SINCE 7/1        46.0              29.0    17.0     27.1
SNOWDEPTH AVG.     11                 7       4        2
DAYS >= 1.0         4               3.5     0.5        3
GREATEST
 SNOW DEPTH        17   01/31                          4  01/08
                                                          01/07
                                                          01/06
 24 HR TOTAL      9.0   01/14 TO 01/14

DEGREE_DAYS
HEATING TOTAL    1831              1568     263     1516
 SINCE 7/1       5241              4744     497     4543
COOLING TOTAL       0                 0       0        0
 SINCE 1/1          0                 0       0        0
.................................................................

WIND (MPH)
AVERAGE WIND SPEED              9.0
HIGHEST WIND SPEED/DIRECTION    30/290    DATE  01/26
HIGHEST GUST SPEED/DIRECTION    38/300    DATE  01/26

SKY COVER
POSSIBLE SUNSHINE (PERCENT)   MM
AVERAGE SKY COVER           0.50
NUMBER OF DAYS FAIR           14
NUMBER OF DAYS PC              9
NUMBER OF DAYS CLOUDY          8

AVERAGE RH (PERCENT)     72

WEATHER CONDITIONS. NUMBER OF DAYS WITH
THUNDERSTORM              0     MIXED PRECIP               0
HEAVY RAIN                0     RAIN                       0
LIGHT RAIN                0     FREEZING RAIN              0
LT FREEZING RAIN          1     HAIL                       0
HEAVY SNOW                2     SNOW                       3
LIGHT SNOW               17     SLEET                      0
FOG                      15     FOG W/VIS <= 1/4 MILE      2
HAZE                     10

-  INDICATES NEGATIVE NUMBERS.
R  INDICATES RECORD WAS SET OR TIED.
MM INDICATES DATA IS MISSING.
T  INDICATES TRACE AMOUNT.

$$
