962
CXUS53 KMPX 011040
CLMEAU


CLIMATE REPORT
NATIONAL WEATHER SERVICE CHANHASSEN MN
440 AM CST FRI DEC 1 2017

...................................

...THE EAU CLAIRE WI CLIMATE SUMMARY FOR THE MONTH OF NOVEMBER 2017...

CLIMATE NORMAL PERIOD 1981 TO 2010
CLIMATE RECORD PERIOD 1893 TO 2017

WEATHER         OBSERVED          NORMAL  DEPART  LAST YEAR`S
                 VALUE   DATE(S)  VALUE   FROM    VALUE  DATE(S)
                                          NORMAL
................................................................
TEMPERATURE (F)
RECORD
 HIGH              79   11/01/1933
 LOW              -18   11/30/1964
HIGHEST            59   11/24        54       5       72  11/05
LOWEST              3   11/10        13     -10       16  11/21
AVG. MAXIMUM     40.4              41.4    -1.0     51.7
AVG. MINIMUM     22.1              24.5    -2.4     31.8
MEAN             31.2              32.9    -1.7     41.7
DAYS MAX >= 90      0               0.0     0.0        0
DAYS MAX <= 32      3               6.1    -3.1        1
DAYS MIN <= 32     24              23.3     0.7       14
DAYS MIN <= 0       0               0.7    -0.7        0

PRECIPITATION (INCHES)
RECORD
 MAXIMUM         7.52   1991
 MINIMUM         0.07   2002
TOTALS           0.49              1.84   -1.35     1.17
DAILY AVG.       0.02              0.06   -0.04     0.04
DAYS >= .01         8               8.9    -0.9        8
DAYS >= .10         1               4.2    -3.2        4
DAYS >= .50         0               1.0    -1.0        0
DAYS >= 1.00        0               0.2    -0.2        0
GREATEST
 24 HR. TOTAL    0.16   11/01 TO 11/01

SNOWFALL (INCHES)
RECORDS
 TOTAL           19.0   1985
TOTALS            1.4               5.9    -4.5      1.7
SINCE 7/1         3.3               6.3    -3.0      1.7
SNOWDEPTH AVG.      0                MM      MM        0
DAYS >= 1.0         1               1.9    -0.9        1
GREATEST
 SNOW DEPTH         0   MM                             1  11/24
                                                          11/23
 24 HR TOTAL      1.1   11/01 TO 11/01

DEGREE_DAYS
HEATING TOTAL    1008               962      46      692
 SINCE 7/1       1641              1746    -105     1209
COOLING TOTAL       0                 0       0        0
 SINCE 1/1        466               579    -113      624
.................................................................

WIND (MPH)
AVERAGE WIND SPEED              7.9
HIGHEST WIND SPEED/DIRECTION    31/290    DATE  11/21
HIGHEST GUST SPEED/DIRECTION    44/290    DATE  11/21

SKY COVER
POSSIBLE SUNSHINE (PERCENT)   MM
AVERAGE SKY COVER           0.50
NUMBER OF DAYS FAIR           13
NUMBER OF DAYS PC              9
NUMBER OF DAYS CLOUDY          8

AVERAGE RH (PERCENT)     71

WEATHER CONDITIONS. NUMBER OF DAYS WITH
THUNDERSTORM              0     MIXED PRECIP               0
HEAVY RAIN                0     RAIN                       0
LIGHT RAIN                4     FREEZING RAIN              0
LT FREEZING RAIN          0     HAIL                       0
HEAVY SNOW                1     SNOW                       1
LIGHT SNOW                9     SLEET                      0
FOG                      16     FOG W/VIS <= 1/4 MILE      2
HAZE                      8

-  INDICATES NEGATIVE NUMBERS.
R  INDICATES RECORD WAS SET OR TIED.
MM INDICATES DATA IS MISSING.
T  INDICATES TRACE AMOUNT.

$$
