116
CXUS53 KMPX 011251
CLMEAU


CLIMATE REPORT
NATIONAL WEATHER SERVICE CHANHASSEN MN
746 AM CDT TUE NOV 1 2016

...................................

...THE EAU CLAIRE WI CLIMATE SUMMARY FOR THE MONTH OF OCTOBER 2016...

CLIMATE NORMAL PERIOD 1981 TO 2010
CLIMATE RECORD PERIOD 1893 TO 2016

WEATHER         OBSERVED          NORMAL  DEPART  LAST YEAR`S
                 VALUE   DATE(S)  VALUE   FROM    VALUE  DATE(S)
                                          NORMAL
................................................................
TEMPERATURE (F)
RECORD
 HIGH              89   10/03/1997
                        10/01/1976
                        10/02/1953
 LOW                7   10/30/1925
HIGHEST            77   10/17        70       7       82  10/11
LOWEST             27   10/25        27       0       24  10/18
AVG. MAXIMUM     61.3              57.9     3.4     60.2
AVG. MINIMUM     40.9              36.8     4.1     38.9
MEAN             51.1              47.3     3.8     49.6
DAYS MAX >= 90      0               0.0     0.0        0
DAYS MAX <= 32      0               0.2    -0.2        0
DAYS MIN <= 32      3               9.7    -6.7        3
DAYS MIN <= 0       0               0.0     0.0        0

PRECIPITATION (INCHES)
RECORD
 MAXIMUM        10.35   1911
 MINIMUM         0.08   1952
TOTALS           2.72              2.34    0.38     2.93
DAILY AVG.       0.09              0.08    0.01     0.09
DAYS >= .01        10              10.2    -0.2       10
DAYS >= .10         6               5.1     0.9        6
DAYS >= .50         2               1.4     0.6        3
DAYS >= 1.00        0               0.4    -0.4        0
GREATEST
 24 HR. TOTAL    1.05   10/17 TO 10/18

SNOWFALL (INCHES)
RECORDS
 TOTAL            4.7   2009
TOTALS            0.0               0.4    -0.4      0.9
SINCE 7/1         0.0               0.4    -0.4      0.9
SNOWDEPTH AVG.      0                MM      MM        0
DAYS >= 1.0         0               0.3    -0.3        0
GREATEST
 SNOW DEPTH         0   MM                            -1  10/29
 24 HR TOTAL      0.0   10/31 TO 10/31

DEGREE_DAYS
HEATING TOTAL     425               551    -126      474
 SINCE 7/1        517               784    -267      622
COOLING TOTAL       2                 4      -2        2
 SINCE 1/1        624               579      45      520
.................................................................

WIND (MPH)
AVERAGE WIND SPEED              7.4
HIGHEST WIND SPEED/DIRECTION    26/290    DATE  10/23
HIGHEST GUST SPEED/DIRECTION    35/300    DATE  10/23

SKY COVER
POSSIBLE SUNSHINE (PERCENT)   MM
AVERAGE SKY COVER           0.50
NUMBER OF DAYS FAIR           12
NUMBER OF DAYS PC             12
NUMBER OF DAYS CLOUDY          7

AVERAGE RH (PERCENT)     74

WEATHER CONDITIONS. NUMBER OF DAYS WITH
THUNDERSTORM              0     MIXED PRECIP               0
HEAVY RAIN                3     RAIN                       6
LIGHT RAIN               12     FREEZING RAIN              0
LT FREEZING RAIN          0     HAIL                       0
HEAVY SNOW                0     SNOW                       0
LIGHT SNOW                0     SLEET                      0
FOG                      18     FOG W/VIS <= 1/4 MILE      5
HAZE                      0

-  INDICATES NEGATIVE NUMBERS.
R  INDICATES RECORD WAS SET OR TIED.
MM INDICATES DATA IS MISSING.
T  INDICATES TRACE AMOUNT.

$$
