000
CXUS55 KEAX 210736
CF6EAX
PRELIMINARY LOCAL CLIMATOLOGICAL DATA (WS FORM: F-6)

                                          STATION:   Pleasant Hill NWS MO
                                          MONTH:     FEBRUARY
                                          YEAR:      2018
                                          LATITUDE:   38 48 N
                                          LONGITUDE:  94 16 W

  TEMPERATURE IN F:       :PCPN:    SNOW:  WIND      :SUNSHINE: SKY     :PK WND
================================================================================
1   2   3   4   5  6A  6B    7    8   9   10  11  12  13   14  15   16   17  18
                                     12Z  AVG MX 2MIN
DY MAX MIN AVG DEP HDD CDD  WTR  SNW DPTH SPD SPD DIR MIN PSBL S-S WX    SPD DR
================================================================================

 1  40  17  29  -1  36   0 0.00  0.0    0   M   M   M   0    0   0         0   0
 2  34  10  22  -8  43   0 0.00  0.0    0   M   M   M   0    0   0         0   0
 3  49  30  40  10  25   0 0.00  0.0    0   M   M   M   0    0   0         0   0
 4  38   3  21  -9  44   0 0.05  1.6    1   M   M   M   0    0   0         0   0
 5  22   0  11 -20  54   0    T    T    1   M   M   M   0    0   0         0   0
 6  21  12  17 -14  48   0    T    T    1   M   M   M   0    0   0         0   0
 7  32  11  22  -9  43   0    T    T    1   M   M   M   0    0   0         0   0
 8  52  20  36   5  29   0 0.00  0.0    0   M   M   M   0    0   0         0   0
 9  43  20  32   0  33   0 0.00  0.0    0   M   M   M   0    0   0         0   0
10  20  13  17 -15  48   0 0.01    T    T   M   M   M   0    0   0         0   0
11  31  14  23  -9  42   0    T    T    T   M   M   M   0    0   0         0   0
12  38  14  26  -6  39   0 0.00  0.0    0   M   M   M   0    0   0         0   0
13  46  24  35   2  30   0 0.00  0.0    0   M   M   M   0    0   0         0   0
14  55  34  45  12  20   0 0.00  0.0    0   M   M   M   0    0   0         0   0
15  69  38  54  21  11   0    T  0.0    0   M   M   M   0    0   0         0   0
16  38  25  32  -2  33   0    T    T    0   M   M   M   0    0   0         0   0
17  54  29  42   8  23   0 0.06    T    0   M   M   M   0    0   0         0   0
18  56  31  44  10  21   0    T  0.0    0   M   M   M   0    0   0         0   0
19  67  33  50  16  15   0 0.38  0.0    0   M   M   M   0    0   0 3       0   0
20  35  20  28  -7  37   0 1.07    T    0   M   M   M   0    0   0 1456    0   0
================================================================================
SM  840  398       674   0  1.57     1.6     M            0      0
================================================================================
AV 42.0 19.9                                 M FASTST    0   0   0    MAX(MPH)
                                 MISC ---->     M   M               #  0    0
================================================================================
NOTES:
# LAST OF SEVERAL OCCURRENCES

COLUMN 17 PEAK WIND IN M.P.H.

PRELIMINARY LOCAL CLIMATOLOGICAL DATA (WS FORM: F-6) , PAGE 2

                                          STATION:  Pleasant Hill NWS MO
                                          MONTH:    FEBRUARY
                                          YEAR:     2018
                                          LATITUDE:   38 48 N
                                          LONGITUDE:  94 16 W

[TEMPERATURE DATA]      [PRECIPITATION DATA]       SYMBOLS USED IN COLUMN 16

AVERAGE MONTHLY: 31.0   TOTAL FOR MONTH:   1.57    1 = FOG OR MIST
DPTR FM NORMAL:  -1.1   DPTR FM NORMAL:    0.42    2 = FOG REDUCING VISIBILITY
HIGHEST:    69 ON 15    GRTST 24HR  1.07 ON 20-20      TO 1/4 MILE OR LESS
LOWEST:      0 ON  5                               3 = THUNDER
                        SNOW, ICE PELLETS, HAIL    4 = ICE PELLETS
                        TOTAL MONTH:   1.6 INCHES  5 = HAIL
                        GRTST 24HR   1.6 ON  4- 4  6 = FREEZING RAIN OR DRIZZLE
                        GRTST DEPTH:   1 ON  7, 6  7 = DUSTSTORM OR SANDSTORM:
                                                       VSBY 1/2 MILE OR LESS
                                                   8 = SMOKE OR HAZE
[NO. OF DAYS WITH]      [WEATHER - DAYS WITH]      9 = BLOWING SNOW
                                                   X = TORNADO
MAX 32 OR BELOW:   5    0.01 INCH OR MORE:   5
MAX 90 OR ABOVE:   0    0.10 INCH OR MORE:   2
MIN 32 OR BELOW:  17    0.50 INCH OR MORE:   1
MIN  0 OR BELOW:   1    1.00 INCH OR MORE:   1

[HDD (BASE 65) ]
TOTAL THIS MO.   674    CLEAR  (SCALE 0-3)  20
DPTR FM NORMAL    17    PTCLDY (SCALE 4-7)   0
TOTAL FM JUL 1  3547    CLOUDY (SCALE 8-10)  0
DPTR FM NORMAL  -252

[CDD (BASE 65) ]
TOTAL THIS MO.     0
DPTR FM NORMAL     0    [PRESSURE DATA]
TOTAL FM JAN 1     0    HIGHEST SLP  0.00 ON M
DPTR FM NORMAL     0    LOWEST  SLP  0.00 ON M

[REMARKS]
