709
CXUS55 KEAX 010736
CF6EAX
PRELIMINARY LOCAL CLIMATOLOGICAL DATA (WS FORM: F-6)
STATION: PLEASANT HILL NWS MO
MONTH: JULY
YEAR: 2020
LATITUDE: 38 48 N
LONGITUDE: 94 16 W
TEMPERATURE IN F: :PCPN: SNOW: WIND :SUNSHINE: SKY :PK WND
================================================================================
1 2 3 4 5 6A 6B 7 8 9 10 11 12 13 14 15 16 17 18
12Z AVG MX 2MIN
DY MAX MIN AVG DEP HDD CDD WTR SNW DPTH SPD SPD DIR MIN PSBL S-S WX SPD DR
================================================================================
1 83 69 76 -1 0 11 0.12 0.0 0 M M M M M M M M
2 88 70 79 2 0 14 0.00 0.0 0 M M M M M M M M
3 90 72 81 4 0 16 0.00 0.0 0 M M M M M M M M
4 86 72 79 2 0 14 0.11 0.0 0 M M M M M M M M
5 89 71 80 3 0 15 0.00 0.0 0 M M M M M M M M
6 91 71 81 4 0 16 0.00 0.0 0 M M M M M M M M
7 93 71 82 4 0 17 0.00 0.0 0 M M M M M M M M
8 93 71 82 4 0 17 0.00 0.0 0 M M M M M M M M
9 89 69 79 1 0 14 0.03 0.0 0 M M M M M M 3 M M
10 92 67 80 2 0 15 0.00 0.0 0 M M M M M M M M
11 93 70 82 4 0 17 0.00 0.0 0 M M M M M M M M
12 87 66 77 -1 0 12 0.00 0.0 0 M M M M M M M M
13 92 67 80 2 0 15 0.00 0.0 0 M M M M M M M M
14 93 69 81 3 0 16 T 0.0 0 M M M M M M M M
15 84 68 76 -2 0 11 0.13 0.0 0 M M M M M M M M
16 86 66 76 -2 0 11 0.00 0.0 0 M M M M M M M M
17 94 71 83 5 0 18 0.00 0.0 0 M M M M M M M M
18 95 76 86 8 0 21 0.00 0.0 0 M M M M M M M M
19 91 70 81 3 0 16 0.02 0.0 0 M M M M M M M M
20 82 69 76 -2 0 11 0.39 0.0 0 M M M M M M M M
21 82 70 76 -2 0 11 0.53 0.0 0 M M M M M M M M
22 89 68 79 1 0 14 0.00 0.0 0 M M M M M M M M
23 93 71 82 4 0 17 0.00 0.0 0 M M M M M M M M
24 93 72 83 5 0 18 0.00 0.0 0 M M M M M M M M
25 93 73 83 5 0 18 0.00 0.0 0 M M M M M M M M
26 94 74 84 6 0 19 0.00 0.0 0 M M M M M M M M
27 84 71 78 0 0 13 0.43 0.0 0 M M M M M M M M
28 88 71 80 2 0 15 0.00 0.0 0 M M M M M M M M
29 83 70 77 -1 0 12 5.09 0.0 0 M M M M M M M M
30 75 68 72 -6 0 7 1.07 0.0 0 M M M M M M M M
31 79 65 72 -6 0 7 1.67 0.0 0 M M M M M M M M
================================================================================
SM 2744 2168 0 448 9.59 0.0 M M M
================================================================================
AV 88.5 69.9 M FASTST M M M MAX(MPH)
MISC ----> M M M M
================================================================================
NOTES:
# LAST OF SEVERAL OCCURRENCES
COLUMN 17 PEAK WIND IN M.P.H.
PRELIMINARY LOCAL CLIMATOLOGICAL DATA (WS FORM: F-6) , PAGE 2
STATION: PLEASANT HILL NWS MO
MONTH: JULY
YEAR: 2020
LATITUDE: 38 48 N
LONGITUDE: 94 16 W
[TEMPERATURE DATA] [PRECIPITATION DATA] SYMBOLS USED IN COLUMN 16
AVERAGE MONTHLY: 79.2 TOTAL FOR MONTH: 9.59 1 = FOG OR MIST
DPTR FM NORMAL: 1.2 DPTR FM NORMAL: 5.43 2 = FOG REDUCING VISIBILITY
HIGHEST: 95 ON 18 GRTST 24HR 5.09 ON 29-29 TO 1/4 MILE OR LESS
LOWEST: 65 ON 31 3 = THUNDER
SNOW, ICE PELLETS, HAIL 4 = ICE PELLETS
TOTAL MONTH: 0.0 INCH 5 = HAIL
GRTST 24HR 0.0 6 = FREEZING RAIN OR DRIZZLE
GRTST DEPTH: 0 7 = DUSTSTORM OR SANDSTORM:
VSBY 1/2 MILE OR LESS
8 = SMOKE OR HAZE
[NO. OF DAYS WITH] [WEATHER - DAYS WITH] 9 = BLOWING SNOW
X = TORNADO
MAX 32 OR BELOW: 0 0.01 INCH OR MORE: 11
MAX 90 OR ABOVE: 15 0.10 INCH OR MORE: 9
MIN 32 OR BELOW: 0 0.50 INCH OR MORE: 4
MIN 0 OR BELOW: 0 1.00 INCH OR MORE: 3
[HDD (BASE 65) ]
TOTAL THIS MO. 0 CLEAR (SCALE 0-3) 0
DPTR FM NORMAL 0 PTCLDY (SCALE 4-7) 0
TOTAL FM JUL 1 0 CLOUDY (SCALE 8-10) 31
DPTR FM NORMAL 0
[CDD (BASE 65) ]
TOTAL THIS MO. 448
DPTR FM NORMAL 45 [PRESSURE DATA]
TOTAL FM JAN 1 820 HIGHEST SLP M ON M
DPTR FM NORMAL 68 LOWEST SLP M ON M
[REMARKS]
#FINAL-07-20#