000
CXUS55 KEAX 100010
CF6EAX
PRELIMINARY LOCAL CLIMATOLOGICAL DATA (WS FORM: F-6)

                                          STATION:   Pleasant Hill NWS MO
                                          MONTH:     JANUARY
                                          YEAR:      2014
                                          LATITUDE:   38 48 N
                                          LONGITUDE:  94 16 W

  TEMPERATURE IN F:       :PCPN:    SNOW:  WIND      :SUNSHINE: SKY     :PK WND
================================================================================
1   2   3   4   5  6A  6B    7    8   9   10  11  12  13   14  15   16   17  18
                                     12Z  AVG MX 2MIN
DY MAX MIN AVG DEP HDD CDD  WTR  SNW DPTH SPD SPD DIR MIN PSBL S-S WX    SPD DR
================================================================================

 1  39  10  25  -4  40   0 0.08  1.9    0   M   M   M   0    0   0         0   0
 2  18   1  10 -19  55   0 0.00  0.0    2   M   M   M   0    0   0         0   0
 3  34   1  18 -10  47   0 0.00  0.0    2   M   M   M   0    0   0         0   0
 4  43  16  30   2  35   0 0.03  0.3    1   M   M   M   0    0   0         0   0
 5  16  -2   7 -21  58   0 0.13  3.1    2   M   M   M   0    0   0         0   0
 6   4  -9  -2 -30  67   0 0.00  0.0    3   M   M   M   0    0   0         0   0
 7  37  -6  16 -12  49   0 0.00  0.0    3   M   M   M   0    0   0         0   0
 8  29  17  23  -5  42   0 0.00  0.0    2   M   M   M   M    M   M         M  M
 9  31  17  24  -4  41   0 0.01  0.1    2   M   M   M   M    M   M 16      M  M
10  41  31  36   8  29   0 0.09  0.0    1   M   M   M   M    M   M 16      M  M
11  46  30  38  10  27   0 0.01  0.0    T   M   M   M   M    M   M         M  M
12  62  30  46  18  19   0 0.00  0.0    0   M   M   M   M    M   M         M  M
13  48  34  41  13  24   0    T  0.0    0   M   M   M   M    M   M         M  M
14  45  22  34   6  31   0 0.00  0.0    0   M   M   M   M    M   M         M  M
15  35  16  26  -2  39   0 0.00  0.0    0   M   M   M   M    M   M         M  M
16  47  19  33   5  32   0    T    T    0   M   M   M   M    M   M         M  M
17  31  16  24  -4  41   0    T    T    0   M   M   M   M    M   M         M  M
18  49  22  36   8  29   0 0.00  0.0    0   M   M   M   M    M   M         M  M
19  58  19  39  11  26   0 0.00  0.0    0   M   M   M   M    M   M         M  M
20  53  22  38  10  27   0    T    T    0   M   M   M   M    M   M         M  M
21  22   4  13 -15  52   0    T    T    0   M   M   M   M    M   M         M  M
22  36   8  22  -7  43   0 0.00  0.0    0   M   M   M   M    M   M         M  M
23  15   1   8 -21  57   0 0.00  0.0    0   M   M   M   M    M   M         M  M
24  41   5  23  -6  42   0    T  0.0    0   M   M   M   M    M   M         M  M
25  45  28  37   8  28   0 0.00  0.0    0   M   M   M   M    M   M         M  M
26  57  20  39  10  26   0    T    T    0   M   M   M   M    M   M         M  M
27  16   5  11 -18  54   0 0.00  0.0    0   M   M   M   M    M   M         M  M
28  23   1  12 -17  53   0 0.00  0.0    0   M   M   M   M    M   M         M  M
29  41  10  26  -3  39   0 0.00  0.0    0   M   M   M   M    M   M         M  M
30  45  30  38   8  27   0 0.00  0.0    0   M   M   M   M    M   M         M  M
31  30  20  25  -5  40   0 0.02    T    T   M   M   M   M    M   M 46      M  M
================================================================================
SM 1137  438      1219   0  0.37     5.4     M            0      0
================================================================================
AV 36.7 14.1                                 M FASTST    0   0   0    MAX(MPH)
                                 MISC ---->     M   M               #  0    0
================================================================================
NOTES:
# LAST OF SEVERAL OCCURRENCES

COLUMN 17 PEAK WIND IN M.P.H.

PRELIMINARY LOCAL CLIMATOLOGICAL DATA (WS FORM: F-6) , PAGE 2

                                          STATION:  Pleasant Hill NWS MO
                                          MONTH:    JANUARY
                                          YEAR:     2014
                                          LATITUDE:   38 48 N
                                          LONGITUDE:  94 16 W

[TEMPERATURE DATA]      [PRECIPITATION DATA]       SYMBOLS USED IN COLUMN 16

AVERAGE MONTHLY: 25.4   TOTAL FOR MONTH:   0.37    1 = FOG OR MIST
DPTR FM NORMAL:  -3.2   DPTR FM NORMAL:   -0.94    2 = FOG REDUCING VISIBILITY
HIGHEST:    62 ON 12    GRTST 24HR  0.13 ON  5- 5      TO 1/4 MILE OR LESS
LOWEST:     -9 ON  6                               3 = THUNDER
                        SNOW, ICE PELLETS, HAIL    4 = ICE PELLETS
                        TOTAL MONTH:   5.4 INCHES  5 = HAIL
                        GRTST 24HR   3.1 ON   M    6 = FREEZING RAIN OR DRIZZLE
                        GRTST DEPTH:   3 ON  7, 6  7 = DUSTSTORM OR SANDSTORM:
                                                       VSBY 1/2 MILE OR LESS
                                                   8 = SMOKE OR HAZE
[NO. OF DAYS WITH]      [WEATHER - DAYS WITH]      9 = BLOWING SNOW
                                                   X = TORNADO
MAX 32 OR BELOW:  11    0.01 INCH OR MORE:   7
MAX 90 OR ABOVE:   0    0.10 INCH OR MORE:   1
MIN 32 OR BELOW:  30    0.50 INCH OR MORE:   0
MIN  0 OR BELOW:   3    1.00 INCH OR MORE:   0

[HDD (BASE 65) ]
TOTAL THIS MO.  1219    CLEAR  (SCALE 0-3)   7
DPTR FM NORMAL    91    PTCLDY (SCALE 4-7)   0
TOTAL FM JUL 1  3343    CLOUDY (SCALE 8-10)  0
DPTR FM NORMAL   201

[CDD (BASE 65) ]
TOTAL THIS MO.     0
DPTR FM NORMAL     0    [PRESSURE DATA]
TOTAL FM JAN 1     0    HIGHEST SLP  0.00 ON M
DPTR FM NORMAL     0    LOWEST  SLP  0.00 ON M

[REMARKS]
#FINAL-01-14#
