000
CXUS55 KEAX 010736
CF6EAX
PRELIMINARY LOCAL CLIMATOLOGICAL DATA (WS FORM: F-6)

                                          STATION:   Pleasant Hill NWS MO
                                          MONTH:     OCTOBER
                                          YEAR:      2013
                                          LATITUDE:   38 48 N
                                          LONGITUDE:  94 16 W

  TEMPERATURE IN F:       :PCPN:    SNOW:  WIND      :SUNSHINE: SKY     :PK WND
================================================================================
1   2   3   4   5  6A  6B    7    8   9   10  11  12  13   14  15   16   17  18
                                     12Z  AVG MX 2MIN
DY MAX MIN AVG DEP HDD CDD  WTR  SNW DPTH SPD SPD DIR MIN PSBL S-S WX    SPD DR
================================================================================

 1  83  59  71   9   0   6 0.00  0.0    0   M   M   M   M    M   M         M  M
 2  85  62  74  13   0   9 0.00  0.0    0   M   M   M   M    M   M         M  M
 3  86  66  76  15   0  11 0.00  0.0    0   M   M   M   M    M   M         M  M
 4  87  66  77  17   0  12 0.01  0.0    0   M   M   M   M    M   M 3       M  M
 5  66  45  56  -4   9   0 0.17  0.0    0   M   M   M   M    M   M         M  M
 6  61  41  51  -9  14   0 0.00  0.0    0   M   M   M   M    M   M         M  M
 7  72  42  57  -2   8   0 0.00  0.0    0   M   M   M   M    M   M         M  M
 8  77  45  61   2   4   0 0.00  0.0    0   M   M   M   M    M   M         M  M
 9  77  47  62   3   3   0 0.00  0.0    0   M   M   M   M    M   M         M  M
10  79  48  64   6   1   0 0.00  0.0    0   M   M   M   M    M   M         M  M
11  76  54  65   7   0   0 0.13  0.0    0   M   M   M   M    M   M 3       M  M
12  69  50  60   2   5   0 0.05  0.0    0   M   M   M   M    M   M         M  M
13  72  47  60   3   5   0 0.00  0.0    0   M   M   M   M    M   M         M  M
14  68  51  60   3   5   0 0.11  0.0    0   M   M   M   M    M   M 3       M  M
15  61  43  52  -4  13   0 0.11  0.0    0   M   M   M   M    M   M         M  M
16  59  39  49  -7  16   0 0.04  0.0    0   M   M   M   M    M   M         M  M
17  66  42  54  -2  11   0 0.02  0.0    0   M   M   M   M    M   M         M  M
18  47  36  42 -14  23   0 0.14  0.0    0   M   M   M   M    M   M         M  M
19  61  33  47  -8  18   0 0.00  0.0    0   M   M   M   M    M   M         M  M
20  70  44  57   2   8   0 0.00  0.0    0   M   M   M   M    M   M         M  M
21  56  40  48  -6  17   0 0.00  0.0    0   M   M   M   M    M   M         M  M
22  62  36  49  -5  16   0    T  0.0    0   M   M   M   M    M   M         M  M
23  49  32  41 -13  24   0 0.00  0.0    0   M   M   M   M    M   M         M  M
24  51  32  42 -12  23   0 0.00  0.0    0   M   M   M   M    M   M         M  M
25  57  28  43 -10  22   0 0.00  0.0    0   M   M   M   M    M   M         M  M
26  61  36  49  -4  16   0 0.00  0.0    0   M   M   M   M    M   M         M  M
27  63  32  48  -4  17   0 0.00  0.0    0   M   M   M   M    M   M         M  M
28  65  37  51  -1  14   0 0.00  0.0    0   M   M   M   M    M   M         M  M
29  65  51  58   6   7   0 1.42  0.0    0   M   M   M   M    M   M         M  M
30  67  62  65  14   0   0 0.85  0.0    0   M   M   M   M    M   M         M  M
31  62  46  54   3  11   0 0.70  0.0    0   M   M   M   M    M   M         M  M
================================================================================
SM 2080 1392       310  38  3.75     0.0     M          M        M
================================================================================
AV 67.1 44.9                                 M FASTST   M    M   0    MAX(MPH)
                                 MISC ---->     M   M                  M    M
================================================================================
NOTES:
# LAST OF SEVERAL OCCURRENCES

COLUMN 17 PEAK WIND IN M.P.H.

PRELIMINARY LOCAL CLIMATOLOGICAL DATA (WS FORM: F-6) , PAGE 2

                                          STATION:  Pleasant Hill NWS MO
                                          MONTH:    OCTOBER
                                          YEAR:     2013
                                          LATITUDE:   38 48 N
                                          LONGITUDE:  94 16 W

[TEMPERATURE DATA]      [PRECIPITATION DATA]       SYMBOLS USED IN COLUMN 16

AVERAGE MONTHLY: 56.0   TOTAL FOR MONTH:   3.75    1 = FOG OR MIST
DPTR FM NORMAL:  -0.2   DPTR FM NORMAL:   -0.12    2 = FOG REDUCING VISIBILITY
HIGHEST:    87 ON  4    GRTST 24HR  1.42 ON 29-29      TO 1/4 MILE OR LESS
LOWEST:     28 ON 25                               3 = THUNDER
                        SNOW, ICE PELLETS, HAIL    4 = ICE PELLETS
                        TOTAL MONTH:   0.0 INCH    5 = HAIL
                        GRTST 24HR     0.0         6 = FREEZING RAIN OR DRIZZLE
                        GRTST DEPTH:   0           7 = DUSTSTORM OR SANDSTORM:
                                                       VSBY 1/2 MILE OR LESS
                                                   8 = SMOKE OR HAZE
[NO. OF DAYS WITH]      [WEATHER - DAYS WITH]      9 = BLOWING SNOW
                                                   X = TORNADO
MAX 32 OR BELOW:   0    0.01 INCH OR MORE:  12
MAX 90 OR ABOVE:   0    0.10 INCH OR MORE:   8
MIN 32 OR BELOW:   4    0.50 INCH OR MORE:   3
MIN  0 OR BELOW:   0    1.00 INCH OR MORE:   1

[HDD (BASE 65) ]
TOTAL THIS MO.   310    CLEAR  (SCALE 0-3)   0
DPTR FM NORMAL    15    PTCLDY (SCALE 4-7)   0
TOTAL FM JUL 1   334    CLOUDY (SCALE 8-10)  0
DPTR FM NORMAL   -19

[CDD (BASE 65) ]
TOTAL THIS MO.    38
DPTR FM NORMAL    14    [PRESSURE DATA]
TOTAL FM JAN 1  1327    HIGHEST SLP M ON M
DPTR FM NORMAL    30    LOWEST  SLP M ON M

[REMARKS]
#FINAL-10-13#
