000
CXUS55 KEAX 010736
CF6EAX
PRELIMINARY LOCAL CLIMATOLOGICAL DATA (WS FORM: F-6)

                                          STATION:   Pleasant Hill NWS MO
                                          MONTH:     DECEMBER
                                          YEAR:      2016
                                          LATITUDE:   38 48 N
                                          LONGITUDE:  94 16 W

  TEMPERATURE IN F:       :PCPN:    SNOW:  WIND      :SUNSHINE: SKY     :PK WND
================================================================================
1   2   3   4   5  6A  6B    7    8   9   10  11  12  13   14  15   16   17  18
                                     12Z  AVG MX 2MIN
DY MAX MIN AVG DEP HDD CDD  WTR  SNW DPTH SPD SPD DIR MIN PSBL S-S WX    SPD DR
================================================================================

 1  45  26  36  -1  29   0 0.00  0.0    0   M   M   M   0    0   0         0   0
 2  50  26  38   2  27   0 0.00  0.0    0   M   M   M   0    0   0         0   0
 3  50  33  42   6  23   0 0.03  0.0    0   M   M   M   0    0   0         0   0
 4  47  33  40   5  25   0 0.53  0.0    0   M   M   M   0    0   0         0   0
 5  51  27  39   4  26   0 0.00  0.0    0   M   M   M   0    0   0         0   0
 6  39  29  34   0  31   0 0.00  0.0    0   M   M   M   0    0   0         0   0
 7  32  20  26  -8  39   0 0.03  0.3    T   M   M   M   0    0   0         0   0
 8  26  14  20 -14  45   0 0.00  0.0    T   M   M   M   0    0   0         0   0
 9  28  11  20 -13  45   0 0.00  0.0    T   M   M   M   0    0   0         0   0
10  37  23  30  -3  35   0    T    T    0   M   M   M   0    0   0         0   0
11  44  25  35   2  30   0 0.04  0.0    0   M   M   M   0    0   0         0   0
12  30  15  23  -9  42   0 0.00  0.0    0   M   M   M   0    0   0         0   0
13  30  16  23  -9  42   0 0.00  0.0    0   M   M   M   0    0   0         0   0
14  27  15  21 -11  44   0 0.00  0.0    0   M   M   M   0    0   0         0   0
15  25  17  21 -11  44   0 0.00  0.0    0   M   M   M   0    0   0         0   0
16  33  25  29  -2  36   0 0.05  0.0    0   M   M   M   0    0   0         0   0
17  31   3  17 -14  48   0 0.05  1.8    2   M   M   M   0    0   0         0   0
18  10  -7   2 -29  63   0 0.00  0.0    1   M   M   M   0    0   0         0   0
19  24  -2  11 -20  54   0 0.00  0.0    T   M   M   M   0    0   0         0   0
20  38  15  27  -3  38   0 0.00  0.0    T   M   M   M   0    0   0         0   0
21  47  23  35   5  30   0 0.00  0.0    0   M   M   M   0    0   0         0   0
22  43  26  35   5  30   0 0.00  0.0    0   M   M   M   0    0   0         0   0
23  43  34  39   9  26   0 0.03    T    0   M   M   M   0    0   0         0   0
24  42  31  37   7  28   0 0.00  0.0    0   M   M   M   0    0   0         0   0
25  62  40  51  21  14   0 0.47  0.0    0   M   M   M   0    0   0         0   0
26  52  31  42  13  23   0 0.00  0.0    0   M   M   M   0    0   0         0   0
27  50  26  38   9  27   0 0.00  0.0    0   M   M   M   0    0   0         0   0
28  52  30  41  12  24   0 0.00  0.0    0   M   M   M   0    0   0         0   0
29  47  30  39  10  26   0 0.00  0.0    0   M   M   M   0    0   0         0   0
30  56  25  41  12  24   0 0.00  0.0    0   M   M   M   0    0   0         0   0
31  45  24  35   6  30   0 0.00  0.0    0   M   M   M   0    0   0         0   0
================================================================================
SM 1236  684      1048   0  1.23     2.1     M            0      0
================================================================================
AV 39.9 22.1                                 M FASTST    0   0   0    MAX(MPH)
                                 MISC ---->     M   M               #  0    0
================================================================================
NOTES:
# LAST OF SEVERAL OCCURRENCES

COLUMN 17 PEAK WIND IN M.P.H.

PRELIMINARY LOCAL CLIMATOLOGICAL DATA (WS FORM: F-6) , PAGE 2

                                          STATION:  Pleasant Hill NWS MO
                                          MONTH:    DECEMBER
                                          YEAR:     2016
                                          LATITUDE:   38 48 N
                                          LONGITUDE:  94 16 W

[TEMPERATURE DATA]      [PRECIPITATION DATA]       SYMBOLS USED IN COLUMN 16

AVERAGE MONTHLY: 31.0   TOTAL FOR MONTH:   1.23    1 = FOG OR MIST
DPTR FM NORMAL:  -0.8   DPTR FM NORMAL:   -0.67    2 = FOG REDUCING VISIBILITY
HIGHEST:    62 ON 25    GRTST 24HR  0.53 ON  4- 4      TO 1/4 MILE OR LESS
LOWEST:     -7 ON 18                               3 = THUNDER
                        SNOW, ICE PELLETS, HAIL    4 = ICE PELLETS
                        TOTAL MONTH:   2.1 INCHES  5 = HAIL
                        GRTST 24HR   1.8 ON   M    6 = FREEZING RAIN OR DRIZZLE
                        GRTST DEPTH:   2 ON 17     7 = DUSTSTORM OR SANDSTORM:
                                                       VSBY 1/2 MILE OR LESS
                                                   8 = SMOKE OR HAZE
[NO. OF DAYS WITH]      [WEATHER - DAYS WITH]      9 = BLOWING SNOW
                                                   X = TORNADO
MAX 32 OR BELOW:  10    0.01 INCH OR MORE:   8
MAX 90 OR ABOVE:   0    0.10 INCH OR MORE:   2
MIN 32 OR BELOW:  27    0.50 INCH OR MORE:   1
MIN  0 OR BELOW:   2    1.00 INCH OR MORE:   0

[HDD (BASE 65) ]
TOTAL THIS MO.  1048    CLEAR  (SCALE 0-3)  31
DPTR FM NORMAL    19    PTCLDY (SCALE 4-7)   0
TOTAL FM JUL 1  1596    CLOUDY (SCALE 8-10)  0
DPTR FM NORMAL  -418

[CDD (BASE 65) ]
TOTAL THIS MO.     0
DPTR FM NORMAL     0    [PRESSURE DATA]
TOTAL FM JAN 1  1488    HIGHEST SLP  0.00 ON M
DPTR FM NORMAL   190    LOWEST  SLP  0.00 ON M

[REMARKS]
#FINAL-12-16#
