000
CXUS55 KEAX 010736
CF6EAX
PRELIMINARY LOCAL CLIMATOLOGICAL DATA (WS FORM: F-6)

                                          STATION:   Pleasant Hill NWS MO
                                          MONTH:     NOVEMBER
                                          YEAR:      2015
                                          LATITUDE:   38 48 N
                                          LONGITUDE:  94 16 W

  TEMPERATURE IN F:       :PCPN:    SNOW:  WIND      :SUNSHINE: SKY     :PK WND
================================================================================
1   2   3   4   5  6A  6B    7    8   9   10  11  12  13   14  15   16   17  18
                                     12Z  AVG MX 2MIN
DY MAX MIN AVG DEP HDD CDD  WTR  SNW DPTH SPD SPD DIR MIN PSBL S-S WX    SPD DR
================================================================================

 1  74  39  57   7   8   0 0.00  0.0    0   M   M   M   0    0   0         0   0
 2  70  44  57   7   8   0 0.00  0.0    0   M   M   M   0    0   0         0   0
 3  73  46  60  10   5   0 0.00  0.0    0   M   M   M   0    0   0         0   0
 4  67  57  62  13   3   0 0.00  0.0    0   M   M   M   0    0   0         0   0
 5  68  48  58   9   7   0 0.01  0.0    0   M   M   M   0    0   0         0   0
 6  63  38  51   3  14   0 0.00  0.0    0   M   M   M   0    0   0         0   0
 7  59  42  51   3  14   0 0.00  0.0    0   M   M   M   0    0   0         0   0
 8  59  35  47  -1  18   0 0.00  0.0    0   M   M   M   0    0   0         0   0
 9  61  34  48   1  17   0 0.00  0.0    0   M   M   M   0    0   0         0   0
10  70  36  53   6  12   0 0.00  0.0    0   M   M   M   0    0   0         0   0
11  75  43  59  13   6   0 0.00  0.0    0   M   M   M   0    0   0         0   0
12  60  41  51   5  14   0 0.00  0.0    0   M   M   M   0    0   0         0   0
13  62  35  49   4  16   0 0.00  0.0    0   M   M   M   0    0   0         0   0
14  68  40  54   9  11   0 0.00  0.0    0   M   M   M   0    0   0         0   0
15  58  42  50   6  15   0 0.00  0.0    0   M   M   M   0    0   0         0   0
16  58  46  52   8  13   0 0.59  0.0    0   M   M   M   0    0   0 3       0   0
17  61  48  55  12  10   0 1.75  0.0    0   M   M   M   0    0   0 3       0   0
18  50  42  46   3  19   0    T  0.0    0   M   M   M   0    0   0         0   0
19  51  36  44   2  21   0 0.00  0.0    0   M   M   M   0    0   0         0   0
20  52  33  43   1  22   0    T  0.0    0   M   M   M   0    0   0         0   0
21  45  26  36  -5  29   0 0.02    T    0   M   M   M   0    0   0         0   0
22  48  26  37  -4  28   0 0.00  0.0    0   M   M   M   0    0   0         0   0
23  62  33  48   8  17   0 0.00  0.0    0   M   M   M   0    0   0         0   0
24  62  36  49   9  16   0 0.00  0.0    0   M   M   M   0    0   0         0   0
25  60  50  55  16  10   0    T  0.0    0   M   M   M   0    0   0         0   0
26  63  34  49  10  16   0 2.54  0.0    0   M   M   M   0    0   0         0   0
27  34  30  32  -6  33   0 0.72  0.0    0   M   M   M   0    0   0 6       0   0
28  33  30  32  -6  33   0    T  0.0    0   M   M   M   0    0   0         0   0
29  35  33  34  -4  31   0 0.71  0.0    0   M   M   M   0    0   0         0   0
30  41  31  36  -1  29   0 0.18  0.0    0   M   M   M   0    0   0         0   0
================================================================================
SM 1742 1154       495   0  6.52    T        M            0      0
================================================================================
AV 58.1 38.5                                 M FASTST    0   0   0    MAX(MPH)
                                 MISC ---->     M   M               #  0    0
================================================================================
NOTES:
# LAST OF SEVERAL OCCURRENCES

COLUMN 17 PEAK WIND IN M.P.H.

PRELIMINARY LOCAL CLIMATOLOGICAL DATA (WS FORM: F-6) , PAGE 2

                                          STATION:  Pleasant Hill NWS MO
                                          MONTH:    NOVEMBER
                                          YEAR:     2015
                                          LATITUDE:   38 48 N
                                          LONGITUDE:  94 16 W

[TEMPERATURE DATA]      [PRECIPITATION DATA]       SYMBOLS USED IN COLUMN 16

AVERAGE MONTHLY: 48.3   TOTAL FOR MONTH:   6.52    1 = FOG OR MIST
DPTR FM NORMAL:   4.4   DPTR FM NORMAL:    4.08    2 = FOG REDUCING VISIBILITY
HIGHEST:    75 ON 11    GRTST 24HR  2.54 ON 26-26      TO 1/4 MILE OR LESS
LOWEST:     26 ON 22,21                            3 = THUNDER
                        SNOW, ICE PELLETS, HAIL    4 = ICE PELLETS
                        TOTAL MONTH:    T          5 = HAIL
                        GRTST 24HR    T  ON 21-21  6 = FREEZING RAIN OR DRIZZLE
                        GRTST DEPTH:   0           7 = DUSTSTORM OR SANDSTORM:
                                                       VSBY 1/2 MILE OR LESS
                                                   8 = SMOKE OR HAZE
[NO. OF DAYS WITH]      [WEATHER - DAYS WITH]      9 = BLOWING SNOW
                                                   X = TORNADO
MAX 32 OR BELOW:   0    0.01 INCH OR MORE:   8
MAX 90 OR ABOVE:   0    0.10 INCH OR MORE:   6
MIN 32 OR BELOW:   5    0.50 INCH OR MORE:   5
MIN  0 OR BELOW:   0    1.00 INCH OR MORE:   2

[HDD (BASE 65) ]
TOTAL THIS MO.   495    CLEAR  (SCALE 0-3)  30
DPTR FM NORMAL  -137    PTCLDY (SCALE 4-7)   0
TOTAL FM JUL 1   753    CLOUDY (SCALE 8-10)  0
DPTR FM NORMAL  -232

[CDD (BASE 65) ]
TOTAL THIS MO.     0
DPTR FM NORMAL    -1    [PRESSURE DATA]
TOTAL FM JAN 1  1293    HIGHEST SLP  0.00 ON M
DPTR FM NORMAL    -5    LOWEST  SLP  0.00 ON M

[REMARKS]
#FINAL-11-15#
