000
CXUS55 KEAX 010736
CF6EAX
PRELIMINARY LOCAL CLIMATOLOGICAL DATA (WS FORM: F-6)

                                          STATION:   Pleasant Hill NWS MO
                                          MONTH:     MARCH
                                          YEAR:      2016
                                          LATITUDE:   38 48 N
                                          LONGITUDE:  94 16 W

  TEMPERATURE IN F:       :PCPN:    SNOW:  WIND      :SUNSHINE: SKY     :PK WND
================================================================================
1   2   3   4   5  6A  6B    7    8   9   10  11  12  13   14  15   16   17  18
                                     12Z  AVG MX 2MIN
DY MAX MIN AVG DEP HDD CDD  WTR  SNW DPTH SPD SPD DIR MIN PSBL S-S WX    SPD DR
================================================================================

 1  59  26  43   5  22   0    T  0.0    0   M   M   M   0    0   0         0   0
 2  58  22  40   2  25   0    T  0.0    0   M   M   M   0    0   0         0   0
 3  55  34  45   6  20   0    T  0.0    0   M   M   M   0    0   0         0   0
 4  62  29  46   7  19   0 0.00  0.0    0   M   M   M   0    0   0         0   0
 5  65  37  51  11  14   0 0.00  0.0    0   M   M   M   0    0   0         0   0
 6  72  40  56  16   9   0 0.00  0.0    0   M   M   M   0    0   0         0   0
 7  69  62  66  26   0   1 0.00  0.0    0   M   M   M   0    0   0         0   0
 8  67  54  61  20   4   0 0.63  0.0    0   M   M   M   0    0   0 123     0   0
 9  62  50  56  15   9   0 0.00  0.0    0   M   M   M   0    0   0 1       0   0
10  65  46  56  14   9   0 0.00  0.0    0   M   M   M   0    0   0         0   0
11  66  42  54  12  11   0 0.00  0.0    0   M   M   M   0    0   0         0   0
12  57  48  53  11  12   0 0.43  0.0    0   M   M   M   0    0   0         0   0
13  63  51  57  14   8   0 0.03  0.0    0   M   M   M   0    0   0         0   0
14  74  49  62  19   3   0 0.00  0.0    0   M   M   M   0    0   0         0   0
15  70  47  59  16   6   0 0.02  0.0    0   M   M   M   0    0   0         0   0
16  62  39  51   7  14   0 0.00  0.0    0   M   M   M   0    0   0         0   0
17  63  36  50   6  15   0 0.00  0.0    0   M   M   M   0    0   0         0   0
18  46  34  40  -4  25   0    T    T    0   M   M   M   0    0   0         0   0
19  42  27  35 -10  30   0    T    T    0   M   M   M   0    0   0         0   0
20  47  31  39  -6  26   0 0.04  0.2    T   M   M   M   0    0   0         0   0
21  62  30  46   1  19   0 0.00  0.0    0   M   M   M   0    0   0         0   0
22  70  49  60  14   5   0 0.00  0.0    0   M   M   M   0    0   0         0   0
23  74  60  67  21   0   2    T  0.0    M   M   M   M   0    0   0 3       0   0
24  60  33  47   1  18   0    T    T    0   M   M   M   0    0   0         0   0
25  60  28  44  -3  21   0 0.00  0.0    0   M   M   M   0    0   0         0   0
26  61  41  51   4  14   0 0.01  0.0    0   M   M   M   0    0   0         0   0
27  53  33  43  -4  22   0 0.61    T    0   M   M   M   0    0   0         0   0
28  65  32  49   1  16   0 0.00  0.0    0   M   M   M   0    0   0         0   0
29  69  43  56   8   9   0 0.00  0.0    0   M   M   M   0    0   0         0   0
30  72  54  63  15   2   0    T  0.0    0   M   M   M   0    0   0         0   0
31  59  41  50   1  15   0 0.01  0.0    0   M   M   M   0    0   0         0   0
================================================================================
SM 1929 1248       422   3  1.78     0.2     M            0      0
================================================================================
AV 62.2 40.3                                 M FASTST    0   0   0    MAX(MPH)
                                 MISC ---->     M   M               #  0    0
================================================================================
NOTES:
# LAST OF SEVERAL OCCURRENCES

COLUMN 17 PEAK WIND IN M.P.H.

PRELIMINARY LOCAL CLIMATOLOGICAL DATA (WS FORM: F-6) , PAGE 2

                                          STATION:  Pleasant Hill NWS MO
                                          MONTH:    MARCH
                                          YEAR:     2016
                                          LATITUDE:   38 48 N
                                          LONGITUDE:  94 16 W

[TEMPERATURE DATA]      [PRECIPITATION DATA]       SYMBOLS USED IN COLUMN 16

AVERAGE MONTHLY: 51.2   TOTAL FOR MONTH:   1.78    1 = FOG OR MIST
DPTR FM NORMAL:   7.6   DPTR FM NORMAL:   -1.23    2 = FOG REDUCING VISIBILITY
HIGHEST:    74 ON 23,14 GRTST 24HR  0.63 ON  8- 8      TO 1/4 MILE OR LESS
LOWEST:     22 ON  2                               3 = THUNDER
                        SNOW, ICE PELLETS, HAIL    4 = ICE PELLETS
                        TOTAL MONTH:   0.2 INCH    5 = HAIL
                        GRTST 24HR   0.2 ON   M    6 = FREEZING RAIN OR DRIZZLE
                        GRTST DEPTH:   T           7 = DUSTSTORM OR SANDSTORM:
                                                       VSBY 1/2 MILE OR LESS
                                                   8 = SMOKE OR HAZE
[NO. OF DAYS WITH]      [WEATHER - DAYS WITH]      9 = BLOWING SNOW
                                                   X = TORNADO
MAX 32 OR BELOW:   0    0.01 INCH OR MORE:   8
MAX 90 OR ABOVE:   0    0.10 INCH OR MORE:   3
MIN 32 OR BELOW:   8    0.50 INCH OR MORE:   2
MIN  0 OR BELOW:   0    1.00 INCH OR MORE:   0

[HDD (BASE 65) ]
TOTAL THIS MO.   422    CLEAR  (SCALE 0-3)  31
DPTR FM NORMAL  -242    PTCLDY (SCALE 4-7)   0
TOTAL FM JUL 1  3700    CLOUDY (SCALE 8-10)  0
DPTR FM NORMAL  -992

[CDD (BASE 65) ]
TOTAL THIS MO.     3
DPTR FM NORMAL     2    [PRESSURE DATA]
TOTAL FM JAN 1     3    HIGHEST SLP  0.00 ON M
DPTR FM NORMAL     2    LOWEST  SLP  0.00 ON M

[REMARKS]
#FINAL-03-16#
