000
CXUS55 KEAX 010736
CF6EAX
PRELIMINARY LOCAL CLIMATOLOGICAL DATA (WS FORM: F-6)

                                          STATION:   Pleasant Hill NWS MO
                                          MONTH:     OCTOBER
                                          YEAR:      2016
                                          LATITUDE:   38 48 N
                                          LONGITUDE:  94 16 W

  TEMPERATURE IN F:       :PCPN:    SNOW:  WIND      :SUNSHINE: SKY     :PK WND
================================================================================
1   2   3   4   5  6A  6B    7    8   9   10  11  12  13   14  15   16   17  18
                                     12Z  AVG MX 2MIN
DY MAX MIN AVG DEP HDD CDD  WTR  SNW DPTH SPD SPD DIR MIN PSBL S-S WX    SPD DR
================================================================================

 1  67  53  60  -2   5   0 0.00  0.0    0   M   M   M   0    0   0         0   0
 2  75  50  63   2   2   0 0.00  0.0    0   M   M   M   0    0   0         0   0
 3  80  55  68   7   0   3 0.00  0.0    0   M   M   M   0    0   0         0   0
 4  80  59  70  10   0   5 0.17  0.0    0   M   M   M   0    0   0         0   0
 5  78  56  67   7   0   2 0.08  0.0    0   M   M   M   0    0   0         0   0
 6  76  61  69   9   0   4 0.95  0.0    0   M   M   M   0    0   0         0   0
 7  62  45  54  -5  11   0 0.04  0.0    0   M   M   M   0    0   0         0   0
 8  70  42  56  -3   9   0 0.00  0.0    0   M   M   M   0    0   0         0   0
 9  73  47  60   1   5   0 0.00  0.0    0   M   M   M   0    0   0         0   0
10  73  52  63   5   2   0 0.02  0.0    0   M   M   M   0    0   0         0   0
11  79  50  65   7   0   0 0.00  0.0    0   M   M   M   0    0   0         0   0
12  64  43  54  -4  11   0 0.31  0.0    0   M   M   M   0    0   0         0   0
13  59  38  49  -8  16   0    T  0.0    0   M   M   M   0    0   0         0   0
14  70  51  61   4   4   0 0.02  0.0    0   M   M   M   0    0   0 1       0   0
15  75  63  69  13   0   4 0.00  0.0    0   M   M   M   0    0   0         0   0
16  85  65  75  19   0  10 0.00  0.0    0   M   M   M   0    0   0         0   0
17  87  70  79  23   0  14 0.00  0.0    0   M   M   M   0    0   0         0   0
18  76  58  67  11   0   2 0.00  0.0    0   M   M   M   0    0   0         0   0
19  69  56  63   8   2   0 0.00  0.0    0   M   M   M   0    0   0         0   0
20  58  44  51  -4  14   0 0.05  0.0    0   M   M   M   0    0   0         0   0
21  63  38  51  -3  14   0 0.00  0.0    0   M   M   M   0    0   0         0   0
22  73  41  57   3   8   0 0.00  0.0    0   M   M   M   0    0   0         0   0
23  76  49  63   9   2   0 0.00  0.0    0   M   M   M   0    0   0         0   0
24  69  45  57   3   8   0 0.00  0.0    0   M   M   M   0    0   0         0   0
25  76  52  64  11   1   0 0.00  0.0    0   M   M   M   0    0   0         0   0
26  73  53  63  10   2   0 0.14  0.0    0   M   M   M   0    0   0         0   0
27  70  46  58   6   7   0 0.00  0.0    0   M   M   M   0    0   0         0   0
28  81  52  67  15   0   2 0.00  0.0    0   M   M   M   0    0   0         0   0
29  81  64  73  21   0   8 0.00  0.0    0   M   M   M   0    0   0         0   0
30  69  55  62  11   3   0 0.00  0.0    0   M   M   M   0    0   0         0   0
31  78  55  67  16   0   2    T  0.0    0   M   M   M   0    0   0         0   0
================================================================================
SM 2265 1608       126  56  1.78     0.0     M            0      0
================================================================================
AV 73.1 51.9                                 M FASTST    0   0   0    MAX(MPH)
                                 MISC ---->     M   M               #  0    0
================================================================================
NOTES:
# LAST OF SEVERAL OCCURRENCES

COLUMN 17 PEAK WIND IN M.P.H.

PRELIMINARY LOCAL CLIMATOLOGICAL DATA (WS FORM: F-6) , PAGE 2

                                          STATION:  Pleasant Hill NWS MO
                                          MONTH:    OCTOBER
                                          YEAR:     2016
                                          LATITUDE:   38 48 N
                                          LONGITUDE:  94 16 W

[TEMPERATURE DATA]      [PRECIPITATION DATA]       SYMBOLS USED IN COLUMN 16

AVERAGE MONTHLY: 62.5   TOTAL FOR MONTH:   1.78    1 = FOG OR MIST
DPTR FM NORMAL:   6.3   DPTR FM NORMAL:   -2.09    2 = FOG REDUCING VISIBILITY
HIGHEST:    87 ON 17    GRTST 24HR  0.95 ON  6- 6      TO 1/4 MILE OR LESS
LOWEST:     38 ON 21,13                            3 = THUNDER
                        SNOW, ICE PELLETS, HAIL    4 = ICE PELLETS
                        TOTAL MONTH:   0.0 INCH    5 = HAIL
                        GRTST 24HR     0.0         6 = FREEZING RAIN OR DRIZZLE
                        GRTST DEPTH:   0           7 = DUSTSTORM OR SANDSTORM:
                                                       VSBY 1/2 MILE OR LESS
                                                   8 = SMOKE OR HAZE
[NO. OF DAYS WITH]      [WEATHER - DAYS WITH]      9 = BLOWING SNOW
                                                   X = TORNADO
MAX 32 OR BELOW:   0    0.01 INCH OR MORE:   9
MAX 90 OR ABOVE:   0    0.10 INCH OR MORE:   4
MIN 32 OR BELOW:   0    0.50 INCH OR MORE:   1
MIN  0 OR BELOW:   0    1.00 INCH OR MORE:   0

[HDD (BASE 65) ]
TOTAL THIS MO.   126    CLEAR  (SCALE 0-3)  31
DPTR FM NORMAL  -169    PTCLDY (SCALE 4-7)   0
TOTAL FM JUL 1   142    CLOUDY (SCALE 8-10)  0
DPTR FM NORMAL  -211

[CDD (BASE 65) ]
TOTAL THIS MO.    56
DPTR FM NORMAL    32    [PRESSURE DATA]
TOTAL FM JAN 1  1473    HIGHEST SLP  0.00 ON M
DPTR FM NORMAL   176    LOWEST  SLP  0.00 ON M

[REMARKS]
#FINAL-10-16#
