000
CXUS55 KEAX 092346
CF6EAX
PRELIMINARY LOCAL CLIMATOLOGICAL DATA (WS FORM: F-6)

                                          STATION:   Pleasant Hill NWS MO
                                          MONTH:     FEBRUARY
                                          YEAR:      2014
                                          LATITUDE:   38 48 N
                                          LONGITUDE:  94 16 W

  TEMPERATURE IN F:       :PCPN:    SNOW:  WIND      :SUNSHINE: SKY     :PK WND
================================================================================
1   2   3   4   5  6A  6B    7    8   9   10  11  12  13   14  15   16   17  18
                                     12Z  AVG MX 2MIN
DY MAX MIN AVG DEP HDD CDD  WTR  SNW DPTH SPD SPD DIR MIN PSBL S-S WX    SPD DR
================================================================================

 1  25  20  23  -7  42   0 0.31  0.3    T   M   M   M   M    M   M 456     M  M
 2  22   9  16 -14  49   0 0.00  0.0    T   M   M   M   M    M   M         M  M
 3  31   6  19 -11  46   0 0.00  0.0    0   M   M   M   M    M   M         M  M
 4  25  17  21  -9  44   0 0.57  8.7    8   M   M   M   M    M   M 9       M  M
 5  17   2  10 -21  55   0 0.02  0.5    9   M   M   M   0    0   0         0   0
 6  12  -3   5 -26  60   0 0.00  0.0    7   M   M   M   M    M   M         M  M
 7  15   2   9 -22  56   0    T    T    7   M   M   M   M    M   M         M  M
 8  27  15  21 -10  44   0    T    T    7   M   M   M   M    M   M         M  M
 9  25  12  19 -13  46   0 0.04  1.6    6   M   M   M   M    M   M         M  M
10  14   4   9 -23  56   0 0.00  0.0    7   M   M   M   0    0   0         0   0
11  21  -2  10 -22  55   0 0.00  0.0    6   M   M   M   0    0   0         0   0
12  34   8  21 -11  44   0    T    T    6   M   M   M   0    0   0         0   0
13  44  22  33   0  32   0 0.00  0.0    5   M   M   M   0    0   0         0   0
14  39  18  29  -4  36   0    T  0.0    3   M   M   M   0    0   0         0   0
15  38  12  25  -8  40   0 0.00  0.0    3   M   M   M   0    0   0         0   0
16  38  27  33  -1  32   0    T  0.0    3   M   M   M   0    0   0         0   0
17  53  35  44  10  21   0    T  0.0    T   M   M   M   0    0   0         0   0
18  64  40  52  18  13   0 0.00  0.0    0   M   M   M   0    0   0         0   0
19  52  34  43   9  22   0 0.34  0.0    0   M   M   M   0    0   0         0   0
20  64  35  50  15  15   0 0.03  0.0    0   M   M   M   0    0   0         0   0
21  58  27  43   8  22   0 0.00  0.0    0   M   M   M   0    0   0         0   0
22  56  30  43   7  22   0 0.00  0.0    0   M   M   M   0    0   0         0   0
23  37  24  31  -5  34   0 0.00  0.0    0   M   M   M   0    0   0         0   0
24  39  20  30  -6  35   0 0.00  0.0    M   M   M   M   0    0   0         0   0
25  27  15  21 -16  44   0    T  0.2    0   M   M   M   0    0   0         0   0
26  28   7  18 -19  47   0 0.00  0.0    T   M   M   M   0    0   0         0   0
27  33  18  26 -11  39   0 0.00  0.0    0   M   M   M   0    0   0         0   0
28  49  20  35  -3  30   0    T  0.0    0   M   M   M   0    0   0         0   0
================================================================================
SM  987  474      1081   0  1.31    11.3     M            0      0
================================================================================
AV 35.2 16.9                                 M FASTST    0   0   0    MAX(MPH)
                                 MISC ---->     M   M               #  0    0
================================================================================
NOTES:
# LAST OF SEVERAL OCCURRENCES

COLUMN 17 PEAK WIND IN M.P.H.

PRELIMINARY LOCAL CLIMATOLOGICAL DATA (WS FORM: F-6) , PAGE 2

                                          STATION:  Pleasant Hill NWS MO
                                          MONTH:    FEBRUARY
                                          YEAR:     2014
                                          LATITUDE:   38 48 N
                                          LONGITUDE:  94 16 W

[TEMPERATURE DATA]      [PRECIPITATION DATA]       SYMBOLS USED IN COLUMN 16

AVERAGE MONTHLY: 26.1   TOTAL FOR MONTH:   1.31    1 = FOG OR MIST
DPTR FM NORMAL:  -7.2   DPTR FM NORMAL:   -0.41    2 = FOG REDUCING VISIBILITY
HIGHEST:    64 ON 20,18 GRTST 24HR  0.57 ON  4- 4      TO 1/4 MILE OR LESS
LOWEST:     -3 ON  6                               3 = THUNDER
                        SNOW, ICE PELLETS, HAIL    4 = ICE PELLETS
                        TOTAL MONTH:  11.3 INCHES  5 = HAIL
                        GRTST 24HR   8.7 ON   M    6 = FREEZING RAIN OR DRIZZLE
                        GRTST DEPTH:   9 ON  5     7 = DUSTSTORM OR SANDSTORM:
                                                       VSBY 1/2 MILE OR LESS
                                                   8 = SMOKE OR HAZE
[NO. OF DAYS WITH]      [WEATHER - DAYS WITH]      9 = BLOWING SNOW
                                                   X = TORNADO
MAX 32 OR BELOW:  13    0.01 INCH OR MORE:   6
MAX 90 OR ABOVE:   0    0.10 INCH OR MORE:   3
MIN 32 OR BELOW:  24    0.50 INCH OR MORE:   1
MIN  0 OR BELOW:   2    1.00 INCH OR MORE:   0

[HDD (BASE 65) ]
TOTAL THIS MO.  1081    CLEAR  (SCALE 0-3)  20
DPTR FM NORMAL   195    PTCLDY (SCALE 4-7)   0
TOTAL FM JUL 1  4424    CLOUDY (SCALE 8-10)  0
DPTR FM NORMAL   396

[CDD (BASE 65) ]
TOTAL THIS MO.     0
DPTR FM NORMAL     0    [PRESSURE DATA]
TOTAL FM JAN 1     0    HIGHEST SLP  0.00 ON M
DPTR FM NORMAL     0    LOWEST  SLP  0.00 ON M

[REMARKS]
#FINAL-02-14#
