000
CXUS55 KEAX 010736
CF6EAX
PRELIMINARY LOCAL CLIMATOLOGICAL DATA (WS FORM: F-6)

                                          STATION:   Pleasant Hill NWS MO
                                          MONTH:     JANUARY
                                          YEAR:      2016
                                          LATITUDE:   38 48 N
                                          LONGITUDE:  94 16 W

  TEMPERATURE IN F:       :PCPN:    SNOW:  WIND      :SUNSHINE: SKY     :PK WND
================================================================================
1   2   3   4   5  6A  6B    7    8   9   10  11  12  13   14  15   16   17  18
                                     12Z  AVG MX 2MIN
DY MAX MIN AVG DEP HDD CDD  WTR  SNW DPTH SPD SPD DIR MIN PSBL S-S WX    SPD DR
================================================================================

 1  39  20  30   1  35   0 0.00  0.0    1   M   M   M   0    0   0         0   0
 2  45  23  34   5  31   0 0.00  0.0    T   M   M   M   0    0   0         0   0
 3  37  20  29   1  36   0 0.00  0.0    T   M   M   M   0    0   0         0   0
 4  29  21  25  -3  40   0    T    T    0   M   M   M   0    0   0         0   0
 5  38  21  30   2  35   0 0.00  0.0    0   M   M   M   0    0   0         0   0
 6  36  29  33   5  32   0 0.04    T    0   M   M   M   0    0   0         0   0
 7  45  36  41  13  24   0 0.54  0.0    0   M   M   M   0    0   0         0   0
 8  44  34  39  11  26   0 0.17  0.0    0   M   M   M   0    0   0         0   0
 9  34   9  22  -6  43   0    T    T    0   M   M   M   0    0   0         0   0
10  21   3  12 -16  53   0 0.00  0.0    0   M   M   M   0    0   0         0   0
11  40  18  29   1  36   0 0.00  0.0    0   M   M   M   0    0   0         0   0
12  34  17  26  -2  39   0 0.00  0.0    0   M   M   M   0    0   0         0   0
13  50  17  34   6  31   0 0.00  0.0    0   M   M   M   0    0   0         0   0
14  60  33  47  19  18   0 0.00  0.0    0   M   M   M   0    0   0         0   0
15  45  24  35   7  30   0 0.00  0.0    0   M   M   M   0    0   0         0   0
16  34  17  26  -2  39   0 0.00  0.0    0   M   M   M   0    0   0         0   0
17  27   0  14 -14  51   0 0.02  0.7    1   M   M   M   0    0   0         0   0
18  25   0  13 -15  52   0 0.00  0.0    T   M   M   M   0    0   0         0   0
19  23  18  21  -7  44   0 0.06  0.4    0   M   M   M   0    0   0 6       0   0
20  27  19  23  -5  42   0    T    T    T   M   M   M   0    0   0         0   0
21  26  21  24  -4  41   0 0.02  0.4    T   M   M   M   0    0   0         0   0
22  27  18  23  -6  42   0 0.00  0.0    T   M   M   M   0    0   0         0   0
23  27  21  24  -5  41   0 0.00  0.0    T   M   M   M   0    0   0         0   0
24  49  22  36   7  29   0 0.00  0.0    T   M   M   M   0    0   0         0   0
25  41  28  35   6  30   0    T  0.0    0   M   M   M   0    0   0         0   0
26  39  24  32   3  33   0 0.00  0.0    0   M   M   M   0    0   0         0   0
27  50  21  36   7  29   0 0.00  0.0    0   M   M   M   0    0   0         0   0
28  53  33  43  14  22   0 0.00  0.0    0   M   M   M   0    0   0         0   0
29  68  28  48  19  17   0 0.00  0.0    0   M   M   M   0    0   0         0   0
30  58  34  46  16  19   0 0.00  0.0    0   M   M   M   0    0   0         0   0
31  53  39  46  16  19   0 0.00  0.0    0   M   M   M   0    0   0         0   0
================================================================================
SM 1224  668      1059   0  0.85     1.5     M            0      0
================================================================================
AV 39.5 21.5                                 M FASTST    0   0   0    MAX(MPH)
                                 MISC ---->     M   M               #  0    0
================================================================================
NOTES:
# LAST OF SEVERAL OCCURRENCES

COLUMN 17 PEAK WIND IN M.P.H.

PRELIMINARY LOCAL CLIMATOLOGICAL DATA (WS FORM: F-6) , PAGE 2

                                          STATION:  Pleasant Hill NWS MO
                                          MONTH:    JANUARY
                                          YEAR:     2016
                                          LATITUDE:   38 48 N
                                          LONGITUDE:  94 16 W

[TEMPERATURE DATA]      [PRECIPITATION DATA]       SYMBOLS USED IN COLUMN 16

AVERAGE MONTHLY: 30.5   TOTAL FOR MONTH:   0.85    1 = FOG OR MIST
DPTR FM NORMAL:   1.9   DPTR FM NORMAL:   -0.46    2 = FOG REDUCING VISIBILITY
HIGHEST:    68 ON 29    GRTST 24HR  0.54 ON  7- 7      TO 1/4 MILE OR LESS
LOWEST:      0 ON 18,17                            3 = THUNDER
                        SNOW, ICE PELLETS, HAIL    4 = ICE PELLETS
                        TOTAL MONTH:   1.5 INCHES  5 = HAIL
                        GRTST 24HR   0.7 ON   M    6 = FREEZING RAIN OR DRIZZLE
                        GRTST DEPTH:   1 ON 17, 1  7 = DUSTSTORM OR SANDSTORM:
                                                       VSBY 1/2 MILE OR LESS
                                                   8 = SMOKE OR HAZE
[NO. OF DAYS WITH]      [WEATHER - DAYS WITH]      9 = BLOWING SNOW
                                                   X = TORNADO
MAX 32 OR BELOW:   9    0.01 INCH OR MORE:   6
MAX 90 OR ABOVE:   0    0.10 INCH OR MORE:   2
MIN 32 OR BELOW:  25    0.50 INCH OR MORE:   1
MIN  0 OR BELOW:   2    1.00 INCH OR MORE:   0

[HDD (BASE 65) ]
TOTAL THIS MO.  1059    CLEAR  (SCALE 0-3)  31
DPTR FM NORMAL   -69    PTCLDY (SCALE 4-7)   0
TOTAL FM JUL 1  2555    CLOUDY (SCALE 8-10)  0
DPTR FM NORMAL  -587

[CDD (BASE 65) ]
TOTAL THIS MO.     0
DPTR FM NORMAL     0    [PRESSURE DATA]
TOTAL FM JAN 1     0    HIGHEST SLP  0.00 ON M
DPTR FM NORMAL     0    LOWEST  SLP  0.00 ON M

[REMARKS]
#FINAL-01-16#
