000
CXUS55 KEAX 122356
CF6EAX
PRELIMINARY LOCAL CLIMATOLOGICAL DATA (WS FORM: F-6)

                                          STATION:   Pleasant Hill NWS MO
                                          MONTH:     JUNE
                                          YEAR:      2014
                                          LATITUDE:   38 48 N
                                          LONGITUDE:  94 16 W

  TEMPERATURE IN F:       :PCPN:    SNOW:  WIND      :SUNSHINE: SKY     :PK WND
================================================================================
1   2   3   4   5  6A  6B    7    8   9   10  11  12  13   14  15   16   17  18
                                     12Z  AVG MX 2MIN
DY MAX MIN AVG DEP HDD CDD  WTR  SNW DPTH SPD SPD DIR MIN PSBL S-S WX    SPD DR
================================================================================

 1  84  63  74   5   0   9 0.90  0.0    0   M   M   M   0    0   0         0   0
 2  84  62  73   3   0   8 0.04  0.0    0   M   M   M   0    0   0         0   0
 3  87  62  75   5   0  10 0.00  0.0    0   M   M   M   0    0   0         0   0
 4  81  63  72   2   0   7 0.66  0.0    0   M   M   M   0    0   0 3       0   0
 5  79  63  71   1   0   6 0.48  0.0    0   M   M   M   0    0   0         0   0
 6  77  61  69  -2   0   4 0.00  0.0    0   M   M   M   0    0   0 12      0   0
 7  76  62  69  -2   0   4 1.09  0.0    0   M   M   M   0    0   0 3       0   0
 8  74  59  67  -4   0   2 0.00  0.0    0   M   M   M   0    0   0         0   0
 9  71  60  66  -6   0   1 2.96  0.0    0   M   M   M   0    0   0         0   0
10  66  57  62 -10   3   0 0.17  0.0    0   M   M   M   0    0   0         0   0
11  77  60  69  -3   0   4 0.00  0.0    0   M   M   M   0    0   0         0   0
12  74  60  67  -5   0   2 0.96  0.0    0   M   M   M   0    0   0         0   0
13  75  55  65  -8   0   0 0.00  0.0    0   M   M   M   0    0   0         0   0
14  81  56  69  -4   0   4 0.00  0.0    0   M   M   M   0    0   0         0   0
15  80  62  71  -2   0   6 0.45  0.0    0   M   M   M   0    0   0         0   0
16  86  67  77   4   0  12 0.00  0.0    0   M   M   M   0    0   0         0   0
17  85  74  80   6   0  15 0.00  0.0    0   M   M   M   0    0   0         0   0
18  86  73  80   6   0  15 0.00  0.0    0   M   M   M   0    0   0         0   0
19  82  72  77   3   0  12 0.06  0.0    0   M   M   M   0    0   0         0   0
20  89  69  79   5   0  14 0.00  0.0    0   M   M   M   0    0   0         0   0
21  88  68  78   3   0  13 0.00  0.0    0   M   M   M   0    0   0         0   0
22  88  65  77   2   0  12 0.16  0.0    0   M   M   M   0    0   0         0   0
23  75  66  71  -4   0   6 0.05  0.0    0   M   M   M   0    0   0         0   0
24  84  62  73  -2   0   8 0.00  0.0    0   M   M   M   0    0   0         0   0
25  86  64  75  -1   0  10 0.00  0.0    0   M   M   M   0    0   0         0   0
26  85  65  75  -1   0  10    T  0.0    0   M   M   M   0    0   0         0   0
27  86  70  78   2   0  13    T  0.0    0   M   M   M   0    0   0         0   0
28  80  65  73  -3   0   8 1.78  0.0    0   M   M   M   0    0   0         0   0
29  87  64  76   0   0  11 0.00  0.0    0   M   M   M   0    0   0         0   0
30  90  72  81   5   0  16 0.17  0.0    0   M   M   M   0    0   0         0   0
================================================================================
SM 2443 1921         3 242  9.93     0.0     M            0      0
================================================================================
AV 81.4 64.0                                 M FASTST    0   0   0    MAX(MPH)
                                 MISC ---->     M   M               #  0    0
================================================================================
NOTES:
# LAST OF SEVERAL OCCURRENCES

COLUMN 17 PEAK WIND IN M.P.H.

PRELIMINARY LOCAL CLIMATOLOGICAL DATA (WS FORM: F-6) , PAGE 2

                                          STATION:  Pleasant Hill NWS MO
                                          MONTH:    JUNE
                                          YEAR:     2014
                                          LATITUDE:   38 48 N
                                          LONGITUDE:  94 16 W

[TEMPERATURE DATA]      [PRECIPITATION DATA]       SYMBOLS USED IN COLUMN 16

AVERAGE MONTHLY: 72.7   TOTAL FOR MONTH:   9.93    1 = FOG OR MIST
DPTR FM NORMAL:  -0.5   DPTR FM NORMAL:    3.88    2 = FOG REDUCING VISIBILITY
HIGHEST:    90 ON 30    GRTST 24HR  2.96 ON  9- 9      TO 1/4 MILE OR LESS
LOWEST:     55 ON 13                               3 = THUNDER
                        SNOW, ICE PELLETS, HAIL    4 = ICE PELLETS
                        TOTAL MONTH:   0.0 INCH    5 = HAIL
                        GRTST 24HR     0.0         6 = FREEZING RAIN OR DRIZZLE
                        GRTST DEPTH:   0           7 = DUSTSTORM OR SANDSTORM:
                                                       VSBY 1/2 MILE OR LESS
                                                   8 = SMOKE OR HAZE
[NO. OF DAYS WITH]      [WEATHER - DAYS WITH]      9 = BLOWING SNOW
                                                   X = TORNADO
MAX 32 OR BELOW:   0    0.01 INCH OR MORE:  14
MAX 90 OR ABOVE:   1    0.10 INCH OR MORE:  11
MIN 32 OR BELOW:   0    0.50 INCH OR MORE:   6
MIN  0 OR BELOW:   0    1.00 INCH OR MORE:   3

[HDD (BASE 65) ]
TOTAL THIS MO.     3    CLEAR  (SCALE 0-3)  30
DPTR FM NORMAL    -6    PTCLDY (SCALE 4-7)   0
TOTAL FM JUL 1  5597    CLOUDY (SCALE 8-10)  0
DPTR FM NORMAL   441

[CDD (BASE 65) ]
TOTAL THIS MO.   242
DPTR FM NORMAL   -11    [PRESSURE DATA]
TOTAL FM JAN 1   394    HIGHEST SLP  0.00 ON M
DPTR FM NORMAL    45    LOWEST  SLP  0.00 ON M

[REMARKS]
#FINAL-06-14#
