000
CXUS52 KEYW 010800
CF6EYW
PRELIMINARY LOCAL CLIMATOLOGICAL DATA (WS FORM: F-6)

                                          STATION:   KEY WEST
                                          MONTH:     JULY
                                          YEAR:      2011
                                          LATITUDE:   24 32 N
                                          LONGITUDE:  81 45 W

  TEMPERATURE IN F:       :PCPN:    SNOW:  WIND      :SUNSHINE: SKY     :PK WND
================================================================================
1   2   3   4   5  6A  6B    7    8   9   10  11  12  13   14  15   16   17  18
                                     12Z  AVG MX 2MIN
DY MAX MIN AVG DEP HDD CDD  WTR  SNW DPTH SPD SPD DIR MIN PSBL S-S WX    SPD DR
================================================================================

 1  90  83  87   3   0  22 0.00  0.0    0  7.6 13 140   M    M   1        16 110
 2  89  76  83  -1   0  18 0.21  0.0    0  8.4 28  30   M    M   1 138    36  40
 3  89  81  85   1   0  20 0.00  0.0    0 10.0 18 100   M    M   1 3      23 100
 4  87  77  82  -2   0  17 0.28  0.0    0 10.7 18  80   M    M   2 18     24 150
 5  87  80  84   0   0  19 0.05  0.0    0  9.4 16 130   M    M   1 3      21 130
 6  86  78  82  -2   0  17 0.17  0.0    0  5.7 16 110   M    M   2 3      20 110
 7  83  77  80  -4   0  15 0.25  0.0    0 13.3 30 210   M    M   4 18     38 210
 8  86  81  84   0   0  19 0.00  0.0    0  8.9 17 170   M    M   2        21 170
 9  87  82  85   1   0  20 0.00  0.0    0  7.1 14 150   M    M   0        20 130
10  90  82  86   2   0  21    T  0.0    0  8.8 20 110   M    M   1        22 110
11  89  83  86   2   0  21 0.00  0.0    0  8.9 14 120   M    M   1        18 150
12  89  83  86   2   0  21 0.00  0.0    0  6.9 12 140   M    M   1        15 120
13  89  83  86   2   0  21 0.00  0.0    0  5.1 12 150   M    M   1        16 150
14  89  82  86   2   0  21 0.00  0.0    0  3.9  9 150   M    M   1        15 160
15  90  83  87   3   0  22 0.00  0.0    0  4.5  8 110   M    M   1        14 160
16  90  84  87   2   0  22 0.00  0.0    0  5.8 12  90   M    M   1        18 100
17  91  84  88   3   0  23 0.09  0.0    0  5.3 12 200   M    M   2 3      15  40
18  89  80  85   0   0  20 0.64  0.0    0  4.7 18 210   M    M   2 3      24 200
19  91  81  86   1   0  21 0.00  0.0    0  3.9 13 320   M    M   1        17 300
20  91  83  87   2   0  22 0.04  0.0    0  2.6 10 330   M    M   2        13 320
21  91  79  85   0   0  20 0.01  0.0    0  4.4 21 100   M    M   0 3      25 100
22  92  85  89   4   0  24    T  0.0    0  8.3 14 120   M    M   1        17 120
23  92  85  89   4   0  24 0.00  0.0    0 12.0 16 110   M    M   1        21 110
24  92  84  88   3   0  23 0.01  0.0    0 11.6 20 110   M    M   1        24 110
25  93  82  88   3   0  23 0.09  0.0    0 11.2 22 100   M    M   1 3      28  90
26  90  80  85   0   0  20 0.01  0.0    0  9.8 26 150   M    M   1        32 140
27  90  84  87   2   0  22    T  0.0    0 14.1 20 110   M    M   1        25 150
28  91  84  88   3   0  23    T  0.0    0 15.0 21 110   M    M   1        26 140
29  92  85  89   4   0  24    T  0.0    0 13.7 21 100   M    M   1        26 100
30  91  82  87   2   0  22 0.02  0.0    0 11.5 21 120   M    M   1        25 130
31  91  84  88   3   0  23 0.00  0.0    0 10.4 16 120   M    M   1        21 130
================================================================================
SM 2777 2537         0 650  1.87     0.0 263.5          M       38
================================================================================
AV 89.6 81.8                               8.5 FASTST   M    M   1    MAX(MPH)
                                 MISC ---->  # 30 210               # 38  210
================================================================================
NOTES:
# LAST OF SEVERAL OCCURRENCES

COLUMN 17 PEAK WIND IN M.P.H.

PRELIMINARY LOCAL CLIMATOLOGICAL DATA (WS FORM: F-6) , PAGE 2

                                          STATION:  KEY WEST
                                          MONTH:    JULY
                                          YEAR:     2011
                                          LATITUDE:   24 32 N
                                          LONGITUDE:  81 45 W

[TEMPERATURE DATA]      [PRECIPITATION DATA]       SYMBOLS USED IN COLUMN 16

AVERAGE MONTHLY: 85.7   TOTAL FOR MONTH:   1.87    1 = FOG OR MIST
DPTR FM NORMAL:   1.2   DPTR FM NORMAL:   -1.40    2 = FOG REDUCING VISIBILITY
HIGHEST:    93 ON 25    GRTST 24HR  0.64 ON 18-18      TO 1/4 MILE OR LESS
LOWEST:     76 ON  2                               3 = THUNDER
                        SNOW, ICE PELLETS, HAIL    4 = ICE PELLETS
                        TOTAL MONTH:   0.0 INCH    5 = HAIL
                        GRTST 24HR     0.0         6 = FREEZING RAIN OR DRIZZLE
                        GRTST DEPTH:   0           7 = DUSTSTORM OR SANDSTORM:
                                                       VSBY 1/2 MILE OR LESS
                                                   8 = SMOKE OR HAZE
[NO. OF DAYS WITH]      [WEATHER - DAYS WITH]      9 = BLOWING SNOW
                                                   X = TORNADO
MAX 32 OR BELOW:   0    0.01 INCH OR MORE:  13
MAX 90 OR ABOVE:  18    0.10 INCH OR MORE:   5
MIN 32 OR BELOW:   0    0.50 INCH OR MORE:   1
MIN  0 OR BELOW:   0    1.00 INCH OR MORE:   0

[HDD (BASE 65) ]
TOTAL THIS MO.     0    CLEAR  (SCALE 0-3)  30
DPTR FM NORMAL     0    PTCLDY (SCALE 4-7)   1
TOTAL FM JUL 1     0    CLOUDY (SCALE 8-10)  0
DPTR FM NORMAL     0

[CDD (BASE 65) ]
TOTAL THIS MO.   650
DPTR FM NORMAL    46    [PRESSURE DATA]
TOTAL FM JAN 1  2814    HIGHEST SLP 30.12 ON 23
DPTR FM NORMAL   180    LOWEST  SLP 29.88 ON 14

[REMARKS]
#FINAL-07-11#
