000
CXUS52 KEYW 010800
CF6EYW
PRELIMINARY LOCAL CLIMATOLOGICAL DATA (WS FORM: F-6)

                                          STATION:   KEY WEST
                                          MONTH:     JANUARY
                                          YEAR:      2012
                                          LATITUDE:   24 32 N
                                          LONGITUDE:  81 45 W

  TEMPERATURE IN F:       :PCPN:    SNOW:  WIND      :SUNSHINE: SKY     :PK WND
================================================================================
1   2   3   4   5  6A  6B    7    8   9   10  11  12  13   14  15   16   17  18
                                     12Z  AVG MX 2MIN
DY MAX MIN AVG DEP HDD CDD  WTR  SNW DPTH SPD SPD DIR MIN PSBL S-S WX    SPD DR
================================================================================

 1  79  70  75   5   0  10 0.00  0.0    0  6.2 14  30   M    M   0        17  30
 2  77  65  71   2   0   6 0.00  0.0    0  9.4 23 330   M    M   1        30 350
 3  66  54  60  -9   5   0 0.00  0.0    0 16.0 26 330   M    M   3        37 340
 4  63  51  57 -12   8   0 0.00  0.0    0  8.3 15  20   M    M   0        18  30
 5  67  52  60  -9   5   0 0.00  0.0    0  8.0 16 360   M    M   1        21 350
 6  71  49  60  -9   5   0 0.00  0.0    0  4.7  9  30   M    M   0        13  20
 7  76  60  68  -1   0   3 0.00  0.0    0  6.2 12 100   M    M   2        13  90
 8  77  65  71   2   0   6 0.00  0.0    0  7.8 16  90   M    M   1        20  90
 9  79  68  74   5   0   9    T  0.0    0  8.6 18 110   M    M   4        26 130
10  79  67  73   4   0   8 0.00  0.0    0  8.2 13 140   M    M   1        17 140
11  78  74  76   7   0  11 0.05  0.0    0 14.8 33 160   M    M   2        40 160
12  77  69  73   4   0   8 0.63  0.0    0  5.8 10  30   M    M   6 13     12  40
13  77  67  72   3   0   7 0.00  0.0    0  6.1 16 360   M    M   7        21 360
14  68  61  65  -4   0   0 0.00  0.0    0 12.9 21  30   M    M   4        29  30
15  69  61  65  -4   0   0 0.00  0.0    0 10.8 22  30   M    M   0        29  30
16  74  62  68  -1   0   3 0.00  0.0    0 10.2 20  90   M    M   2        28  80
17  77  64  71   2   0   6 0.00  0.0    0  6.9 15 130   M    M   3        21 120
18  79  65  72   3   0   7 0.00  0.0    0  2.5  8 360   M    M   1         9 360
19  76  66  71   2   0   6 0.00  0.0    0  3.8 14  20   M    M   3        18  10
20  78  66  72   3   0   7 0.00  0.0    0  8.9 17  90   M    M   0        22 100
21  78  69  74   5   0   9    T  0.0    0  5.9 13 120   M    M   2        17 120
22  79  68  74   5   0   9 0.00  0.0    0  5.5 13 100   M    M   1        21  90
23  79  69  74   5   0   9 0.09  0.0    0  8.2 16 110   M    M   4 1      25 140
24  80  72  76   7   0  11 0.00  0.0    0  9.4 15 110   M    M   1        20  90
25  80  73  77   8   0  12 0.01  0.0    0 11.7 20 110   M    M   1         M  M
26  80  74  77   7   0  12 0.00  0.0    0 11.3 18 110   M    M   3        23 130
27  80  73  77   7   0  12 0.00  0.0    0  8.0 15 150   M    M   4        20 130
28  81  70  76   6   0  11 0.00  0.0    0  7.3 15 360   M    M   2        22  10
29  76  69  73   3   0   8 0.00  0.0    0 10.2 15  30   M    M   3        23  30
30  77  69  73   3   0   8    T  0.0    0 11.6 18  70   M    M   7        29  70
31  79  70  75   5   0  10    T  0.0    0 11.8 22  90   M    M   3        32 100
================================================================================
SM 2356 2032        23 208  0.78     0.0 267.0          M       72
================================================================================
AV 76.0 65.5                               8.6 FASTST   M    M   2    MAX(MPH)
                                 MISC ---->  # 33 160               # 40  160
================================================================================
NOTES:
# LAST OF SEVERAL OCCURRENCES

COLUMN 17 PEAK WIND IN M.P.H.

PRELIMINARY LOCAL CLIMATOLOGICAL DATA (WS FORM: F-6) , PAGE 2

                                          STATION:  KEY WEST
                                          MONTH:    JANUARY
                                          YEAR:     2012
                                          LATITUDE:   24 32 N
                                          LONGITUDE:  81 45 W

[TEMPERATURE DATA]      [PRECIPITATION DATA]       SYMBOLS USED IN COLUMN 16

AVERAGE MONTHLY: 70.8   TOTAL FOR MONTH:   0.78    1 = FOG OR MIST
DPTR FM NORMAL:   1.5   DPTR FM NORMAL:   -1.26    2 = FOG REDUCING VISIBILITY
HIGHEST:    81 ON 28    GRTST 24HR  0.63 ON 12-12      TO 1/4 MILE OR LESS
LOWEST:     49 ON  6                               3 = THUNDER
                        SNOW, ICE PELLETS, HAIL    4 = ICE PELLETS
                        TOTAL MONTH:   0.0 INCH    5 = HAIL
                        GRTST 24HR     0.0         6 = FREEZING RAIN OR DRIZZLE
                        GRTST DEPTH:   0           7 = DUSTSTORM OR SANDSTORM:
                                                       VSBY 1/2 MILE OR LESS
                                                   8 = SMOKE OR HAZE
[NO. OF DAYS WITH]      [WEATHER - DAYS WITH]      9 = BLOWING SNOW
                                                   X = TORNADO
MAX 32 OR BELOW:   0    0.01 INCH OR MORE:   4
MAX 90 OR ABOVE:   0    0.10 INCH OR MORE:   1
MIN 32 OR BELOW:   0    0.50 INCH OR MORE:   1
MIN  0 OR BELOW:   0    1.00 INCH OR MORE:   0

[HDD (BASE 65) ]
TOTAL THIS MO.    23    CLEAR  (SCALE 0-3)  23
DPTR FM NORMAL   -10    PTCLDY (SCALE 4-7)   8
TOTAL FM JUL 1    23    CLOUDY (SCALE 8-10)  0
DPTR FM NORMAL   -28

[CDD (BASE 65) ]
TOTAL THIS MO.   208
DPTR FM NORMAL    43    [PRESSURE DATA]
TOTAL FM JAN 1   208    HIGHEST SLP 30.43 ON 15
DPTR FM NORMAL    49    LOWEST  SLP 29.78 ON 11

[REMARKS]
#FINAL-01-12#
