000
CXUS52 KEYW 010800
CF6EYW
PRELIMINARY LOCAL CLIMATOLOGICAL DATA (WS FORM: F-6)

                                          STATION:   KEY WEST
                                          MONTH:     FEBRUARY
                                          YEAR:      2014
                                          LATITUDE:   24 32 N
                                          LONGITUDE:  81 45 W

  TEMPERATURE IN F:       :PCPN:    SNOW:  WIND      :SUNSHINE: SKY     :PK WND
================================================================================
1   2   3   4   5  6A  6B    7    8   9   10  11  12  13   14  15   16   17  18
                                     12Z  AVG MX 2MIN
DY MAX MIN AVG DEP HDD CDD  WTR  SNW DPTH SPD SPD DIR MIN PSBL S-S WX    SPD DR
================================================================================

 1  80  70  75   5   0  10    T  0.0    0  7.7 13 110   M    M   4        20 140
 2  80  73  77   7   0  12 0.00  0.0    0 11.0 16 110   M    M   0        21 110
 3  81  75  78   8   0  13 0.00  0.0    0  9.5 16 120   M    M   2        25 100
 4  81  76  79   9   0  14 0.00  0.0    0 14.0 18 120   M    M   2        26  90
 5  82  75  79   9   0  14    T  0.0    0  9.8 17 160   M    M   2        21 150
 6  81  74  78   8   0  13 0.00  0.0    0  7.7 13 150   M    M   1        18 160
 7  80  72  76   6   0  11 0.00  0.0    0  6.1 12 150   M    M   1        19 170
 8  81  71  76   6   0  11 0.00  0.0    0  7.2 15 360   M    M   3 1      19  10
 9  82  69  76   5   0  11 0.00  0.0    0  7.6 17 350   M    M   3        22 320
10  79  69  74   3   0   9 0.00  0.0    0  6.3 10 350   M    M   4        14 350
11  80  66  73   2   0   8 0.00  0.0    0  4.6 12 340   M    M   1        15  30
12  81  69  75   4   0  10 0.75  0.0    0  9.5 32 280   M    M   1 13     48 290
13  75  65  70  -1   0   5    T  0.0    0 15.4 23 320   M    M   5 3      30 320
14  69  61  65  -6   0   0 0.00  0.0    0  5.2 12 330   M    M   5        14  30
15  76  62  69  -2   0   4    T  0.0    0  7.9 16 290   M    M   3        20 290
16  72  63  68  -3   0   3 0.00  0.0    0  7.8 15  20   M    M   0        19 350
17  78  61  70  -1   0   5 0.00  0.0    0  9.0 16  90   M    M   0        22  90
18  79  67  73   2   0   8 0.00  0.0    0 11.4 17 100   M    M   1        23  90
19  79  71  75   4   0  10 0.00  0.0    0 13.4 18 110   M    M   2        26 120
20  81  72  77   6   0  12 0.00  0.0    0 12.8 17 110   M    M   1        25 110
21  81  75  78   6   0  13 0.00  0.0    0  9.9 16 150   M    M   0        22 160
22  81  74  78   6   0  13 0.00  0.0    0  5.8 10 130   M    M   1        13 170
23  81  74  78   6   0  13 0.00  0.0    0  5.9 12 100   M    M   0        14 110
24  81  73  77   5   0  12 0.00  0.0    0  5.6 12 360   M    M   2        15 340
25  82  71  77   5   0  12 0.00  0.0    0  6.8 13 340   M    M   1        20  50
26  79  68  74   2   0   9 0.00  0.0    0  6.1 15 230   M    M   1        21 100
27  77  68  73   1   0   8 0.07  0.0    0 12.3 23 360   M    M   6 1      31 360
28  74  67  71  -1   0   6 0.10  0.0    0  7.2 14  20   M    M   8 1      18  10
================================================================================
SM 2213 1951         0 269  0.92     0.0 243.5          M       60
================================================================================
AV 79.0 69.7                               8.7 FASTST   M    M   2    MAX(MPH)
                                 MISC ---->  # 32 280               # 48  290
================================================================================
NOTES:
# LAST OF SEVERAL OCCURRENCES

COLUMN 17 PEAK WIND IN M.P.H.

PRELIMINARY LOCAL CLIMATOLOGICAL DATA (WS FORM: F-6) , PAGE 2

                                          STATION:  KEY WEST
                                          MONTH:    FEBRUARY
                                          YEAR:     2014
                                          LATITUDE:   24 32 N
                                          LONGITUDE:  81 45 W

[TEMPERATURE DATA]      [PRECIPITATION DATA]       SYMBOLS USED IN COLUMN 16

AVERAGE MONTHLY: 74.4   TOTAL FOR MONTH:   0.92    1 = FOG OR MIST
DPTR FM NORMAL:   3.4   DPTR FM NORMAL:   -0.57    2 = FOG REDUCING VISIBILITY
HIGHEST:    82 ON 25, 9 GRTST 24HR  0.75 ON 12-12      TO 1/4 MILE OR LESS
LOWEST:     61 ON 17,14                            3 = THUNDER
                        SNOW, ICE PELLETS, HAIL    4 = ICE PELLETS
                        TOTAL MONTH:   0.0 INCH    5 = HAIL
                        GRTST 24HR     0.0         6 = FREEZING RAIN OR DRIZZLE
                        GRTST DEPTH:   0           7 = DUSTSTORM OR SANDSTORM:
                                                       VSBY 1/2 MILE OR LESS
                                                   8 = SMOKE OR HAZE
[NO. OF DAYS WITH]      [WEATHER - DAYS WITH]      9 = BLOWING SNOW
                                                   X = TORNADO
MAX 32 OR BELOW:   0    0.01 INCH OR MORE:   3
MAX 90 OR ABOVE:   0    0.10 INCH OR MORE:   2
MIN 32 OR BELOW:   0    0.50 INCH OR MORE:   1
MIN  0 OR BELOW:   0    1.00 INCH OR MORE:   0

[HDD (BASE 65) ]
TOTAL THIS MO.     0    CLEAR  (SCALE 0-3)  22
DPTR FM NORMAL   -15    PTCLDY (SCALE 4-7)   6
TOTAL FM JUL 1    22    CLOUDY (SCALE 8-10)  0
DPTR FM NORMAL   -44

[CDD (BASE 65) ]
TOTAL THIS MO.   269
DPTR FM NORMAL    86    [PRESSURE DATA]
TOTAL FM JAN 1   426    HIGHEST SLP 30.22 ON 18
DPTR FM NORMAL    78    LOWEST  SLP 29.80 ON 13

[REMARKS]
#FINAL-02-14#
