000
CXUS52 KEYW 010800
CF6EYW
PRELIMINARY LOCAL CLIMATOLOGICAL DATA (WS FORM: F-6)

                                          STATION:   KEY WEST
                                          MONTH:     JANUARY
                                          YEAR:      2014
                                          LATITUDE:   24 32 N
                                          LONGITUDE:  81 45 W

  TEMPERATURE IN F:       :PCPN:    SNOW:  WIND      :SUNSHINE: SKY     :PK WND
================================================================================
1   2   3   4   5  6A  6B    7    8   9   10  11  12  13   14  15   16   17  18
                                     12Z  AVG MX 2MIN
DY MAX MIN AVG DEP HDD CDD  WTR  SNW DPTH SPD SPD DIR MIN PSBL S-S WX    SPD DR
================================================================================

 1  82  73  78   8   0  13 0.00  0.0    0 12.7 20 100   M    M   3        25 100
 2  80  74  77   8   0  12 0.00  0.0    0 10.3 18 160   M    M   0 8      23 170
 3  77  64  71   2   0   6 0.00  0.0    0 13.7 23 360   M    M   5        32 340
 4  70  64  67  -2   0   2 4.13  0.0    0 10.2 20 360   M    M   9 13     27  10
 5  80  69  75   6   0  10 0.18  0.0    0  9.5 30 120   M    M   3 1      39 110
 6  81  59  70   1   0   5 0.19  0.0    0  9.3 30 340   M    M   4 1      43 350
 7  61  55  58 -11   7   0    T  0.0    0 17.3 26 360   M    M   8        36 360
 8  69  57  63  -6   2   0 0.14  0.0    0 12.8 20  20   M    M   9 1      26  10
 9  74  67  71   2   0   6 0.02  0.0    0  7.9 15  40   M    M   2        21  40
10  80  68  74   5   0   9 0.00  0.0    0  8.5 15 130   M    M   1        23 140
11  80  73  77   8   0  12 0.00  0.0    0  8.2 17 180   M    M   1 1      23 170
12  75  71  73   4   0   8 0.00  0.0    0  6.4 17  20   M    M   4 1      22  20
13  80  71  76   7   0  11    T  0.0    0  7.7 18 150   M    M   3        23 140
14  80  73  77   8   0  12 0.00  0.0    0  8.9 14 330   M    M   2 3      20 200
15  73  67  70   1   0   5    T  0.0    0 11.3 20 330   M    M   5 3      25 340
16  69  58  64  -5   1   0    T  0.0    0 13.9 25 330   M    M   5        34 330
17  64  56  60  -9   5   0 0.00  0.0    0  8.9 14 340   M    M   3        18 340
18  71  58  65  -4   0   0 0.00  0.0    0  8.3 18  20   M    M   0        24 340
19  69  57  63  -6   2   0 0.00  0.0    0  6.1 14 340   M    M   0        17 320
20  73  56  65  -4   0   0 0.00  0.0    0  4.3  9 210   M    M   1        12 210
21  73  62  68  -1   0   3 0.33  0.0    0  6.9 20 290   M    M   6 18     29  10
22  69  59  64  -5   1   0 0.00  0.0    0 12.8 23 320   M    M   4        29 350
23  66  56  61  -8   4   0 0.00  0.0    0  9.7 18  30   M    M   0        22  20
24  68  61  65  -4   0   0 0.00  0.0    0 12.1 22  30   M    M   1        28  30
25  75  60  68  -1   0   3 0.00  0.0    0  7.9 17  30   M    M   3        23  20
26  76  62  69  -1   0   4 0.00  0.0    0  6.7 10 140   M    M   1        14 340
27  78  69  74   4   0   9 0.00  0.0    0  5.8 12 160   M    M   0        17 190
28  77  68  73   3   0   8 0.00  0.0    0  6.3 13 100   M    M   0        24  90
29  80  66  73   3   0   8 1.15  0.0    0  8.1 21 210   M    M   6 13     26  30
30  69  64  67  -3   0   2 0.50  0.0    0 10.7 18  30   M    M  10 1      27  30
31  79  68  74   4   0   9 0.04  0.0    0  6.3 10 290   M    M   4 1      15 200
================================================================================
SM 2298 1985        22 157  6.68     0.0 289.5          M      103
================================================================================
AV 74.1 64.0                               9.3 FASTST   M    M   3    MAX(MPH)
                                 MISC ---->  # 30 120               # 43  350
================================================================================
NOTES:
# LAST OF SEVERAL OCCURRENCES

COLUMN 17 PEAK WIND IN M.P.H.

PRELIMINARY LOCAL CLIMATOLOGICAL DATA (WS FORM: F-6) , PAGE 2

                                          STATION:  KEY WEST
                                          MONTH:    JANUARY
                                          YEAR:     2014
                                          LATITUDE:   24 32 N
                                          LONGITUDE:  81 45 W

[TEMPERATURE DATA]      [PRECIPITATION DATA]       SYMBOLS USED IN COLUMN 16

AVERAGE MONTHLY: 69.1   TOTAL FOR MONTH:   6.68    1 = FOG OR MIST
DPTR FM NORMAL:  -0.2   DPTR FM NORMAL:    4.64    2 = FOG REDUCING VISIBILITY
HIGHEST:    82 ON  1    GRTST 24HR  4.31 ON  4- 5      TO 1/4 MILE OR LESS
LOWEST:     55 ON  7                               3 = THUNDER
                        SNOW, ICE PELLETS, HAIL    4 = ICE PELLETS
                        TOTAL MONTH:   0.0 INCH    5 = HAIL
                        GRTST 24HR     0.0         6 = FREEZING RAIN OR DRIZZLE
                        GRTST DEPTH:   0           7 = DUSTSTORM OR SANDSTORM:
                                                       VSBY 1/2 MILE OR LESS
                                                   8 = SMOKE OR HAZE
[NO. OF DAYS WITH]      [WEATHER - DAYS WITH]      9 = BLOWING SNOW
                                                   X = TORNADO
MAX 32 OR BELOW:   0    0.01 INCH OR MORE:   9
MAX 90 OR ABOVE:   0    0.10 INCH OR MORE:   7
MIN 32 OR BELOW:   0    0.50 INCH OR MORE:   3
MIN  0 OR BELOW:   0    1.00 INCH OR MORE:   2

[HDD (BASE 65) ]
TOTAL THIS MO.    22    CLEAR  (SCALE 0-3)  18
DPTR FM NORMAL   -11    PTCLDY (SCALE 4-7)   9
TOTAL FM JUL 1    22    CLOUDY (SCALE 8-10)  4
DPTR FM NORMAL   -29

[CDD (BASE 65) ]
TOTAL THIS MO.   157
DPTR FM NORMAL    -8    [PRESSURE DATA]
TOTAL FM JAN 1   157    HIGHEST SLP 30.34 ON 24
DPTR FM NORMAL    -2    LOWEST  SLP 29.92 ON  5

[REMARKS]
#FINAL-01-14#
