000
CXUS52 KEYW 010800
CF6EYW
PRELIMINARY LOCAL CLIMATOLOGICAL DATA (WS FORM: F-6)

                                          STATION:   KEY WEST
                                          MONTH:     MARCH
                                          YEAR:      2014
                                          LATITUDE:   24 32 N
                                          LONGITUDE:  81 45 W

  TEMPERATURE IN F:       :PCPN:    SNOW:  WIND      :SUNSHINE: SKY     :PK WND
================================================================================
1   2   3   4   5  6A  6B    7    8   9   10  11  12  13   14  15   16   17  18
                                     12Z  AVG MX 2MIN
DY MAX MIN AVG DEP HDD CDD  WTR  SNW DPTH SPD SPD DIR MIN PSBL S-S WX    SPD DR
================================================================================

 1  75  65  70  -2   0   5 0.00  0.0    0  7.1 13 350   M    M   1        20  30
 2  80  69  75   3   0  10 0.00  0.0    0  9.7 16 100   M    M   1        21 110
 3  80  69  75   3   0  10 0.00  0.0    0  6.2 13 350   M    M   1        16 140
 4  80  67  74   2   0   9 0.00  0.0    0  6.2 12 110   M    M   3        15 100
 5  80  74  77   5   0  12 0.00  0.0    0  7.9 15 140   M    M   1        18 150
 6  81  69  75   3   0  10 0.82  0.0    0 12.7 31 320   M    M   5 3      41 320
 7  77  69  73   1   0   8 0.07  0.0    0 15.5 24 310   M    M   4        30 310
 8  72  63  68  -5   0   3 0.00  0.0    0  6.4 14  30   M    M   5        18 340
 9  78  63  71  -2   0   6 0.00  0.0    0  4.2 10 100   M    M   1        16  70
10  78  66  72  -1   0   7 0.00  0.0    0  4.4 13  10   M    M   3        17  30
11  79  66  73   0   0   8 0.00  0.0    0  7.1 15 150   M    M   0        18 150
12  81  71  76   3   0  11 1.15  0.0    0 10.5 20 270   M    M   3 13     25 260
13  75  69  72  -1   0   7 0.00  0.0    0 14.5 23 350   M    M   3        30 330
14  76  65  71  -2   0   6 0.00  0.0    0 12.5 22 100   M    M   1        28  90
15  79  68  74   1   0   9 0.00  0.0    0 11.3 20 100   M    M   1        24 100
16  80  73  77   4   0  12    T  0.0    0 14.8 21 160   M    M   2        30 170
17  82  76  79   6   0  14 0.00  0.0    0 15.0 23 200   M    M   2        28 200
18  79  70  75   2   0  10 0.31  0.0    0 13.1 25 240   M    M   7 1      32 300
19  79  69  74   0   0   9 0.00  0.0    0  8.4 14  20   M    M   3        18  20
20  78  70  74   0   0   9 0.00  0.0    0 10.2 17 330   M    M   5        21 320
21  77  63  70  -4   0   5 0.00  0.0    0  5.3 14 330   M    M   1        18 330
22  82  67  75   1   0  10 0.00  0.0    0  3.3 10  30   M    M   2        14  10
23  82  73  78   4   0  13 0.00  0.0    0  6.6 14 300   M    M   1 1      17 320
24  83  75  79   5   0  14 0.00  0.0    0  6.0 13 360   M    M   5 3      16 350
25  79  68  74   0   0   9 1.37  0.0    0 13.6 24 240   M    M   5 13     39 200
26  71  63  67  -7   0   2 0.00  0.0    0 14.7 23 350   M    M   0        33 340
27  78  69  74   0   0   9 0.00  0.0    0 15.8 24 110   M    M   4        31 120
28  81  74  78   4   0  13 0.00  0.0    0 16.2 23 120   M    M   2        28 120
29  82  72  77   3   0  12    T  0.0    0  9.9 30 330   M    M   3 3      41 330
30  77  69  73  -1   0   8 0.06  0.0    0 11.7 21 350   M    M   4        27 340
31  77  67  72  -3   0   7 0.00  0.0    0 10.9 16 100   M    M   0        21 100
================================================================================
SM 2438 2131         0 277  3.78     0.0 311.7          M       79
================================================================================
AV 78.6 68.7                              10.1 FASTST   M    M   3    MAX(MPH)
                                 MISC ---->  # 31 320               # 41  320
================================================================================
NOTES:
# LAST OF SEVERAL OCCURRENCES

COLUMN 17 PEAK WIND IN M.P.H.

PRELIMINARY LOCAL CLIMATOLOGICAL DATA (WS FORM: F-6) , PAGE 2

                                          STATION:  KEY WEST
                                          MONTH:    MARCH
                                          YEAR:     2014
                                          LATITUDE:   24 32 N
                                          LONGITUDE:  81 45 W

[TEMPERATURE DATA]      [PRECIPITATION DATA]       SYMBOLS USED IN COLUMN 16

AVERAGE MONTHLY: 73.7   TOTAL FOR MONTH:   3.78    1 = FOG OR MIST
DPTR FM NORMAL:   0.5   DPTR FM NORMAL:    1.73    2 = FOG REDUCING VISIBILITY
HIGHEST:    83 ON 24    GRTST 24HR  1.37 ON 25-25      TO 1/4 MILE OR LESS
LOWEST:     63 ON 26,21                            3 = THUNDER
                        SNOW, ICE PELLETS, HAIL    4 = ICE PELLETS
                        TOTAL MONTH:   0.0 INCH    5 = HAIL
                        GRTST 24HR     0.0         6 = FREEZING RAIN OR DRIZZLE
                        GRTST DEPTH:   0           7 = DUSTSTORM OR SANDSTORM:
                                                       VSBY 1/2 MILE OR LESS
                                                   8 = SMOKE OR HAZE
[NO. OF DAYS WITH]      [WEATHER - DAYS WITH]      9 = BLOWING SNOW
                                                   X = TORNADO
MAX 32 OR BELOW:   0    0.01 INCH OR MORE:   6
MAX 90 OR ABOVE:   0    0.10 INCH OR MORE:   4
MIN 32 OR BELOW:   0    0.50 INCH OR MORE:   3
MIN  0 OR BELOW:   0    1.00 INCH OR MORE:   2

[HDD (BASE 65) ]
TOTAL THIS MO.     0    CLEAR  (SCALE 0-3)  21
DPTR FM NORMAL    -7    PTCLDY (SCALE 4-7)  10
TOTAL FM JUL 1    22    CLOUDY (SCALE 8-10)  0
DPTR FM NORMAL   -51

[CDD (BASE 65) ]
TOTAL THIS MO.   277
DPTR FM NORMAL    15    [PRESSURE DATA]
TOTAL FM JAN 1   703    HIGHEST SLP 30.26 ON 27
DPTR FM NORMAL    93    LOWEST  SLP 29.74 ON 17

[REMARKS]
#FINAL-03-14#
