000
CXUS52 KEYW 010800
CF6EYW
PRELIMINARY LOCAL CLIMATOLOGICAL DATA (WS FORM: F-6)

                                          STATION:   KEY WEST
                                          MONTH:     SEPTEMBER
                                          YEAR:      2012
                                          LATITUDE:   24 32 N
                                          LONGITUDE:  81 45 W

  TEMPERATURE IN F:       :PCPN:    SNOW:  WIND      :SUNSHINE: SKY     :PK WND
================================================================================
1   2   3   4   5  6A  6B    7    8   9   10  11  12  13   14  15   16   17  18
                                     12Z  AVG MX 2MIN
DY MAX MIN AVG DEP HDD CDD  WTR  SNW DPTH SPD SPD DIR MIN PSBL S-S WX    SPD DR
================================================================================

 1  87  76  82  -2   0  17 0.18  0.0    0  5.3 14  70   M    M   1 1      20  70
 2  88  78  83  -1   0  18 0.00  0.0    0  5.2 13 130   M    M   3        16 130
 3  87  79  83  -1   0  18 0.00  0.0    0  4.8  9 160   M    M   0        15 140
 4  87  75  81  -3   0  16 1.39  0.0    0  6.5 16 120   M    M   3 1      22 160
 5  86  81  84   0   0  19 0.00  0.0    0  8.9 12 180   M    M   1        14 170
 6  86  81  84   0   0  19 0.00  0.0    0  6.4 12 180   M    M   2 X      17 200
 7  86  81  84   0   0  19 0.00  0.0    0  5.6 13 140   M    M   1        16 140
 8  86  81  84   0   0  19 0.00  0.0    0  5.9 13 170   M    M   1        16 160
 9  87  81  84   0   0  19 0.00  0.0    0  7.7 13 240   M    M   1        17 270
10  87  79  83  -1   0  18 0.00  0.0    0  6.3 14 310   M    M   1        17 310
11  88  80  84   0   0  19    T  0.0    0  5.3 16  30   M    M   1        21  30
12  90  77  84   1   0  19 0.05  0.0    0 10.1 18 110   M    M   4 3      26  90
13  87  76  82  -1   0  17 0.98  0.0    0 10.2 21  60   M    M   5 13     26  60
14  88  77  83   0   0  18 0.04  0.0    0  6.4 16  90   M    M   2        20  90
15  86  79  83   0   0  18 0.02  0.0    0  9.5 18 120   M    M   1 1      23 100
16  84  76  80  -3   0  15 0.50  0.0    0  9.7 23 140   M    M   3 13     30 150
17  86  75  81  -2   0  16 0.51  0.0    0  8.8 17 230   M    M   3 3      22 230
18  87  81  84   1   0  19 0.00  0.0    0 10.5 22 330   M    M   1        29 330
19  88  76  82  -1   0  17 0.00  0.0    0  7.1  7  20   M    M   0        16  70
20  89  74  82  -1   0  17 0.35  0.0    0  7.0 24 160   M    M   2 3      30 130
21  84  73  79  -4   0  14 0.26  0.0    0  9.0 21 100   M    M   4        25  90
22  85  76  81  -2   0  16 0.16  0.0    0  6.1 18 120   M    M   2 13     24 140
23  87  80  84   1   0  19    T  0.0    0  4.6 14 340   M    M   1        17 350
24  83  77  80  -3   0  15 0.02  0.0    0  5.1 10  20   M    M   3        15  10
25  85  79  82  -1   0  17    T  0.0    0  6.0 12 120   M    M   1        15 130
26  86  76  81  -2   0  16 0.07  0.0    0  5.8 20 120   M    M   1        24 110
27  88  76  82   0   0  17 0.30  0.0    0  5.1 16  90   M    M   2 1      20  90
28  88  77  83   1   0  18 0.70  0.0    0  4.6 21 150   M    M   3 13     25 150
29  87  78  83   1   0  18 0.00  0.0    0  5.2 15 140   M    M   0        18  90
30  86  80  83   1   0  18    T  0.0    0  9.6 17 160   M    M   2        22 160
================================================================================
SM 2599 2335         0 525  5.53     0.0 208.3          M       55
================================================================================
AV 86.6 77.8                               6.9 FASTST   M    M   2    MAX(MPH)
                                 MISC ---->  # 24 160               # 30  150
================================================================================
NOTES:
# LAST OF SEVERAL OCCURRENCES

COLUMN 17 PEAK WIND IN M.P.H.

PRELIMINARY LOCAL CLIMATOLOGICAL DATA (WS FORM: F-6) , PAGE 2

                                          STATION:  KEY WEST
                                          MONTH:    SEPTEMBER
                                          YEAR:     2012
                                          LATITUDE:   24 32 N
                                          LONGITUDE:  81 45 W

[TEMPERATURE DATA]      [PRECIPITATION DATA]       SYMBOLS USED IN COLUMN 16

AVERAGE MONTHLY: 82.2   TOTAL FOR MONTH:   5.53    1 = FOG OR MIST
DPTR FM NORMAL:  -1.0   DPTR FM NORMAL:   -1.18    2 = FOG REDUCING VISIBILITY
HIGHEST:    90 ON 12    GRTST 24HR  1.39 ON  4- 4      TO 1/4 MILE OR LESS
LOWEST:     73 ON 21                               3 = THUNDER
                        SNOW, ICE PELLETS, HAIL    4 = ICE PELLETS
                        TOTAL MONTH:   0.0 INCH    5 = HAIL
                        GRTST 24HR     0.0         6 = FREEZING RAIN OR DRIZZLE
                        GRTST DEPTH:   0           7 = DUSTSTORM OR SANDSTORM:
                                                       VSBY 1/2 MILE OR LESS
                                                   8 = SMOKE OR HAZE
[NO. OF DAYS WITH]      [WEATHER - DAYS WITH]      9 = BLOWING SNOW
                                                   X = TORNADO
MAX 32 OR BELOW:   0    0.01 INCH OR MORE:  15
MAX 90 OR ABOVE:   1    0.10 INCH OR MORE:  10
MIN 32 OR BELOW:   0    0.50 INCH OR MORE:   5
MIN  0 OR BELOW:   0    1.00 INCH OR MORE:   1

[HDD (BASE 65) ]
TOTAL THIS MO.     0    CLEAR  (SCALE 0-3)  27
DPTR FM NORMAL     0    PTCLDY (SCALE 4-7)   3
TOTAL FM JUL 1     0    CLOUDY (SCALE 8-10)  0
DPTR FM NORMAL     0

[CDD (BASE 65) ]
TOTAL THIS MO.   525
DPTR FM NORMAL   -21    [PRESSURE DATA]
TOTAL FM JAN 1  3851    HIGHEST SLP 30.12 ON  1
DPTR FM NORMAL   116    LOWEST  SLP 29.78 ON 30

[REMARKS]
#FINAL-09-12#
