000
CXUS52 KEYW 020329
CF6EYW

PRELIMINARY LOCAL CLIMATOLOGICAL DATA (WS FORM: F-6)

                                          STATION:   KEY WEST
                                          MONTH:     SEPTEMBER
                                          YEAR:      2013
                                          LATITUDE:   24 32 N
                                          LONGITUDE:  81 45 W

  TEMPERATURE IN F:       :PCPN:    SNOW:  WIND      :SUNSHINE: SKY     :PK WND
================================================================================
1   2   3   4   5  6A  6B    7    8   9   10  11  12  13   14  15   16   17  18
                                     12Z  AVG MX 2MIN
DY MAX MIN AVG DEP HDD CDD  WTR  SNW DPTH SPD SPD DIR MIN PSBL S-S WX    SPD DR
================================================================================

 1  88  82  85   1   0  20 0.00  0.0    0  7.5 17 180   M    M   1 8      24 170
 2  90  81  86   2   0  21 0.00  0.0    0  6.4 12 120   M    M   1        15 130
 3  86  75  81  -3   0  16 1.28  0.0    0  5.5 18 130   M    M   3        26 130
 4  88  81  85   1   0  20    T  0.0    0  9.7 16 120   M    M   1        20 130
 5  89  81  85   1   0  20 0.04  0.0    0 11.7 18 100   M    M   1        22  90
 6  89  80  85   1   0  20 0.02  0.0    0  9.1 16  90   M    M   1 1      21 100
 7  85  75  80  -4   0  15 0.30  0.0    0  6.6 20 190   M    M   2        39 150
 8  88  78  83  -1   0  18 0.00  0.0    0  4.8 17 130   M    M   1        22 130
 9  88  77  83  -1   0  18 0.01  0.0    0  6.1 16  90   M    M   1 3      23 100
10  89  78  84   0   0  19    T  0.0    0 11.0 21 130   M    M   2        26 130
11  87  79  83  -1   0  18    T  0.0    0 11.5 26 130   M    M   3        32 130
12  86  79  83   0   0  18    T  0.0    0  6.9 13 100   M    M   0        20 100
13  88  80  84   1   0  19 0.00  0.0    0  6.1 12 120   M    M   1        15 110
14  88  80  84   1   0  19 0.00  0.0    0  6.8 15 100   M    M   1        20 100
15  88  74  81  -2   0  16 0.82  0.0    0  8.5 23 160   M    M   2 3      35  60
16  83  75  79  -4   0  14 1.00  0.0    0  9.0 31 110   M    M   2 138    36 110
17  82  76  79  -4   0  14 0.22  0.0    0  7.3 18  80   M    M   4 1      25  90
18  85  79  82  -1   0  17    T  0.0    0  5.3 13  30   M    M   3        20  20
19  89  77  83   0   0  18 0.04  0.0    0  4.6 13  20   M    M   1 13     16  20
20  87  78  83   0   0  18 0.00  0.0    0  8.7 17 100   M    M   0        22 110
21  87  78  83   0   0  18 0.00  0.0    0  4.0  9 310   M    M   1        12 330
22  86  77  82  -1   0  17 0.07  0.0    0  8.9 21 200   M    M   2 3      26 190
23  87  80  84   1   0  19    T  0.0    0 10.3 20 160   M    M   2        24 160
24  87  83  85   2   0  20 0.00  0.0    0  6.6 13 210   M    M   1        17 210
25  88  82  85   2   0  20 0.00  0.0    0  8.1 15 240   M    M   1        17 240
26  87  82  85   2   0  20 0.00  0.0    0  9.8 17 300   M    M   3        21 300
27  88  76  82   0   0  17 1.00  0.0    0  8.3 17 250   M    M   4 1      23 250
28  86  76  81  -1   0  16 0.00  0.0    0  4.4 13 160   M    M   2        15 160
29  88  77  83   1   0  18 0.00  0.0    0  5.8 14  30   M    M   1        18  20
30  87  80  84   2   0  19 0.00  0.0    0  8.8 17 100   M    M   1        23 110
================================================================================
SM 2614 2356         0 542  4.80     0.0 228.1          M       49
================================================================================
AV 87.1 78.5                               7.6 FASTST   M    M   2    MAX(MPH)
                                 MISC ---->  # 31 110               # 39  150
================================================================================
NOTES:
# LAST OF SEVERAL OCCURRENCES

COLUMN 17 PEAK WIND IN M.P.H.

PRELIMINARY LOCAL CLIMATOLOGICAL DATA (WS FORM: F-6) , PAGE 2

                                          STATION:  KEY WEST
                                          MONTH:    SEPTEMBER
                                          YEAR:     2013
                                          LATITUDE:   24 32 N
                                          LONGITUDE:  81 45 W

[TEMPERATURE DATA]      [PRECIPITATION DATA]       SYMBOLS USED IN COLUMN 16

AVERAGE MONTHLY: 82.8   TOTAL FOR MONTH:   4.80    1 = FOG OR MIST
DPTR FM NORMAL:  -0.4   DPTR FM NORMAL:   -1.91    2 = FOG REDUCING VISIBILITY
HIGHEST:    90 ON  2    GRTST 24HR  1.82 ON 15-16      TO 1/4 MILE OR LESS
LOWEST:     74 ON 15                               3 = THUNDER
                        SNOW, ICE PELLETS, HAIL    4 = ICE PELLETS
                        TOTAL MONTH:   0.0 INCH    5 = HAIL
                        GRTST 24HR     0.0         6 = FREEZING RAIN OR DRIZZLE
                        GRTST DEPTH:   0           7 = DUSTSTORM OR SANDSTORM:
                                                       VSBY 1/2 MILE OR LESS
                                                   8 = SMOKE OR HAZE
[NO. OF DAYS WITH]      [WEATHER - DAYS WITH]      9 = BLOWING SNOW
                                                   X = TORNADO
MAX 32 OR BELOW:   0    0.01 INCH OR MORE:  11
MAX 90 OR ABOVE:   1    0.10 INCH OR MORE:   6
MIN 32 OR BELOW:   0    0.50 INCH OR MORE:   4
MIN  0 OR BELOW:   0    1.00 INCH OR MORE:   3

[HDD (BASE 65) ]
TOTAL THIS MO.     0    CLEAR  (SCALE 0-3)  27
DPTR FM NORMAL     0    PTCLDY (SCALE 4-7)   3
TOTAL FM JUL 1     0    CLOUDY (SCALE 8-10)  0
DPTR FM NORMAL     0

[CDD (BASE 65) ]
TOTAL THIS MO.   542
DPTR FM NORMAL    -4    [PRESSURE DATA]
TOTAL FM JAN 1  3862    HIGHEST SLP 30.05 ON 16
DPTR FM NORMAL   127    LOWEST  SLP 29.79 ON 22

[REMARKS]

USED 8-INCH RAIN GAUGE FROM SITE KEY FOR THE DAILY TOTALS FROM 9/26-9/30

#FINAL-09-13#
