000
CXUS52 KEYW 010800
CF6EYW
PRELIMINARY LOCAL CLIMATOLOGICAL DATA (WS FORM: F-6)

                                          STATION:   KEY WEST
                                          MONTH:     JUNE
                                          YEAR:      2014
                                          LATITUDE:   24 32 N
                                          LONGITUDE:  81 45 W

  TEMPERATURE IN F:       :PCPN:    SNOW:  WIND      :SUNSHINE: SKY     :PK WND
================================================================================
1   2   3   4   5  6A  6B    7    8   9   10  11  12  13   14  15   16   17  18
                                     12Z  AVG MX 2MIN
DY MAX MIN AVG DEP HDD CDD  WTR  SNW DPTH SPD SPD DIR MIN PSBL S-S WX    SPD DR
================================================================================

 1  88  81  85   3   0  20 0.00  0.0    0 11.6 20 100   M    M   1        24 110
 2  86  78  82   0   0  17 0.05  0.0    0 13.8 23 100   M    M   3        32  90
 3  81  75  78  -4   0  13 0.81  0.0    0 10.6 18 130   M    M   8 1      23 110
 4  84  78  81  -1   0  16 0.00  0.0    0  6.7 12 130   M    M   4        15 120
 5  85  78  82  -1   0  17    T  0.0    0  9.3 16 100   M    M   6        19 130
 6  86  79  83   0   0  18 0.01  0.0    0  7.8 13  60   M    M   3 3      19  50
 7  86  78  82  -1   0  17 0.00  0.0    0  4.3 14 160   M    M   2        17 180
 8  89  79  84   1   0  19 0.00  0.0    0  3.7 10 180   M    M   2 3      16 340
 9  89  81  85   2   0  20    T  0.0    0  6.8 15 160   M    M   1 3      20 180
10  88  81  85   2   0  20 0.00  0.0    0  7.6 12 150   M    M   1 3      16 120
11  88  80  84   1   0  19 0.00  0.0    0  7.6 26 180   M    M   1 3      33 180
12  85  74  80  -3   0  15 0.24  0.0    0  9.5 26 180   M    M   1 13     30 180
13  88  80  84   1   0  19 0.00  0.0    0  9.0 14 100   M    M   1        18 170
14  90  82  86   3   0  21 0.00  0.0    0  9.5 15 120   M    M   1        18 130
15  90  83  87   4   0  22 0.00  0.0    0 13.0 18 100   M    M   1        23 100
16  90  76  83   0   0  18 0.15  0.0    0 11.3 24 360   M    M   3 3      30 360
17  83  75  79  -5   0  14 0.23  0.0    0  9.1 21  70   M    M   2 13     28  60
18  87  76  82  -2   0  17 0.05  0.0    0 11.4 23 180   M    M   1 13     29 190
19  87  79  83  -1   0  18 0.00  0.0    0  7.2 14 100   M    M   0        17 130
20  88  80  84   0   0  19 0.00  0.0    0  6.1 13  70   M    M   2 3      17  60
21  86  78  82  -2   0  17 0.27  0.0    0  2.6 14 240   M    M   2 3      17 220
22  90  81  86   2   0  21 0.00  0.0    0  6.0 12 310   M    M   1        16 310
23  88  82  85   1   0  20 0.00  0.0    0  5.6 10 180   M    M   0 3      13 180
24  91  83  87   3   0  22 0.00  0.0    0  6.7 12 150   M    M   2        16  50
25  91  83  87   3   0  22 0.02  0.0    0  8.0 15 110   M    M   1 3      19 110
26  88  79  84   0   0  19    T  0.0    0  8.7 25 110   M    M   3 3      31 110
27  90  77  84   0   0  19 0.02  0.0    0  4.5 21  60   M    M   3 3      28  50
28  91  78  85   1   0  20 0.26  0.0    0  5.7 24 100   M    M   2 3      30 100
29  91  77  84   0   0  19 0.25  0.0    0  6.1 29  20   M    M   2 13     44  20
30  90  79  85   1   0  20 0.02  0.0    0  8.6 25  20   M    M   2        31  10
================================================================================
SM 2634 2370         0 558  2.38     0.0 238.4          M       62
================================================================================
AV 87.8 79.0                               7.9 FASTST   M    M   2    MAX(MPH)
                                 MISC ---->  # 29  20               # 44   20
================================================================================
NOTES:
# LAST OF SEVERAL OCCURRENCES

COLUMN 17 PEAK WIND IN M.P.H.

PRELIMINARY LOCAL CLIMATOLOGICAL DATA (WS FORM: F-6) , PAGE 2

                                          STATION:  KEY WEST
                                          MONTH:    JUNE
                                          YEAR:     2014
                                          LATITUDE:   24 32 N
                                          LONGITUDE:  81 45 W

[TEMPERATURE DATA]      [PRECIPITATION DATA]       SYMBOLS USED IN COLUMN 16

AVERAGE MONTHLY: 83.4   TOTAL FOR MONTH:   2.38    1 = FOG OR MIST
DPTR FM NORMAL:   0.1   DPTR FM NORMAL:   -1.73    2 = FOG REDUCING VISIBILITY
HIGHEST:    91 ON 29,28 GRTST 24HR  0.81 ON  3- 3      TO 1/4 MILE OR LESS
LOWEST:     74 ON 12                               3 = THUNDER
                        SNOW, ICE PELLETS, HAIL    4 = ICE PELLETS
                        TOTAL MONTH:   0.0 INCH    5 = HAIL
                        GRTST 24HR     0.0         6 = FREEZING RAIN OR DRIZZLE
                        GRTST DEPTH:   0           7 = DUSTSTORM OR SANDSTORM:
                                                       VSBY 1/2 MILE OR LESS
                                                   8 = SMOKE OR HAZE
[NO. OF DAYS WITH]      [WEATHER - DAYS WITH]      9 = BLOWING SNOW
                                                   X = TORNADO
MAX 32 OR BELOW:   0    0.01 INCH OR MORE:  13
MAX 90 OR ABOVE:  10    0.10 INCH OR MORE:   7
MIN 32 OR BELOW:   0    0.50 INCH OR MORE:   1
MIN  0 OR BELOW:   0    1.00 INCH OR MORE:   0

[HDD (BASE 65) ]
TOTAL THIS MO.     0    CLEAR  (SCALE 0-3)  26
DPTR FM NORMAL     0    PTCLDY (SCALE 4-7)   4
TOTAL FM JUL 1    22    CLOUDY (SCALE 8-10)  0
DPTR FM NORMAL   -51

[CDD (BASE 65) ]
TOTAL THIS MO.   558
DPTR FM NORMAL     9    [PRESSURE DATA]
TOTAL FM JAN 1  2180    HIGHEST SLP 30.15 ON 28
DPTR FM NORMAL   201    LOWEST  SLP 29.88 ON  5

[REMARKS]
#FINAL-06-14#
