000
CXUS52 KEYW 010800
CF6EYW
PRELIMINARY LOCAL CLIMATOLOGICAL DATA (WS FORM: F-6)

                                          STATION:   KEY WEST
                                          MONTH:     JULY
                                          YEAR:      2012
                                          LATITUDE:   24 32 N
                                          LONGITUDE:  81 45 W

  TEMPERATURE IN F:       :PCPN:    SNOW:  WIND      :SUNSHINE: SKY     :PK WND
================================================================================
1   2   3   4   5  6A  6B    7    8   9   10  11  12  13   14  15   16   17  18
                                     12Z  AVG MX 2MIN
DY MAX MIN AVG DEP HDD CDD  WTR  SNW DPTH SPD SPD DIR MIN PSBL S-S WX    SPD DR
================================================================================

 1  87  80  84   0   0  19    T  0.0    0  6.6 14 120   M    M   1        18 110
 2  88  80  84   0   0  19 0.00  0.0    0  8.2 16 110   M    M   2        23 140
 3  88  80  84   0   0  19 0.00  0.0    0  8.7 15 110   M    M   2        18 110
 4  88  76  82  -2   0  17 1.66  0.0    0   M   M   M   M    M   2         M  M
 5  86  76  81  -3   0  16 0.00  0.0    0  6.9 13 120   M    M   1        16 120
 6  88  81  85   1   0  20 0.00  0.0    0   M   M   M   M    M   1         M  M
 7  88  79  84   0   0  19 0.11  0.0    M 10.4 16 100   M    M   2 3      21 110
 8  88  74  81  -3   0  16 2.00  0.0    0  7.7 20 100   M    M   3 1238   25 100
 9  86  76  81  -3   0  16 0.17  0.0    0  6.0 22 150   M    M   3 13     28 150
10  83  74  79  -5   0  14 0.15  0.0    0  6.6 15 100   M    M   5 13     20  70
11  84  73  79  -5   0  14 0.37  0.0    0  9.1 24 170   M    M   1 13     30 170
12  85  77  81  -3   0  16    T  0.0    0  5.8 12 110   M    M   2 3      14 110
13  86  73  80  -4   0  15 2.01  0.0    0  6.6 18 130   M    M   2 138    24 130
14  86  78  82  -2   0  17 0.01  0.0    0 14.2 23 110   M    M   3 1      29 100
15  85  76  81  -4   0  16 0.31  0.0    0 11.0 22 150   M    M   3 18     26 150
16  86  78  82  -3   0  17 0.00  0.0    0  4.4 13  90   M    M   1 3      16  80
17  87  74  81  -4   0  16 0.15  0.0    0  7.3 18 120   M    M   3 1      26 140
18  87  79  83  -2   0  18 0.00  0.0    0  8.6 14 110   M    M   1        17 120
19  87  81  84  -1   0  19 0.00  0.0    0 11.8 17 110   M    M   1        22 100
20  87  79  83  -2   0  18 0.03  0.0    0 11.5 21 100   M    M   1        25  70
21  88  82  85   0   0  20 0.00  0.0    0 13.7 20 110   M    M   2 3      23 120
22  83  73  78  -7   0  13 1.45  0.0    0  8.2 22 140   M    M   2 13     26 140
23  87  80  84  -1   0  19 0.05  0.0    0  8.2 15 160   M    M   2 1      20 170
24  87  81  84  -1   0  19 0.00  0.0    0  8.4 13 130   M    M   1        18 130
25  87  80  84  -1   0  19 0.00  0.0    0  6.8 10 140   0    0   1        14 150
26  86  81  84  -1   0  19 0.00  0.0    0  8.5 14 150   M    M   1        17 140
27  87  82  85   0   0  20 0.00  0.0    0  7.6 13 360   M    M   2        17  30
28  87  81  84  -1   0  19 0.00  0.0    0  6.6 12 110   M    M   1        15 110
29  88  81  85   0   0  20 0.00  0.0    0  6.3 12 140   M    M   1        16 160
30  88  80  84  -1   0  19    T  0.0    0  3.3 13 230   M    M   2 3      17  10
31  88  81  85   0   0  20 0.00  0.0    0  4.5 12 140   M    M   2        15 240
================================================================================
SM 2686 2426         0 548  8.47     0.0 233.5            0     57
================================================================================
AV 86.6 78.3                               8.1 FASTST    0   0   2    MAX(MPH)
                                 MISC ---->  # 24 170               # 30  170
================================================================================
NOTES:
# LAST OF SEVERAL OCCURRENCES

COLUMN 17 PEAK WIND IN M.P.H.

PRELIMINARY LOCAL CLIMATOLOGICAL DATA (WS FORM: F-6) , PAGE 2

                                          STATION:  KEY WEST
                                          MONTH:    JULY
                                          YEAR:     2012
                                          LATITUDE:   24 32 N
                                          LONGITUDE:  81 45 W

[TEMPERATURE DATA]      [PRECIPITATION DATA]       SYMBOLS USED IN COLUMN 16

AVERAGE MONTHLY: 82.5   TOTAL FOR MONTH:   8.47    1 = FOG OR MIST
DPTR FM NORMAL:  -2.0   DPTR FM NORMAL:    4.92    2 = FOG REDUCING VISIBILITY
HIGHEST:    88 ON 31,30 GRTST 24HR  2.10 ON  8- 9      TO 1/4 MILE OR LESS
LOWEST:     73 ON 22,13                            3 = THUNDER
                        SNOW, ICE PELLETS, HAIL    4 = ICE PELLETS
                        TOTAL MONTH:   0.0 INCH    5 = HAIL
                        GRTST 24HR     0.0         6 = FREEZING RAIN OR DRIZZLE
                        GRTST DEPTH:   0           7 = DUSTSTORM OR SANDSTORM:
                                                       VSBY 1/2 MILE OR LESS
                                                   8 = SMOKE OR HAZE
[NO. OF DAYS WITH]      [WEATHER - DAYS WITH]      9 = BLOWING SNOW
                                                   X = TORNADO
MAX 32 OR BELOW:   0    0.01 INCH OR MORE:  13
MAX 90 OR ABOVE:   0    0.10 INCH OR MORE:  10
MIN 32 OR BELOW:   0    0.50 INCH OR MORE:   4
MIN  0 OR BELOW:   0    1.00 INCH OR MORE:   4

[HDD (BASE 65) ]
TOTAL THIS MO.     0    CLEAR  (SCALE 0-3)  29
DPTR FM NORMAL     0    PTCLDY (SCALE 4-7)   2
TOTAL FM JUL 1     0    CLOUDY (SCALE 8-10)  0
DPTR FM NORMAL     0

[CDD (BASE 65) ]
TOTAL THIS MO.   548
DPTR FM NORMAL   -58    [PRESSURE DATA]
TOTAL FM JAN 1  2749    HIGHEST SLP 30.17 ON 19
DPTR FM NORMAL   164    LOWEST  SLP 29.95 ON 11

[REMARKS]
#FINAL-07-12#
