000
CXUS52 KEYW 010800
CF6EYW
PRELIMINARY LOCAL CLIMATOLOGICAL DATA (WS FORM: F-6)

                                          STATION:   KEY WEST
                                          MONTH:     MAY
                                          YEAR:      2013
                                          LATITUDE:   24 32 N
                                          LONGITUDE:  81 45 W

  TEMPERATURE IN F:       :PCPN:    SNOW:  WIND      :SUNSHINE: SKY     :PK WND
================================================================================
1   2   3   4   5  6A  6B    7    8   9   10  11  12  13   14  15   16   17  18
                                     12Z  AVG MX 2MIN
DY MAX MIN AVG DEP HDD CDD  WTR  SNW DPTH SPD SPD DIR MIN PSBL S-S WX    SPD DR
================================================================================

 1  82  74  78   0   0  13 0.34  0.0    0  8.6 16 120   M    M   4 13     21 310
 2  80  70  75  -3   0  10 4.14  0.0    0 10.4 35 350   M    M   4 13     47  30
 3  83  70  77  -2   0  12 0.03  0.0    0  8.4 22 200   M    M   3        29 200
 4  81  74  78  -1   0  13 0.00  0.0    0 13.4 21 320   M    M   4        26 330
 5  77  72  75  -4   0  10 0.00  0.0    0 13.1 20 320   M    M   3        30 320
 6  80  71  76  -3   0  11 0.00  0.0    0  7.6 14 330   M    M   0        20 340
 7  81  72  77  -2   0  12 0.00  0.0    0  4.9 10 340   M    M   1        13 360
 8  82  71  77  -2   0  12 0.00  0.0    0  5.2 13  30   M    M   1        16  30
 9  85  75  80   0   0  15 0.00  0.0    0  7.9 17 110   M    M   1        21 120
10  86  78  82   2   0  17 0.00  0.0    0  8.2 13 140   M    M   2        20 150
11  86  80  83   3   0  18 0.00  0.0    0  9.9 16 160   M    M   0        23 160
12  84  79  82   2   0  17 0.00  0.0    0  8.3 20 150   M    M   1        22 150
13  85  78  82   2   0  17 0.04  0.0    0  6.5 15 350   M    M   3        22 330
14  85  77  81   1   0  16 0.00  0.0    0 12.4 21 100   M    M   4        26 110
15  84  75  80   0   0  15    T  0.0    0 11.4 21 100   M    M   3        25 100
16  84  77  81   1   0  16 0.00  0.0    0 13.4 21 110   M    M   4        25 120
17  86  76  81   1   0  16    T  0.0    0  8.2 14 110   M    M   4        20 110
18  87  80  84   3   0  19 0.00  0.0    0  9.8 14 120   M    M   1        17 120
19  87  79  83   2   0  18 0.00  0.0    0 10.6 15 120   M    M   1        23 110
20  87  79  83   2   0  18 0.00  0.0    0  9.0 16  70   M    M   1        22  60
21  87  75  81   0   0  16 0.08  0.0    0 10.0 18 180   M    M   2        23 180
22  88  81  85   4   0  20 0.00  0.0    0  6.7 14 160   M    M   2        17 160
23  88  80  84   3   0  19 0.00  0.0    0  6.3 14 350   M    M   2        17 360
24  88  78  83   2   0  18 0.00  0.0    0  6.3 12 330   M    M   1        15 340
25  89  78  84   2   0  19 0.11  0.0    0  9.0 22  90   M    M   2        26  90
26  89  79  84   2   0  19 0.00  0.0    0 11.1 20  90   M    M   3        28  90
27  86  78  82   0   0  17 0.05  0.0    0 13.3 25  90   M    M   3        32  90
28  84  74  79  -3   0  14 2.40  0.0    0 13.9 25 160   M    M   7 13     32 160
29  81  74  78  -4   0  13 1.65  0.0    0  8.6 23 140   M    M   7 1      29 140
30  85  75  80  -2   0  15 0.00  0.0    0  7.2 15 100   M    M   4        18 100
31  86  79  83   1   0  18 0.00  0.0    0  8.2 15 130   M    M   3        18 130
================================================================================
SM 2623 2358         0 483  8.84     0.0 287.8          M       81
================================================================================
AV 84.6 76.1                               9.3 FASTST   M    M   3    MAX(MPH)
                                 MISC ---->  # 35 350               # 47   30
================================================================================
NOTES:
# LAST OF SEVERAL OCCURRENCES

COLUMN 17 PEAK WIND IN M.P.H.

PRELIMINARY LOCAL CLIMATOLOGICAL DATA (WS FORM: F-6) , PAGE 2

                                          STATION:  KEY WEST
                                          MONTH:    MAY
                                          YEAR:     2013
                                          LATITUDE:   24 32 N
                                          LONGITUDE:  81 45 W

[TEMPERATURE DATA]      [PRECIPITATION DATA]       SYMBOLS USED IN COLUMN 16

AVERAGE MONTHLY: 80.3   TOTAL FOR MONTH:   8.84    1 = FOG OR MIST
DPTR FM NORMAL:   0.0   DPTR FM NORMAL:    5.84    2 = FOG REDUCING VISIBILITY
HIGHEST:    89 ON 26,25 GRTST 24HR  4.28 ON  1- 2      TO 1/4 MILE OR LESS
LOWEST:     70 ON  3, 2                            3 = THUNDER
                        SNOW, ICE PELLETS, HAIL    4 = ICE PELLETS
                        TOTAL MONTH:   0.0 INCH    5 = HAIL
                        GRTST 24HR     0.0         6 = FREEZING RAIN OR DRIZZLE
                        GRTST DEPTH:   0           7 = DUSTSTORM OR SANDSTORM:
                                                       VSBY 1/2 MILE OR LESS
                                                   8 = SMOKE OR HAZE
[NO. OF DAYS WITH]      [WEATHER - DAYS WITH]      9 = BLOWING SNOW
                                                   X = TORNADO
MAX 32 OR BELOW:   0    0.01 INCH OR MORE:   9
MAX 90 OR ABOVE:   0    0.10 INCH OR MORE:   5
MIN 32 OR BELOW:   0    0.50 INCH OR MORE:   3
MIN  0 OR BELOW:   0    1.00 INCH OR MORE:   3

[HDD (BASE 65) ]
TOTAL THIS MO.     0    CLEAR  (SCALE 0-3)  22
DPTR FM NORMAL     0    PTCLDY (SCALE 4-7)   9
TOTAL FM JUL 1    28    CLOUDY (SCALE 8-10)  0
DPTR FM NORMAL   -45

[CDD (BASE 65) ]
TOTAL THIS MO.   483
DPTR FM NORMAL     7    [PRESSURE DATA]
TOTAL FM JAN 1  1629    HIGHEST SLP 30.16 ON 15
DPTR FM NORMAL   199    LOWEST  SLP 29.73 ON  3

[REMARKS]
#FINAL-05-13#
