000
CXUS52 KKEY 010544
CF6EYW
PRELIMINARY LOCAL CLIMATOLOGICAL DATA (WS FORM: F-6)

                                          STATION:   KEY WEST
                                          MONTH:     APRIL
                                          YEAR:      2015
                                          LATITUDE:   24 32 N
                                          LONGITUDE:  81 45 W

  TEMPERATURE IN F:       :PCPN:    SNOW:  WIND      :SUNSHINE: SKY     :PK WND
================================================================================
1   2   3   4   5  6A  6B    7    8   9   10  11  12  13   14  15   16   17  18
                                     12Z  AVG MX 2MIN
DY MAX MIN AVG DEP HDD CDD  WTR  SNW DPTH SPD SPD DIR MIN PSBL S-S WX    SPD DR
================================================================================

 1  80  67  74  -1   0   9 0.00  0.0    0  7.7 13 110   M    M   0        16 110
 2  81  72  77   2   0  12 0.00  0.0    0 11.2 20 110   M    M   1        24 100
 3  82  74  78   3   0  13 0.00  0.0    0 13.0 18 100   M    M   1        23 110
 4  81  74  78   3   0  13 0.04  0.0    0  7.2 14 120   M    M   4 1      17 120
 5  83  70  77   2   0  12 0.00  0.0    0  9.2 15  80   M    M   0        20 100
 6  84  75  80   5   0  15 0.00  0.0    0 11.5 16  90   M    M   0        21  90
 7  84  74  79   4   0  14 0.07  0.0    0 12.5 21 110   M    M   2 1      26 120
 8  84  75  80   4   0  15 0.00  0.0    0 14.3 20 100   M    M   1        25 100
 9  84  76  80   4   0  15    T  0.0    0 14.8 21 100   M    M   2        25 100
10  84  77  81   5   0  16 0.00  0.0    0 13.6 18 120   M    M   1        24 120
11  84  77  81   5   0  16 0.00  0.0    0 12.0 16 110   M    M   2        21 160
12  85  78  82   6   0  17 0.00  0.0    0 14.1 18 120   M    M   1        24 110
13  85  78  82   6   0  17 0.00  0.0    0 14.1 18 130   M    M   0        23 130
14  85  78  82   6   0  17 0.00  0.0    0 13.9 20 120   M    M   1        23 110
15  85  78  82   6   0  17 0.00  0.0    0 11.5 18 120   M    M   1        23 110
16  85  78  82   6   0  17 0.00  0.0    0 12.9 17 120   M    M   1        22 110
17  84  79  82   5   0  17 0.00  0.0    0 11.0 18 140   M    M   1        23 140
18  84  78  81   4   0  16 0.00  0.0    0  8.3 13 150   M    M   1        19 170
19  85  79  82   5   0  17 0.00  0.0    0  9.3 17 160   M    M   1 8      21 120
20  85  80  83   6   0  18 0.00  0.0    0  7.8 14 180   M    M   1        17 180
21  86  80  83   6   0  18    T  0.0    0  7.8 14 200   M    M   2        16 200
22  87  72  80   3   0  15 0.26  0.0    0  7.1 15 310   M    M   3 13     18 310
23  87  77  82   5   0  17 0.61  0.0    0  7.5 13 160   M    M   3 13     19 170
24  89  78  84   6   0  19 0.00  0.0    0  6.7 13 340   M    M   1        16 340
25  85  80  83   5   0  18 0.00  0.0    0  6.2 13 180   M    M   1        15 170
26  90  81  86   8   0  21 0.00  0.0    0  9.1 15 240   M    M   0        18 200
27  87  81  84   6   0  19 0.00  0.0    0  6.6 12 130   M    M   3        14 150
28  86  77  82   4   0  17 0.34  0.0    0 11.7 33 330   M    M   1 13     42 330
29  83  70  77  -1   0  12 5.28  0.0    0 11.9 23  20   M    M   7 13     30  10
30  82  74  78   0   0  13    T  0.0    0 11.5 22 300   M    M   3        28 290
================================================================================
SM 2536 2287         0 472  6.60     0.0 316.0          M       46
================================================================================
AV 84.5 76.2                              10.5 FASTST   M    M   2    MAX(MPH)
                                 MISC ---->  # 33 330               # 42  330
================================================================================
NOTES:
# LAST OF SEVERAL OCCURRENCES

COLUMN 17 PEAK WIND IN M.P.H.

PRELIMINARY LOCAL CLIMATOLOGICAL DATA (WS FORM: F-6) , PAGE 2

                                          STATION:  KEY WEST
                                          MONTH:    APRIL
                                          YEAR:     2015
                                          LATITUDE:   24 32 N
                                          LONGITUDE:  81 45 W

[TEMPERATURE DATA]      [PRECIPITATION DATA]       SYMBOLS USED IN COLUMN 16

AVERAGE MONTHLY: 80.4   TOTAL FOR MONTH:   6.60    1 = FOG OR MIST
DPTR FM NORMAL:   4.0   DPTR FM NORMAL:    4.55    2 = FOG REDUCING VISIBILITY
HIGHEST:    90 ON 26    GRTST 24HR  5.59 ON 28-29      TO 1/4 MILE OR LESS
LOWEST:     67 ON  1                               3 = THUNDER
                        SNOW, ICE PELLETS, HAIL    4 = ICE PELLETS
                        TOTAL MONTH:   0.0 INCH    5 = HAIL
                        GRTST 24HR     0.0         6 = FREEZING RAIN OR DRIZZLE
                        GRTST DEPTH:   0           7 = DUSTSTORM OR SANDSTORM:
                                                       VSBY 1/2 MILE OR LESS
                                                   8 = SMOKE OR HAZE
[NO. OF DAYS WITH]      [WEATHER - DAYS WITH]      9 = BLOWING SNOW
                                                   X = TORNADO
MAX 32 OR BELOW:   0    0.01 INCH OR MORE:   6
MAX 90 OR ABOVE:   1    0.10 INCH OR MORE:   4
MIN 32 OR BELOW:   0    0.50 INCH OR MORE:   2
MIN  0 OR BELOW:   0    1.00 INCH OR MORE:   1

[HDD (BASE 65) ]
TOTAL THIS MO.     0    CLEAR  (SCALE 0-3)  25
DPTR FM NORMAL     0    PTCLDY (SCALE 4-7)   5
TOTAL FM JUL 1    27    CLOUDY (SCALE 8-10)  0
DPTR FM NORMAL   -46

[CDD (BASE 65) ]
TOTAL THIS MO.   472
DPTR FM NORMAL   128    [PRESSURE DATA]
TOTAL FM JAN 1  1202    HIGHEST SLP M ON M
DPTR FM NORMAL   248    LOWEST  SLP 29.66 ON 29

[REMARKS]
#FINAL-04-15#
