000
CXUS52 KEYW 310800
CF6EYW
PRELIMINARY LOCAL CLIMATOLOGICAL DATA (WS FORM: F-6)

                                          STATION:   KEY WEST
                                          MONTH:     DECEMBER
                                          YEAR:      2011
                                          LATITUDE:   24 32 N
                                          LONGITUDE:  81 45 W

  TEMPERATURE IN F:       :PCPN:    SNOW:  WIND      :SUNSHINE: SKY     :PK WND
================================================================================
1   2   3   4   5  6A  6B    7    8   9   10  11  12  13   14  15   16   17  18
                                     12Z  AVG MX 2MIN
DY MAX MIN AVG DEP HDD CDD  WTR  SNW DPTH SPD SPD DIR MIN PSBL S-S WX    SPD DR
================================================================================

 1  70  63  67  -7   0   2 0.00  0.0    0 11.5 18 350   M    M   4        25 350
 2  76  68  72  -2   0   7 0.00  0.0    0 10.5 18  40   M    M   1        28  40
 3  78  69  74   1   0   9    T  0.0    0 11.3 18  80   M    M   4        29  70
 4  80  69  75   2   0  10    T  0.0    0 10.6 23  80   M    M   7        32  90
 5  80  71  76   3   0  11 0.05  0.0    0  9.6 17  90   M    M   6 1      23  90
 6  80  71  76   3   0  11 0.00  0.0    0  7.6 13 100   M    M   0        16 110
 7  80  69  75   2   0  10    T  0.0    0  5.2 22 350   M    M   1        31 350
 8  69  65  67  -6   0   2    T  0.0    0 12.0 22 350   M    M   9        30 360
 9  79  69  74   2   0   9 0.10  0.0    0  6.8 12  90   M    M   7 1      15  90
10  81  71  76   4   0  11 0.01  0.0    0  8.9 16  30   M    M   5        22  40
11  78  72  75   3   0  10 0.13  0.0    0  9.2 16  20   M    M   3 1      21  70
12  79  72  76   4   0  11 0.00  0.0    0  8.0 14  30   M    M   4        18  30
13  78  71  75   3   0  10 0.00  0.0    0 11.0 18  80   M    M   3        26  80
14  80  71  76   4   0  11 0.00  0.0    0 10.8 18  70   M    M   2        26  70
15  79  70  75   3   0  10 0.00  0.0    0  9.6 17  90   M    M   8        24  80
16  80  72  76   5   0  11    T  0.0    0  6.8 13  90   M    M   5        28  90
17  77  71  74   3   0   9 0.00  0.0    0  8.0 15  10   M    M   1        23 360
18  75  70  73   2   0   8 0.00  0.0    0 11.4 17  20   M    M   1        23  30
19  78  70  74   3   0   9 0.00  0.0    0 14.4 22 100   M    M   2        29 100
20  79  74  77   6   0  12 0.00  0.0    0 17.3 22 110   M    M   6        30 140
21  79  74  77   6   0  12 0.00  0.0    0 14.4 21 130   M    M   4        28 130
22  79  74  77   7   0  12 0.02  0.0    0 12.8 22 140   M    M   4 1      29 140
23  81  74  78   8   0  13 0.00  0.0    0  7.9 12 100   M    M   2        15 100
24  81  73  77   7   0  12    T  0.0    0  9.0 16  90   M    M   4        21 100
25  80  74  77   7   0  12 0.09  0.0    0  9.0 23 110   M    M   7        29 100
26  80  74  77   7   0  12 0.00  0.0    0 10.5 16 100   M    M   1        20 110
27  80  73  77   7   0  12    T  0.0    0 12.3 20 310   M    M   3        28 250
28  73  59  66  -4   0   1 0.00  0.0    0  8.7 21  20   M    M   5        28  20
29  73  61  67  -3   0   2 0.00  0.0    0  3.9 12 360   M    M   4        15 360
30  75  63  69  -1   0   4 0.00  0.0    0  5.7 12 120   M    M   0        17 100
================================================================================
SM 2337 2097         0 275  0.40     0.0 294.7          M      113
================================================================================
AV 77.9 69.9                               9.8 FASTST   M    M   4    MAX(MPH)
                                 MISC ---->  # 23  80               # 32   90
================================================================================
NOTES:
# LAST OF SEVERAL OCCURRENCES

COLUMN 17 PEAK WIND IN M.P.H.

PRELIMINARY LOCAL CLIMATOLOGICAL DATA (WS FORM: F-6) , PAGE 2

                                          STATION:  KEY WEST
                                          MONTH:    DECEMBER
                                          YEAR:     2011
                                          LATITUDE:   24 32 N
                                          LONGITUDE:  81 45 W

[TEMPERATURE DATA]      [PRECIPITATION DATA]       SYMBOLS USED IN COLUMN 16

AVERAGE MONTHLY: 73.9   TOTAL FOR MONTH:   0.40    1 = FOG OR MIST
DPTR FM NORMAL:   2.4   DPTR FM NORMAL:   -1.76    2 = FOG REDUCING VISIBILITY
HIGHEST:    81 ON 24,23 GRTST 24HR  0.13 ON 11-11      TO 1/4 MILE OR LESS
LOWEST:     59 ON 28                               3 = THUNDER
                        SNOW, ICE PELLETS, HAIL    4 = ICE PELLETS
                        TOTAL MONTH:   0.0 INCH    5 = HAIL
                        GRTST 24HR     0.0         6 = FREEZING RAIN OR DRIZZLE
                        GRTST DEPTH:   0           7 = DUSTSTORM OR SANDSTORM:
                                                       VSBY 1/2 MILE OR LESS
                                                   8 = SMOKE OR HAZE
[NO. OF DAYS WITH]      [WEATHER - DAYS WITH]      9 = BLOWING SNOW
                                                   X = TORNADO
MAX 32 OR BELOW:   0    0.01 INCH OR MORE:   6
MAX 90 OR ABOVE:   0    0.10 INCH OR MORE:   2
MIN 32 OR BELOW:   0    0.50 INCH OR MORE:   0
MIN  0 OR BELOW:   0    1.00 INCH OR MORE:   0

[HDD (BASE 65) ]
TOTAL THIS MO.     0    CLEAR  (SCALE 0-3)  13
DPTR FM NORMAL   -14    PTCLDY (SCALE 4-7)  16
TOTAL FM JUL 1     0    CLOUDY (SCALE 8-10)  1
DPTR FM NORMAL   -15

[CDD (BASE 65) ]
TOTAL THIS MO.   275
DPTR FM NORMAL    63    [PRESSURE DATA]
TOTAL FM JAN 1  5137    HIGHEST SLP M ON M
DPTR FM NORMAL   392    LOWEST  SLP 29.97 ON  7

[REMARKS]
