000
CXUS52 KEYW 010800
CF6EYW
PRELIMINARY LOCAL CLIMATOLOGICAL DATA (WS FORM: F-6)

                                          STATION:   KEY WEST
                                          MONTH:     JULY
                                          YEAR:      2013
                                          LATITUDE:   24 32 N
                                          LONGITUDE:  81 45 W

  TEMPERATURE IN F:       :PCPN:    SNOW:  WIND      :SUNSHINE: SKY     :PK WND
================================================================================
1   2   3   4   5  6A  6B    7    8   9   10  11  12  13   14  15   16   17  18
                                     12Z  AVG MX 2MIN
DY MAX MIN AVG DEP HDD CDD  WTR  SNW DPTH SPD SPD DIR MIN PSBL S-S WX    SPD DR
================================================================================

 1  84  76  80  -4   0  15 0.22  0.0    0 11.5 24 180   M    M   4 138    33 220
 2  86  76  81  -3   0  16 1.96  0.0    M  7.7 28 130   M    M   3 12     37 130
 3  85  79  82  -2   0  17    T  0.0    0 11.5 25 200   M    M   3        38 190
 4  88  79  84   0   0  19 0.15  0.0    0 15.5 23 120   M    M   1        29 130
 5  87  76  82  -2   0  17 0.51  0.0    0 11.3 31 140   M    M   2 138    39 140
 6  88  80  84   0   0  19 0.17  0.0    0 13.3 21 100   M    M   1 38     31 140
 7  88  82  85   1   0  20    T  0.0    0 12.7 21 100   M    M   2        25  90
 8  88  79  84   0   0  19 0.04  0.0    0 11.3 21 100   M    M   1 8      28 120
 9  87  76  82  -2   0  17 0.24  0.0    0  5.4 15 110   M    M   2 8      18 140
10  88  76  82  -2   0  17 0.08  0.0    0  6.0 16  20   M    M   3 3      20 160
11  88  74  81  -3   0  16 0.55  0.0    0  4.9 15  20   M    M   2 13     20 160
12  86  82  84   0   0  19 0.00  0.0    0  6.7 14 160   M    M   1 8      17 160
13  86  78  82  -2   0  17 0.03  0.0    0 12.4 24 210   M    M   4 3      30 210
14  88  76  82  -2   0  17 0.37  0.0    0 11.3 29 110   M    M   5 138    38 110
15  86  78  82  -3   0  17    T  0.0    0  9.3 21 100   M    M   2        26  80
16  84  75  80  -5   0  15 0.40  0.0    0 12.3 25 140   M    M   3 1      33  80
17  81  72  77  -8   0  12 3.06  0.0    0  8.7 21 150   M    M   6 1      25 160
18  84  76  80  -5   0  15 0.01  0.0    0  9.4 17 150   M    M   4        24 150
19  87  77  82  -3   0  17    T  0.0    0 11.5 16 120   M    M   1        22 150
20  87  81  84  -1   0  19 0.00  0.0    0  9.0 15 160   M    M   1        18 180
21  88  81  85   0   0  20 0.00  0.0    0  9.6 13 120   M    M   1        21 150
22  87  81  84  -1   0  19 0.00  0.0    0 10.2 15 120   M    M   1        18 140
23  90  81  86   1   0  21 0.00  0.0    0  6.1 14 110   M    M   1        17 110
24  88  80  84  -1   0  19 0.00  0.0    0  4.4 10 320   M    M   3        14 250
25  87  78  83  -2   0  18 0.00  0.0    0  6.5 13 290   M    M   2        16 320
26  88  79  84  -1   0  19 0.01  0.0    0  6.8 14 260   M    M   2        16 250
27  88  82  85   0   0  20 0.00  0.0    0  6.1 13 290   M    M   3        16 310
28  88  80  84  -1   0  19 0.00  0.0    0  3.2  9  10   M    M   2        13 100
29  90  81  86   1   0  21 0.00  0.0    0  7.7 14 100   M    M   1        18 100
30  88  82  85   0   0  20    T  0.0    0  7.6 17 110   M    M   2        21 110
31  89  81  85   0   0  20    T  0.0    0 10.6 18 100   M    M   1 3      23 100
================================================================================
SM 2697 2434         0 556  7.80     0.0 280.5          M       70
================================================================================
AV 87.0 78.5                               9.0 FASTST   M    M   2    MAX(MPH)
                                 MISC ---->  # 31 140               # 39  140
================================================================================
NOTES:
# LAST OF SEVERAL OCCURRENCES

COLUMN 17 PEAK WIND IN M.P.H.

PRELIMINARY LOCAL CLIMATOLOGICAL DATA (WS FORM: F-6) , PAGE 2

                                          STATION:  KEY WEST
                                          MONTH:    JULY
                                          YEAR:     2013
                                          LATITUDE:   24 32 N
                                          LONGITUDE:  81 45 W

[TEMPERATURE DATA]      [PRECIPITATION DATA]       SYMBOLS USED IN COLUMN 16

AVERAGE MONTHLY: 82.8   TOTAL FOR MONTH:   7.80    1 = FOG OR MIST
DPTR FM NORMAL:  -1.7   DPTR FM NORMAL:    4.25    2 = FOG REDUCING VISIBILITY
HIGHEST:    90 ON 29,23 GRTST 24HR  3.09 ON 16-17      TO 1/4 MILE OR LESS
LOWEST:     72 ON 17                               3 = THUNDER
                        SNOW, ICE PELLETS, HAIL    4 = ICE PELLETS
                        TOTAL MONTH:   0.0 INCH    5 = HAIL
                        GRTST 24HR     0.0         6 = FREEZING RAIN OR DRIZZLE
                        GRTST DEPTH:   0           7 = DUSTSTORM OR SANDSTORM:
                                                       VSBY 1/2 MILE OR LESS
                                                   8 = SMOKE OR HAZE
[NO. OF DAYS WITH]      [WEATHER - DAYS WITH]      9 = BLOWING SNOW
                                                   X = TORNADO
MAX 32 OR BELOW:   0    0.01 INCH OR MORE:  15
MAX 90 OR ABOVE:   2    0.10 INCH OR MORE:  10
MIN 32 OR BELOW:   0    0.50 INCH OR MORE:   4
MIN  0 OR BELOW:   0    1.00 INCH OR MORE:   2

[HDD (BASE 65) ]
TOTAL THIS MO.     0    CLEAR  (SCALE 0-3)  25
DPTR FM NORMAL     0    PTCLDY (SCALE 4-7)   6
TOTAL FM JUL 1     0    CLOUDY (SCALE 8-10)  0
DPTR FM NORMAL     0

[CDD (BASE 65) ]
TOTAL THIS MO.   556
DPTR FM NORMAL   -50    [PRESSURE DATA]
TOTAL FM JAN 1  2743    HIGHEST SLP 30.16 ON 22
DPTR FM NORMAL   158    LOWEST  SLP 29.90 ON  1

[REMARKS]
#FINAL-07-13#
