000
CXUS52 KEYW 010800
CF6EYW
PRELIMINARY LOCAL CLIMATOLOGICAL DATA (WS FORM: F-6)

                                          STATION:   KEY WEST
                                          MONTH:     AUGUST
                                          YEAR:      2011
                                          LATITUDE:   24 32 N
                                          LONGITUDE:  81 45 W

  TEMPERATURE IN F:       :PCPN:    SNOW:  WIND      :SUNSHINE: SKY     :PK WND
================================================================================
1   2   3   4   5  6A  6B    7    8   9   10  11  12  13   14  15   16   17  18
                                     12Z  AVG MX 2MIN
DY MAX MIN AVG DEP HDD CDD  WTR  SNW DPTH SPD SPD DIR MIN PSBL S-S WX    SPD DR
================================================================================

 1  90  84  87   2   0  22    T  0.0    0  6.9 13 150   M    M   1        18 160
 2  89  80  85   0   0  20 1.03  0.0    0  4.1 10 330   M    M   2 8      16 170
 3  88  81  85   0   0  20 0.40  0.0    0  2.4 14 160   M    M   2 3      21 170
 4  90  78  84  -1   0  19 0.32  0.0    0  4.7 20 130   M    M   0        22 120
 5  92  82  87   2   0  22 0.22  0.0    0  5.2 22 110   M    M   1        26 100
 6  91  79  85   0   0  20 0.86  0.0    0  5.0 24 140   M    M   4 13     31 160
 7  90  85  88   3   0  23 0.00  0.0    0  5.9 17 330   M    M   0 3      23 330
 8  89  76  83  -2   0  18 1.36  0.0    0  4.8 18 290   M    M   1 1      24 300
 9  91  82  87   2   0  22 0.00  0.0    0  6.2 20 320   M    M   1        26 300
10  91  77  84  -1   0  19 0.48  0.0    0  6.0 25 350   M    M   1 38     33 350
11  91  82  87   2   0  22 0.05  0.0    0  5.2 16 320   M    M   2        21 320
12  89  82  86   1   0  21    T  0.0    0  3.5 13 350   M    M   1        21 360
13  92  82  87   2   0  22    T  0.0    0  5.1 21 140   M    M   2 38     26 130
14  92  83  88   3   0  23 0.00  0.0    0  3.7  9 330   M    M   0 3      14 250
15  90  83  87   2   0  22 0.16  0.0    0  5.3 14 340   M    M   1 3      20 350
16  88  78  83  -2   0  18 1.46  0.0    0  4.6 20 250   M    M   0 138    25 250
17  90  85  88   4   0  23 0.00  0.0    0  6.4 14 120   M    M   1 3      17 120
18  90  79  85   1   0  20 0.80  0.0    0  8.8 30 150   M    M   1 3      38 150
19  89  80  85   1   0  20 0.36  0.0    0  8.3 23 160   M    M   2 138    26 160
20  90  83  87   3   0  22 0.02  0.0    0  8.9 16 110   M    M   1        20 110
21  90  82  86   2   0  21 0.06  0.0    0  9.5 23 150   M    M   1        29 140
22  91  79  85   1   0  20 1.09  0.0    0  5.4 24 100   M    M   2 13     35 100
23  92  80  86   2   0  21 0.29  0.0    0  5.9 16  80   M    M   1 138    22 100
24  92  83  88   4   0  23 0.03  0.0    0  8.1 18  60   M    M   1        26  70
25  89  81  85   1   0  20 0.08  0.0    0 12.0 21 320   M    M   1        26 330
26  91  81  86   2   0  21 0.14  0.0    0  9.5 20 260   M    M   1        26 260
27  91  83  87   3   0  22 0.05  0.0    0  9.0 16 240   M    M   2 3      22 240
28  90  80  85   1   0  20 0.40  0.0    0  9.3 25 210   M    M   2 1      29 210
29  89  81  85   1   0  20 0.29  0.0    0 11.1 18 200   M    M   2 3      22 190
30  90  80  85   1   0  20    T  0.0    0 12.0 26 150   M    M   1        33 150
31  88  76  82  -2   0  17 1.30  0.0    0 11.9 28 130   M    M   2 13     36 130
================================================================================
SM 2795 2507         0 643 11.25     0.0 214.7          M       40
================================================================================
AV 90.2 80.9                               6.9 FASTST   M    M   1    MAX(MPH)
                                 MISC ---->  # 30 150               # 38  150
================================================================================
NOTES:
# LAST OF SEVERAL OCCURRENCES

COLUMN 17 PEAK WIND IN M.P.H.

PRELIMINARY LOCAL CLIMATOLOGICAL DATA (WS FORM: F-6) , PAGE 2

                                          STATION:  KEY WEST
                                          MONTH:    AUGUST
                                          YEAR:     2011
                                          LATITUDE:   24 32 N
                                          LONGITUDE:  81 45 W

[TEMPERATURE DATA]      [PRECIPITATION DATA]       SYMBOLS USED IN COLUMN 16

AVERAGE MONTHLY: 85.5   TOTAL FOR MONTH:  11.25    1 = FOG OR MIST
DPTR FM NORMAL:   1.0   DPTR FM NORMAL:    5.87    2 = FOG REDUCING VISIBILITY
HIGHEST:    92 ON 24,23 GRTST 24HR  1.62 ON 15-16      TO 1/4 MILE OR LESS
LOWEST:     76 ON 31, 8                            3 = THUNDER
                        SNOW, ICE PELLETS, HAIL    4 = ICE PELLETS
                        TOTAL MONTH:   0.0 INCH    5 = HAIL
                        GRTST 24HR     0.0         6 = FREEZING RAIN OR DRIZZLE
                        GRTST DEPTH:   0           7 = DUSTSTORM OR SANDSTORM:
                                                       VSBY 1/2 MILE OR LESS
                                                   8 = SMOKE OR HAZE
[NO. OF DAYS WITH]      [WEATHER - DAYS WITH]      9 = BLOWING SNOW
                                                   X = TORNADO
MAX 32 OR BELOW:   0    0.01 INCH OR MORE:  23
MAX 90 OR ABOVE:  22    0.10 INCH OR MORE:  17
MIN 32 OR BELOW:   0    0.50 INCH OR MORE:   7
MIN  0 OR BELOW:   0    1.00 INCH OR MORE:   5

[HDD (BASE 65) ]
TOTAL THIS MO.     0    CLEAR  (SCALE 0-3)  30
DPTR FM NORMAL     0    PTCLDY (SCALE 4-7)   1
TOTAL FM JUL 1     0    CLOUDY (SCALE 8-10)  0
DPTR FM NORMAL     0

[CDD (BASE 65) ]
TOTAL THIS MO.   643
DPTR FM NORMAL    39    [PRESSURE DATA]
TOTAL FM JAN 1  3457    HIGHEST SLP 30.08 ON 31
DPTR FM NORMAL   268    LOWEST  SLP 29.72 ON 25

[REMARKS]
#FINAL-08-11#
