000
CXUS52 KEYW 010800
CF6EYW
PRELIMINARY LOCAL CLIMATOLOGICAL DATA (WS FORM: F-6)

                                          STATION:   KEY WEST
                                          MONTH:     OCTOBER
                                          YEAR:      2013
                                          LATITUDE:   24 32 N
                                          LONGITUDE:  81 45 W

  TEMPERATURE IN F:       :PCPN:    SNOW:  WIND      :SUNSHINE: SKY     :PK WND
================================================================================
1   2   3   4   5  6A  6B    7    8   9   10  11  12  13   14  15   16   17  18
                                     12Z  AVG MX 2MIN
DY MAX MIN AVG DEP HDD CDD  WTR  SNW DPTH SPD SPD DIR MIN PSBL S-S WX    SPD DR
================================================================================

 1  88  76  82   0   0  17 0.27  0.0    0 10.4 26 130   M    M   3 1      36 130
 2  87  76  82   0   0  17 0.04  0.0    0  8.9 20 160   M    M   3 1      24 170
 3  87  78  83   1   0  18 0.61  0.0    0  9.9 21 100   M    M   3 1      29 120
 4  88  82  85   3   0  20 0.00  0.0    0  9.8 14 100   M    M   2        18  90
 5  86  80  83   1   0  18 0.00  0.0    0  7.0 13 100   M    M   1 8      16 110
 6  86  80  83   1   0  18 0.00  0.0    0  4.1 10 110   M    M   2        15 160
 7  87  81  84   2   0  19 0.00  0.0    0  9.1 17 250   M    M   1        22 250
 8  86  79  83   2   0  18    T  0.0    0  7.2 14 250   M    M   3 1      17 240
 9  86  78  82   1   0  17 0.00  0.0    0  3.7  9 340   M    M   1        13  10
10  87  75  81   0   0  16    T  0.0    0  6.2 14 360   M    M   2 1      18  80
11  87  76  82   1   0  17 0.00  0.0    0  8.0 15 110   M    M   2 1      23  70
12  87  78  83   2   0  18 0.00  0.0    0  6.6 15 100   M    M   0        18 100
13  86  78  82   1   0  17 0.00  0.0    0  7.8 14 100   M    M   4        20 120
14  85  77  81   0   0  16 0.00  0.0    0  6.7 14  30   M    M   1        21  10
15  85  76  81   1   0  16 0.00  0.0    0  5.3 14  30   M    M   1        17  30
16  86  77  82   2   0  17 0.00  0.0    0  5.4 12  20   M    M   1        15  50
17  87  76  82   2   0  17 0.05  0.0    0  3.4 12  70   M    M   5        15  80
18  87  78  83   3   0  18 0.00  0.0    0  8.5 17 100   M    M   2        22 100
19  85  76  81   1   0  16    T  0.0    0  7.4 21 130   M    M   3 1      26 130
20  86  81  84   4   0  19 0.04  0.0    0  6.4 12 200   M    M   3        14 200
21  86  81  84   4   0  19    T  0.0    0  5.3 10 160   M    M   1        15 170
22  86  81  84   5   0  19 0.00  0.0    0  6.0 12 150   M    M   2        15 180
23  87  80  84   5   0  19    T  0.0    0  7.4 15 360   M    M   4        19 350
24  84  74  79   0   0  14 0.03  0.0    0 11.5 23 110   M    M   4 1      27 110
25  82  76  79   0   0  14 0.00  0.0    0 13.4 22  30   M    M   1        27  20
26  84  75  80   1   0  15 0.00  0.0    0 11.9 21  40   M    M   0        26  40
27  83  75  79   0   0  14 0.00  0.0    0 10.3 16  30   M    M   1        22  50
28  84  75  80   2   0  15 0.00  0.0    0  9.6 16  30   M    M   0        22  20
29  84  75  80   2   0  15 0.00  0.0    0 10.2 20  90   M    M   0        26  70
30  84  76  80   2   0  15 0.00  0.0    0 11.0 20  90   M    M   1        27  90
31  84  77  81   3   0  16 0.00  0.0    0 11.8 18 110   M    M   1        23 120
================================================================================
SM 2657 2403         0 524  1.04     0.0 250.2          M       58
================================================================================
AV 85.7 77.5                               8.1 FASTST   M    M   2    MAX(MPH)
                                 MISC ---->  # 26 130               # 36  130
================================================================================
NOTES:
# LAST OF SEVERAL OCCURRENCES

COLUMN 17 PEAK WIND IN M.P.H.

PRELIMINARY LOCAL CLIMATOLOGICAL DATA (WS FORM: F-6) , PAGE 2

                                          STATION:  KEY WEST
                                          MONTH:    OCTOBER
                                          YEAR:     2013
                                          LATITUDE:   24 32 N
                                          LONGITUDE:  81 45 W

[TEMPERATURE DATA]      [PRECIPITATION DATA]       SYMBOLS USED IN COLUMN 16

AVERAGE MONTHLY: 81.6   TOTAL FOR MONTH:   1.04    1 = FOG OR MIST
DPTR FM NORMAL:   1.4   DPTR FM NORMAL:   -3.89    2 = FOG REDUCING VISIBILITY
HIGHEST:    88 ON  4, 1 GRTST 24HR  0.61 ON  3- 3      TO 1/4 MILE OR LESS
LOWEST:     74 ON 24                               3 = THUNDER
                        SNOW, ICE PELLETS, HAIL    4 = ICE PELLETS
                        TOTAL MONTH:   0.0 INCH    5 = HAIL
                        GRTST 24HR     0.0         6 = FREEZING RAIN OR DRIZZLE
                        GRTST DEPTH:   0           7 = DUSTSTORM OR SANDSTORM:
                                                       VSBY 1/2 MILE OR LESS
                                                   8 = SMOKE OR HAZE
[NO. OF DAYS WITH]      [WEATHER - DAYS WITH]      9 = BLOWING SNOW
                                                   X = TORNADO
MAX 32 OR BELOW:   0    0.01 INCH OR MORE:   6
MAX 90 OR ABOVE:   0    0.10 INCH OR MORE:   2
MIN 32 OR BELOW:   0    0.50 INCH OR MORE:   1
MIN  0 OR BELOW:   0    1.00 INCH OR MORE:   0

[HDD (BASE 65) ]
TOTAL THIS MO.     0    CLEAR  (SCALE 0-3)  26
DPTR FM NORMAL     0    PTCLDY (SCALE 4-7)   5
TOTAL FM JUL 1     0    CLOUDY (SCALE 8-10)  0
DPTR FM NORMAL     0

[CDD (BASE 65) ]
TOTAL THIS MO.   524
DPTR FM NORMAL    51    [PRESSURE DATA]
TOTAL FM JAN 1  4386    HIGHEST SLP M ON M
DPTR FM NORMAL   178    LOWEST  SLP 29.84 ON 23

[REMARKS]
#FINAL-10-13#
