000
CXUS52 KEYW 010800
CF6EYW
PRELIMINARY LOCAL CLIMATOLOGICAL DATA (WS FORM: F-6)

                                          STATION:   KEY WEST
                                          MONTH:     FEBRUARY
                                          YEAR:      2012
                                          LATITUDE:   24 32 N
                                          LONGITUDE:  81 45 W

  TEMPERATURE IN F:       :PCPN:    SNOW:  WIND      :SUNSHINE: SKY     :PK WND
================================================================================
1   2   3   4   5  6A  6B    7    8   9   10  11  12  13   14  15   16   17  18
                                     12Z  AVG MX 2MIN
DY MAX MIN AVG DEP HDD CDD  WTR  SNW DPTH SPD SPD DIR MIN PSBL S-S WX    SPD DR
================================================================================

 1  79  71  75   5   0  10 0.00  0.0    0  9.9 20  80   M    M   2        25  90
 2  81  72  77   7   0  12 0.00  0.0    0  7.9 16 100   M    M   1        20  90
 3  79  72  76   6   0  11 0.00  0.0    0 11.2 22  90   M    M   2        29  80
 4  79  71  75   5   0  10    T  0.0    0 14.5 23 100   M    M   5        29 100
 5  75  68  72   2   0   7 4.34  0.0    0  7.2 20 110   M    M   8 1      25 110
 6  78  67  73   3   0   8 0.22  0.0    0  8.8 18 140   M    M   7 1      23 150
 7  80  69  75   5   0  10 0.13  0.0    0  3.8  8 340   M    M   7         M  M
 8  73  69  71   1   0   6 0.00  0.0    0  7.0 13 330   M    M  10        18 350
 9  79  70  75   4   0  10 0.00  0.0    0  8.7 17  30   M    M   5        23  30
10  81  71  76   5   0  11 0.00  0.0    0  4.0  9 350   M    M   4        12  40
11  75  65  70  -1   0   5 0.52  0.0    0 12.2 24 340   M    M   6 1      33 320
12  65  56  61 -10   4   0 0.00  0.0    0 13.7 24 340   M    M   3        31 360
13  72  56  64  -7   1   0 0.00  0.0    0 10.9 16 120   M    M   5        23 110
14  76  69  73   2   0   8 0.00  0.0    0  8.1 15 110   M    M   2        18 120
15  78  67  73   2   0   8 0.00  0.0    0  7.8 13 120   M    M   0        20 130
16  78  71  75   4   0  10 0.00  0.0    0  8.1 13 130   M    M   1        18 150
17  79  71  75   4   0  10 0.00  0.0    0  4.7  9 140   M    M   0        15 130
18  79  71  75   4   0  10 0.00  0.0    0  7.3 13 160   M    M   1        20 120
19  80  74  77   6   0  12 0.00  0.0    0 10.2 21 320   M    M   2        26 320
20  74  67  71   0   0   6 0.00  0.0    0  8.9 15  10   M    M   5        21  30
21  78  68  73   1   0   8 0.00  0.0    0  9.2 16 100   M    M   2        21 120
22  79  71  75   3   0  10 0.00  0.0    0  6.5 15 160   M    M   2        17 170
23  79  73  76   4   0  11 0.00  0.0    0  6.3 13 170   M    M   0        15 180
24  81  75  78   6   0  13 0.00  0.0    0  7.2 12 180   M    M   0        18 190
25  81  73  77   5   0  12 0.00  0.0    0  5.2 14  50   M    M   2        23  90
26  81  73  77   5   0  12 0.01  0.0    0 14.6 22  90   M    M   3        30  80
27  83  76  80   8   0  15 0.00  0.0    0 16.1 22 100   M    M   3        28 100
28  82  75  79   7   0  14 0.00  0.0    0 11.0 20 100   M    M   2        23 100
29  82  75  79   7   0  14    T  0.0    0 11.1 18 110   M    M   2        22 110
================================================================================
SM 2266 2026         5 273  5.22     0.0 262.1          M       92
================================================================================
AV 78.1 69.9                               9.0 FASTST   M    M   3    MAX(MPH)
                                 MISC ---->  # 24 340               # 33  320
================================================================================
NOTES:
# LAST OF SEVERAL OCCURRENCES

COLUMN 17 PEAK WIND IN M.P.H.

PRELIMINARY LOCAL CLIMATOLOGICAL DATA (WS FORM: F-6) , PAGE 2

                                          STATION:  KEY WEST
                                          MONTH:    FEBRUARY
                                          YEAR:     2012
                                          LATITUDE:   24 32 N
                                          LONGITUDE:  81 45 W

[TEMPERATURE DATA]      [PRECIPITATION DATA]       SYMBOLS USED IN COLUMN 16

AVERAGE MONTHLY: 74.0   TOTAL FOR MONTH:   5.22    1 = FOG OR MIST
DPTR FM NORMAL:   3.0   DPTR FM NORMAL:    3.73    2 = FOG REDUCING VISIBILITY
HIGHEST:    83 ON 27    GRTST 24HR  4.56 ON  5- 6      TO 1/4 MILE OR LESS
LOWEST:     56 ON 13,12                            3 = THUNDER
                        SNOW, ICE PELLETS, HAIL    4 = ICE PELLETS
                        TOTAL MONTH:   0.0 INCH    5 = HAIL
                        GRTST 24HR     0.0         6 = FREEZING RAIN OR DRIZZLE
                        GRTST DEPTH:   0           7 = DUSTSTORM OR SANDSTORM:
                                                       VSBY 1/2 MILE OR LESS
                                                   8 = SMOKE OR HAZE
[NO. OF DAYS WITH]      [WEATHER - DAYS WITH]      9 = BLOWING SNOW
                                                   X = TORNADO
MAX 32 OR BELOW:   0    0.01 INCH OR MORE:   5
MAX 90 OR ABOVE:   0    0.10 INCH OR MORE:   4
MIN 32 OR BELOW:   0    0.50 INCH OR MORE:   2
MIN  0 OR BELOW:   0    1.00 INCH OR MORE:   1

[HDD (BASE 65) ]
TOTAL THIS MO.     5    CLEAR  (SCALE 0-3)  18
DPTR FM NORMAL   -10    PTCLDY (SCALE 4-7)  10
TOTAL FM JUL 1    28    CLOUDY (SCALE 8-10)  1
DPTR FM NORMAL   -38

[CDD (BASE 65) ]
TOTAL THIS MO.   273
DPTR FM NORMAL    90    [PRESSURE DATA]
TOTAL FM JAN 1   481    HIGHEST SLP 30.26 ON 12
DPTR FM NORMAL   126    LOWEST  SLP 29.91 ON 19

[REMARKS]
#FINAL-02-12#
