000
CXUS52 KEYW 010800
CF6EYW
PRELIMINARY LOCAL CLIMATOLOGICAL DATA (WS FORM: F-6)

                                          STATION:   KEY WEST
                                          MONTH:     SEPTEMBER
                                          YEAR:      2011
                                          LATITUDE:   24 32 N
                                          LONGITUDE:  81 45 W

  TEMPERATURE IN F:       :PCPN:    SNOW:  WIND      :SUNSHINE: SKY     :PK WND
================================================================================
1   2   3   4   5  6A  6B    7    8   9   10  11  12  13   14  15   16   17  18
                                     12Z  AVG MX 2MIN
DY MAX MIN AVG DEP HDD CDD  WTR  SNW DPTH SPD SPD DIR MIN PSBL S-S WX    SPD DR
================================================================================

 1  90  76  83  -1   0  18 0.42  0.0    0  8.3 20 140   M    M   3 13     26 140
 2  90  82  86   2   0  21 0.00  0.0    0  6.5 13 110   M    M   1        18 130
 3  89  83  86   2   0  21 0.00  0.0    0  8.8 15 120   M    M   1        18 110
 4  89  84  87   3   0  22 0.00  0.0    0  9.5 16 180   M    M   0        18 150
 5  89  81  85   1   0  20    T  0.0    0 12.9 32 200   M    M   1 3      40 200
 6  89  83  86   2   0  21 0.00  0.0    0 11.3 18 180   M    M   1        24 200
 7  89  77  83  -1   0  18 0.45  0.0    0  5.4 30 260   M    M   0 13     46 260
 8  88  82  85   1   0  20 0.00  0.0    0  4.9 10 210   M    M   0        14 210
 9  89  85  87   3   0  22 0.00  0.0    0  6.8 12 150   M    M   1        17 160
10  90  82  86   2   0  21 0.12  0.0    0  3.9 23 140   M    M   1        30 140
11  91  84  88   4   0  23    T  0.0    0  8.8 20 120   M    M   1 3      23 120
12  90  80  85   2   0  20 0.20  0.0    0  4.9 22 160   M    M   2 3      26 160
13  92  80  86   3   0  21 0.00  0.0    0  3.5 14  90   M    M   1        17  90
14  90  79  85   2   0  20 0.07  0.0    0  3.9 18 130   M    M   1        22 120
15  91  80  86   3   0  21 0.00  0.0    0  3.7 12 330   M    M   1        16 330
16  92  80  86   3   0  21 0.00  0.0    0  5.8 13 100   M    M   1        16  20
17  91  82  87   4   0  22 0.00  0.0    0  7.2 14 100   M    M   2        18 110
18  88  78  83   0   0  18 0.47  0.0    0  6.4 16  90   M    M   1 13     22  80
19  89  83  86   3   0  21    T  0.0    0 10.2 16 120   M    M   1        20 120
20  89  84  87   4   0  22 0.00  0.0    0 13.1 21 110   M    M   2        26 100
21  89  83  86   3   0  21    T  0.0    0 12.3 17 110   M    M   3 3      21 100
22  88  80  84   1   0  19 0.12  0.0    0  6.3  9 160   M    M   1 13     14 160
23  88  83  86   3   0  21 0.00  0.0    0  4.7 10 220   M    M   2        13 210
24  89  82  86   3   0  21 0.00  0.0    0  5.2 14 240   M    M   2        16 240
25  88  77  83   0   0  18 0.37  0.0    0  7.7 16 110   M    M   2 13     21 120
26  83  75  79  -4   0  14 3.36  0.0    0  6.8 12 200   M    M   6 1      15 210
27  87  74  81  -1   0  16 1.47  0.0    0  3.0  8 300   M    M   4 1      10 300
28  89  78  84   2   0  19 0.00  0.0    0  3.4 12  30   M    M   1        15 350
29  90  83  87   5   0  22 0.00  0.0    0  2.5  9 340   M    M   2        13 350
30  89  80  85   3   0  20 0.25  0.0    0  5.5 17 310   M    M   2        22 320
================================================================================
SM 2675 2420         0 604  7.30     0.0 203.2          M       47
================================================================================
AV 89.2 80.7                               6.8 FASTST   M    M   2    MAX(MPH)
                                 MISC ---->  # 32 200               # 46  260
================================================================================
NOTES:
# LAST OF SEVERAL OCCURRENCES

COLUMN 17 PEAK WIND IN M.P.H.

PRELIMINARY LOCAL CLIMATOLOGICAL DATA (WS FORM: F-6) , PAGE 2

                                          STATION:  KEY WEST
                                          MONTH:    SEPTEMBER
                                          YEAR:     2011
                                          LATITUDE:   24 32 N
                                          LONGITUDE:  81 45 W

[TEMPERATURE DATA]      [PRECIPITATION DATA]       SYMBOLS USED IN COLUMN 16

AVERAGE MONTHLY: 84.9   TOTAL FOR MONTH:   7.30    1 = FOG OR MIST
DPTR FM NORMAL:   1.7   DPTR FM NORMAL:    0.59    2 = FOG REDUCING VISIBILITY
HIGHEST:    92 ON 16,13 GRTST 24HR  4.83 ON 26-27      TO 1/4 MILE OR LESS
LOWEST:     74 ON 27                               3 = THUNDER
                        SNOW, ICE PELLETS, HAIL    4 = ICE PELLETS
                        TOTAL MONTH:   0.0 INCH    5 = HAIL
                        GRTST 24HR     0.0         6 = FREEZING RAIN OR DRIZZLE
                        GRTST DEPTH:   0           7 = DUSTSTORM OR SANDSTORM:
                                                       VSBY 1/2 MILE OR LESS
                                                   8 = SMOKE OR HAZE
[NO. OF DAYS WITH]      [WEATHER - DAYS WITH]      9 = BLOWING SNOW
                                                   X = TORNADO
MAX 32 OR BELOW:   0    0.01 INCH OR MORE:  11
MAX 90 OR ABOVE:  11    0.10 INCH OR MORE:  10
MIN 32 OR BELOW:   0    0.50 INCH OR MORE:   2
MIN  0 OR BELOW:   0    1.00 INCH OR MORE:   2

[HDD (BASE 65) ]
TOTAL THIS MO.     0    CLEAR  (SCALE 0-3)  28
DPTR FM NORMAL     0    PTCLDY (SCALE 4-7)   2
TOTAL FM JUL 1     0    CLOUDY (SCALE 8-10)  0
DPTR FM NORMAL     0

[CDD (BASE 65) ]
TOTAL THIS MO.   604
DPTR FM NORMAL    58    [PRESSURE DATA]
TOTAL FM JAN 1  4061    HIGHEST SLP 30.13 ON 30
DPTR FM NORMAL   326    LOWEST  SLP 30.04 ON 30

[REMARKS]
#FINAL-09-11#
