000
CXUS52 KEYW 010800
CF6EYW
PRELIMINARY LOCAL CLIMATOLOGICAL DATA (WS FORM: F-6)

                                          STATION:   KEY WEST
                                          MONTH:     FEBRUARY
                                          YEAR:      2013
                                          LATITUDE:   24 32 N
                                          LONGITUDE:  81 45 W

  TEMPERATURE IN F:       :PCPN:    SNOW:  WIND      :SUNSHINE: SKY     :PK WND
================================================================================
1   2   3   4   5  6A  6B    7    8   9   10  11  12  13   14  15   16   17  18
                                     12Z  AVG MX 2MIN
DY MAX MIN AVG DEP HDD CDD  WTR  SNW DPTH SPD SPD DIR MIN PSBL S-S WX    SPD DR
================================================================================

 1  72  62  67  -3   0   2 0.00  0.0    0 13.3 21  20   M    M   4        28  30
 2  76  64  70   0   0   5 0.00  0.0    0  9.4 17  90   M    M   3        24  40
 3  70  66  68  -2   0   3 0.00  0.0    0  9.8 17  10   M    M   2        26  10
 4  73  64  69  -1   0   4 0.00  0.0    0  8.6 18  30   M    M   1        24  40
 5  78  66  72   2   0   7 0.00  0.0    0  6.1 13 100   M    M   3        16 100
 6  80  65  73   3   0   8 0.00  0.0    0  5.8 16 110   M    M   1        20 110
 7  79  73  76   6   0  11 0.00  0.0    0  8.8 15 160   M    M   1        22 160
 8  80  72  76   6   0  11 0.00  0.0    0  7.0 13 300   M    M   2        15 290
 9  79  68  74   3   0   9 0.00  0.0    0 10.4 17 100   M    M   2        22 100
10  79  73  76   5   0  11 0.00  0.0    0 16.7 22 110   M    M   2        28 110
11  81  73  77   6   0  12 0.00  0.0    0 14.1 21 120   M    M   1        26 120
12  81  75  78   7   0  13    T  0.0    0 10.5 17 160   M    M   3        24 160
13  82  75  79   8   0  14 0.00  0.0    0  6.7 12 180   M    M   1 8      21 180
14  82  67  75   4   0  10 0.60  0.0    0 10.3 28 320   M    M   5 1      37 310
15  75  67  71   0   0   6 0.18  0.0    0  8.1 17  10   M    M   9 1      23 360
16  73  66  70  -1   0   5 0.03  0.0    0 14.7 26 320   M    M   7 1      36 320
17  66  54  60 -11   5   0 0.00  0.0    0 13.5 24 340   M    M   5        35  10
18  72  53  63  -8   2   0 0.00  0.0    0 11.5 21 100   M    M   2        29 100
19  78  69  74   3   0   9    T  0.0    0  8.0 16 120   M    M   4        21 120
20  79  68  74   3   0   9 0.00  0.0    0  7.2 17 100   M    M   4        14 100
21  80  70  75   3   0  10 0.00  0.0    0  9.7 16 130   M    M   1        23 140
22  81  74  78   6   0  13 0.00  0.0    0 10.1 14 110   M    M   1        22 130
23  81  76  79   7   0  14 0.00  0.0    0  7.7 14 150   M    M   3        18 130
24  82  75  79   7   0  14 0.00  0.0    0  4.5  9 140   M    M   1 1      14 160
25  82  77  80   8   0  15    T  0.0    0  8.7 18 150   M    M   3        21 150
26  82  77  80   8   0  15 0.04  0.0    0 10.8 22 170   M    M   4        28 170
27  79  71  75   3   0  10 0.38  0.0    0  7.5 15 300   M    M   9 1      20 300
28  74  61  68  -4   0   3 0.02  0.0    0  8.1 16 330   M    M   9        21 350
================================================================================
SM 2176 1921         7 243  1.25     0.0 267.6          M       93
================================================================================
AV 77.7 68.6                               9.6 FASTST   M    M   3    MAX(MPH)
                                 MISC ---->  # 28 320               # 37  310
================================================================================
NOTES:
# LAST OF SEVERAL OCCURRENCES

COLUMN 17 PEAK WIND IN M.P.H.

PRELIMINARY LOCAL CLIMATOLOGICAL DATA (WS FORM: F-6) , PAGE 2

                                          STATION:  KEY WEST
                                          MONTH:    FEBRUARY
                                          YEAR:     2013
                                          LATITUDE:   24 32 N
                                          LONGITUDE:  81 45 W

[TEMPERATURE DATA]      [PRECIPITATION DATA]       SYMBOLS USED IN COLUMN 16

AVERAGE MONTHLY: 73.2   TOTAL FOR MONTH:   1.25    1 = FOG OR MIST
DPTR FM NORMAL:   2.2   DPTR FM NORMAL:   -0.24    2 = FOG REDUCING VISIBILITY
HIGHEST:    82 ON 26,25 GRTST 24HR  0.78 ON 14-15      TO 1/4 MILE OR LESS
LOWEST:     53 ON 18                               3 = THUNDER
                        SNOW, ICE PELLETS, HAIL    4 = ICE PELLETS
                        TOTAL MONTH:   0.0 INCH    5 = HAIL
                        GRTST 24HR     0.0         6 = FREEZING RAIN OR DRIZZLE
                        GRTST DEPTH:   0           7 = DUSTSTORM OR SANDSTORM:
                                                       VSBY 1/2 MILE OR LESS
                                                   8 = SMOKE OR HAZE
[NO. OF DAYS WITH]      [WEATHER - DAYS WITH]      9 = BLOWING SNOW
                                                   X = TORNADO
MAX 32 OR BELOW:   0    0.01 INCH OR MORE:   6
MAX 90 OR ABOVE:   0    0.10 INCH OR MORE:   3
MIN 32 OR BELOW:   0    0.50 INCH OR MORE:   1
MIN  0 OR BELOW:   0    1.00 INCH OR MORE:   0

[HDD (BASE 65) ]
TOTAL THIS MO.     7    CLEAR  (SCALE 0-3)  18
DPTR FM NORMAL    -8    PTCLDY (SCALE 4-7)   7
TOTAL FM JUL 1    12    CLOUDY (SCALE 8-10)  3
DPTR FM NORMAL   -54

[CDD (BASE 65) ]
TOTAL THIS MO.   243
DPTR FM NORMAL    60    [PRESSURE DATA]
TOTAL FM JAN 1   534    HIGHEST SLP 30.30 ON 18
DPTR FM NORMAL   186    LOWEST  SLP 29.80 ON 26

[REMARKS]
#FINAL-02-13#
