000
CXUS51 KRLX 011601
CLMHTS


CLIMATE REPORT
NATIONAL WEATHER SERVICE CHARLESTON WV
1201 PM EDT SUN JUN 1 2014

...................................

...THE HUNTINGTON CLIMATE SUMMARY FOR THE MONTH OF MAY 2014...

CLIMATE NORMAL PERIOD 1981 TO 2010
CLIMATE RECORD PERIOD 1897 TO 2014

WEATHER         OBSERVED          NORMAL  DEPART  LAST YEAR`S
                 VALUE   DATE(S)  VALUE   FROM    VALUE  DATE(S)
                                          NORMAL
................................................................
TEMPERATURE (F)
RECORD
 HIGH              98   05/31/1919
 LOW               27   05/10/1966
HIGHEST            88   05/13        MM      MM       91  05/31
LOWEST             36   05/18        MM      MM       37  05/14
AVG. MAXIMUM     77.0              75.3     1.7     76.7
AVG. MINIMUM     52.3              52.7    -0.4     55.0
MEAN             64.6              64.0     0.6     65.8
DAYS MAX >= 90      0               0.4    -0.4        2
DAYS MAX <= 32      0               0.0     0.0        0
DAYS MIN <= 32      0               0.0     0.0        0
DAYS MIN <= 0       0               0.0     0.0        0

PRECIPITATION (INCHES)
RECORD
 MAXIMUM         9.67   2003
 MINIMUM         0.78   1932
TOTALS           2.56              4.70   -2.14     1.58
DAILY AVG.       0.08              0.15   -0.07     0.05
DAYS >= .01         9              13.8    -4.8       13
DAYS >= .10         4               8.5    -4.5        5
DAYS >= .50         2               3.0    -1.0        0
DAYS >= 1.00        1               1.0     0.0        0
GREATEST
 24 HR. TOTAL    1.01   05/10 TO 05/10              0.46

SNOWFALL (INCHES)
RECORDS
 TOTAL             MM   MM
TOTALS            0.0                 T     0.0      0.0
SINCE 7/1        36.8              23.6    13.2     12.4
DAYS >= 1.0         0               0.0     0.0        0
GREATEST
 SNOW DEPTH         0   MM                             0  MM
 24 HR TOTAL      0.0   05/31 TO 05/31           05/31 TO 05/31
                                                          05/23 TO 05/23
                                                          05/23 TO 05/23

DEGREE_DAYS
HEATING TOTAL     106               112      -6       94
 SINCE 7/1       4817              4500     317     4527
COOLING TOTAL     100                81      19      127
 SINCE 1/1        114               113       1      170
....................................................

WIND (MPH)
AVERAGE WIND SPEED              5.1
HIGHEST WIND SPEED/DIRECTION    24/200    DATE  05/09
HIGHEST GUST SPEED/DIRECTION    36/190    DATE  05/09

SKY COVER
POSSIBLE SUNSHINE (PERCENT)   MM
AVERAGE SKY COVER           0.30
NUMBER OF DAYS FAIR           18
NUMBER OF DAYS PC             11
NUMBER OF DAYS CLOUDY          2

AVERAGE RH (PERCENT)     69

WEATHER CONDITIONS. NUMBER OF DAYS WITH
THUNDERSTORM              0     MIXED PRECIP               0
HEAVY RAIN                1     RAIN                       3
LIGHT RAIN               11     FREEZING RAIN              0
LT FREEZING RAIN          0     HAIL                       0
HEAVY SNOW                0     SNOW                       0
LIGHT SNOW                0     SLEET                      0
FOG                      21     FOG W/VIS <= 1/4 MILE      6
HAZE                      3

-  INDICATES NEGATIVE NUMBERS.
R  INDICATES RECORD WAS SET OR TIED.
MM INDICATES DATA IS MISSING.
T  INDICATES TRACE AMOUNT.

$$
