000
CXUS51 KRLX 061811
CLMHTS


CLIMATE REPORT
NATIONAL WEATHER SERVICE CHARLESTON WV
110 PM EST FRI FEB 6 2015

...................................

...THE HUNTINGTON CLIMATE SUMMARY FOR THE MONTH OF JANUARY 2015...

CLIMATE NORMAL PERIOD 1981 TO 2010
CLIMATE RECORD PERIOD 1897 TO 2015

WEATHER         OBSERVED          NORMAL  DEPART  LAST YEAR`S
                 VALUE   DATE(S)  VALUE   FROM    VALUE  DATE(S)
                                          NORMAL
................................................................
TEMPERATURE (F)
RECORD
 HIGH              79   01/25/1950
 LOW              -21   01/19/1994
HIGHEST            62   01/04        MM      MM       61  01/11
                        01/03
LOWEST              1   01/08        MM      MM       -4  01/29
                                                          01/07
AVG. MAXIMUM     39.8              42.2    -2.4     38.0
AVG. MINIMUM     23.0              25.3    -2.3     16.5
MEAN             31.4              33.7    -2.3     27.3
DAYS MAX >= 90      0               0.0     0.0        0
DAYS MAX <= 32      8               6.6     1.4        8
DAYS MIN <= 32     26              22.2     3.8       24
DAYS MIN <= 0       0               0.5    -0.5        6

PRECIPITATION (INCHES)
RECORD
 MAXIMUM        12.07   1937
 MINIMUM         0.64   1981
TOTALS           2.17              2.97   -0.80     2.30
DAILY AVG.       0.07              0.10   -0.03     0.07
DAYS >= .01        14              13.4     0.6       10
DAYS >= .10         7               6.5     0.5        9
DAYS >= .50         1               2.0    -1.0        1
DAYS >= 1.00        0               0.5    -0.5        0
GREATEST
 24 HR. TOTAL    0.54   01/23 TO 01/24              0.70

SNOWFALL (INCHES)
RECORDS
 TOTAL           30.3   1978
TOTALS            2.7               6.9    -4.2     12.2
SINCE 7/1         2.7              11.5    -8.8     19.7
DAYS >= 1.0         1               2.2    -1.2        3
GREATEST
 SNOW DEPTH         1   01/24                          4  01/26
 24 HR TOTAL      1.2   MM                       01/25 TO 01/25
                                                          01/25 TO 01/25
                                                          01/25 TO 01/25

DEGREE_DAYS
HEATING TOTAL    1036               969      67     1163
 SINCE 7/1       2908              2724     184     2911
COOLING TOTAL       0                 0       0        0
 SINCE 1/1          0                 0       0        0
......................................................

WIND (MPH)
AVERAGE WIND SPEED              6.0
HIGHEST WIND SPEED/DIRECTION    24/260    DATE  01/09
HIGHEST GUST SPEED/DIRECTION    41/240    DATE  01/09

SKY COVER
POSSIBLE SUNSHINE (PERCENT)   MM
AVERAGE SKY COVER           0.60
NUMBER OF DAYS FAIR            8
NUMBER OF DAYS PC              9
NUMBER OF DAYS CLOUDY         14

AVERAGE RH (PERCENT)     71

WEATHER CONDITIONS. NUMBER OF DAYS WITH
THUNDERSTORM              0     MIXED PRECIP               0
HEAVY RAIN                1     RAIN                       6
LIGHT RAIN               11     FREEZING RAIN              0
LT FREEZING RAIN          0     HAIL                       0
HEAVY SNOW                0     SNOW                       1
LIGHT SNOW               12     SLEET                      1
FOG                      15     FOG W/VIS <= 1/4 MILE      2
HAZE                      4

-  INDICATES NEGATIVE NUMBERS.
R  INDICATES RECORD WAS SET OR TIED.
MM INDICATES DATA IS MISSING.
T  INDICATES TRACE AMOUNT.

$$
