000
CXUS51 KRLX 011203
CLMHTS


CLIMATE REPORT
NATIONAL WEATHER SERVICE CHARLESTON WV
802 AM EDT THU JUN 1 2017

...................................

...THE HUNTINGTON CLIMATE SUMMARY FOR THE MONTH OF MAY 2017...

CLIMATE NORMAL PERIOD 1981 TO 2010
CLIMATE RECORD PERIOD 1897 TO 2017

WEATHER         OBSERVED          NORMAL  DEPART  LAST YEAR`S
                 VALUE   DATE(S)  VALUE   FROM    VALUE  DATE(S)
                                          NORMAL
................................................................
TEMPERATURE (F)
RECORD
 HIGH              98   05/31/1919
 LOW               27   05/10/1966
HIGHEST            88   05/20        MM      MM       89  05/27
                        05/17
                        05/16
LOWEST             34   05/08        MM      MM       35  05/16
AVG. MAXIMUM     74.5              75.3    -0.8     74.2
AVG. MINIMUM     55.1              52.7     2.4     53.1
MEAN             64.8              64.0     0.8     63.6
DAYS MAX >= 90      0               0.4    -0.4        0
DAYS MAX <= 32      0               0.0     0.0        0
DAYS MIN <= 32      0               0.0     0.0        0
DAYS MIN <= 0       0               0.0     0.0        0

PRECIPITATION (INCHES)
RECORD
 MAXIMUM         9.67   2003
 MINIMUM         0.78   1932
TOTALS           5.50              4.70    0.80     5.27
DAILY AVG.       0.18              0.15    0.03     0.17
DAYS >= .01        17              13.8     3.2       17
DAYS >= .10        11               8.5     2.5       12
DAYS >= .50         4               3.0     1.0        2
DAYS >= 1.00        1               1.0     0.0        1
GREATEST
 24 HR. TOTAL    1.23   05/20 TO 05/20              2.25

SNOWFALL (INCHES)
RECORDS
 TOTAL             MM   MM
TOTALS            0.0                 T     0.0      0.0
SINCE 7/1         5.9              23.6   -17.7     23.8
DAYS >= 1.0         0               0.0     0.0        0
GREATEST
 SNOW DEPTH         0   MM                             0  MM
 24 HR TOTAL      0.0   05/31 TO 05/31           05/31 TO 05/31
                                                          05/31 TO 05/31
                                                          05/31 TO 05/31

DEGREE_DAYS
HEATING TOTAL     102               112     -10      127
 SINCE 7/1       3442              4500   -1058     3788
COOLING TOTAL     101                81      20       93
 SINCE 1/1        172               113      59      140
..................................................

WIND (MPH)
AVERAGE WIND SPEED              6.2
HIGHEST WIND SPEED/DIRECTION    25/190    DATE  05/01
HIGHEST GUST SPEED/DIRECTION    37/270    DATE  05/01

SKY COVER
POSSIBLE SUNSHINE (PERCENT)   MM
AVERAGE SKY COVER           0.40
NUMBER OF DAYS FAIR           15
NUMBER OF DAYS PC             11
NUMBER OF DAYS CLOUDY          5

AVERAGE RH (PERCENT)     70

WEATHER CONDITIONS. NUMBER OF DAYS WITH
THUNDERSTORM              0     MIXED PRECIP               0
HEAVY RAIN                6     RAIN                      10
LIGHT RAIN               20     FREEZING RAIN              0
LT FREEZING RAIN          0     HAIL                       0
HEAVY SNOW                0     SNOW                       0
LIGHT SNOW                0     SLEET                      0
FOG                      18     FOG W/VIS <= 1/4 MILE      3
HAZE                      6

-  INDICATES NEGATIVE NUMBERS.
R  INDICATES RECORD WAS SET OR TIED.
MM INDICATES DATA IS MISSING.
T  INDICATES TRACE AMOUNT.

$$
