000
CXUS51 KRLX 031537
CLMHTS


CLIMATE REPORT
NATIONAL WEATHER SERVICE CHARLESTON WV
1037 AM EST THU MAR 3 2016

...................................

...THE HUNTINGTON CLIMATE SUMMARY FOR THE MONTH OF FEBRUARY 2016...

CLIMATE NORMAL PERIOD 1981 TO 2010
CLIMATE RECORD PERIOD 1897 TO 2016

WEATHER         OBSERVED          NORMAL  DEPART  LAST YEAR`S
                 VALUE   DATE(S)  VALUE   FROM    VALUE  DATE(S)
                                          NORMAL
................................................................
TEMPERATURE (F)
RECORD
 HIGH              80   02/25/1930
 LOW              -24   02/09/1899
HIGHEST            71   02/20        MM      MM       62  02/08
LOWEST              9   02/14        MM      MM      -16  02/20
AVG. MAXIMUM     47.4              46.5     0.9     35.0
AVG. MINIMUM     30.0              28.0     2.0     15.3
MEAN             38.7              37.2     1.5     25.2
DAYS MAX >= 90      0               0.0     0.0        0
DAYS MAX <= 32      6               3.6     2.4        9
DAYS MIN <= 32     19              19.0     0.0       27
DAYS MIN <= 0       0               0.1    -0.1        2

PRECIPITATION (INCHES)
RECORD
 MAXIMUM         8.67   1989
 MINIMUM         0.43   1941
TOTALS           5.47              3.07    2.40     3.27
DAILY AVG.       0.19                MM      MM     0.12
DAYS >= .01        13              11.9     1.1       11
DAYS >= .10         7               6.5     0.5        4
DAYS >= .50         4               1.7     2.3        2
DAYS >= 1.00        3               0.5     2.5        1
GREATEST
 24 HR. TOTAL    1.92   02/15 TO 02/16              1.29

SNOWFALL (INCHES)
RECORDS
 TOTAL           23.9   1986
TOTALS            7.0               7.4    -0.4     21.1
SINCE 7/1        20.8              18.9     1.9     23.8
DAYS >= 1.0         1               2.2    -1.2        3
GREATEST
 SNOW DEPTH         6   02/15                          9  02/17
 24 HR TOTAL      6.0   02/14 TO 02/14           02/21 TO 02/21
                                                          02/21 TO 02/21
                                                          02/21 TO 02/21

DEGREE_DAYS
HEATING TOTAL     756               777     -21     1108
 SINCE 7/1       3035              3525    -490     4016
COOLING TOTAL       0                 0       0        0
 SINCE 1/1          0                 0       0        0
..................................................

WIND (MPH)
AVERAGE WIND SPEED              6.9
HIGHEST WIND SPEED/DIRECTION    26/240    DATE  02/24
HIGHEST GUST SPEED/DIRECTION    42/240    DATE  02/29

SKY COVER
POSSIBLE SUNSHINE (PERCENT)   MM
AVERAGE SKY COVER           0.60
NUMBER OF DAYS FAIR            7
NUMBER OF DAYS PC              8
NUMBER OF DAYS CLOUDY         14

AVERAGE RH (PERCENT)     65

WEATHER CONDITIONS. NUMBER OF DAYS WITH
THUNDERSTORM              0     MIXED PRECIP               0
HEAVY RAIN                5     RAIN                       6
LIGHT RAIN               11     FREEZING RAIN              0
LT FREEZING RAIN          0     HAIL                       0
HEAVY SNOW                1     SNOW                       3
LIGHT SNOW               12     SLEET                      0
FOG                      16     FOG W/VIS <= 1/4 MILE      3
HAZE                      6

-  INDICATES NEGATIVE NUMBERS.
R  INDICATES RECORD WAS SET OR TIED.
MM INDICATES DATA IS MISSING.
T  INDICATES TRACE AMOUNT.

$$
