000
CXUS51 KRLX 021408
CLMHTS


CLIMATE REPORT
NATIONAL WEATHER SERVICE CHARLESTON WV
907 AM EST SAT JAN 2 2016

...................................

...THE HUNTINGTON CLIMATE SUMMARY FOR THE MONTH OF DECEMBER 2015...

CLIMATE NORMAL PERIOD 1981 TO 2010
CLIMATE RECORD PERIOD 1897 TO 2015

WEATHER         OBSERVED          NORMAL  DEPART  LAST YEAR`S
                 VALUE   DATE(S)  VALUE   FROM    VALUE  DATE(S)
                                          NORMAL
................................................................
TEMPERATURE (F)
RECORD
 HIGH              80   12/03/1982
                        12/31/1951
 LOW              -14   12/31/1917
                        12/30/1917
HIGHEST            74   12/27        MM      MM       65  12/24
LOWEST             21   12/20        MM      MM       19  12/31
AVG. MAXIMUM     57.1              45.4    11.7     46.4
AVG. MINIMUM     38.9              28.6    10.3     32.0
MEAN             48.0              37.0    11.0     39.2
DAYS MAX >= 90      0               0.0     0.0        0
DAYS MAX <= 32      0               3.9    -3.9        2
DAYS MIN <= 32     10              19.9    -9.9       19
DAYS MIN <= 0       0               0.3    -0.3        0

PRECIPITATION (INCHES)
RECORD
 MAXIMUM         8.69   1978
 MINIMUM         1.53   2010
TOTALS           6.41              3.31    3.10     3.31
DAILY AVG.       0.21              0.11    0.10     0.11
DAYS >= .01        14              12.9     1.1       12
DAYS >= .10        11               7.2     3.8        6
DAYS >= .50         3               2.2     0.8        3
DAYS >= 1.00        2               0.6     1.4        1
GREATEST
 24 HR. TOTAL    1.98   11/30 TO 12/01              1.38

SNOWFALL (INCHES)
RECORDS
 TOTAL           21.7   1935
TOTALS              T               3.8    -3.8      0.0
SINCE 7/1           T               4.6    -4.6        T
DAYS >= 1.0         0               1.0    -1.0        0
GREATEST
 SNOW DEPTH         0   MM                             0  MM
 24 HR TOTAL        T   12/31 TO 12/31           12/31 TO 12/31
                                                          12/31 TO 12/31
                                                          12/31 TO 12/31

DEGREE_DAYS
HEATING TOTAL     520               868    -348      793
 SINCE 7/1       1240              1755    -515     1872
COOLING TOTAL       0                 1      -1        0
 SINCE 1/1       1137              1135       2      971
..................................................

WIND (MPH)
AVERAGE WIND SPEED              5.3
HIGHEST WIND SPEED/DIRECTION    24/130    DATE  12/28
HIGHEST GUST SPEED/DIRECTION    37/120    DATE  12/28

SKY COVER
POSSIBLE SUNSHINE (PERCENT)   MM
AVERAGE SKY COVER           0.50
NUMBER OF DAYS FAIR            9
NUMBER OF DAYS PC             14
NUMBER OF DAYS CLOUDY          8

AVERAGE RH (PERCENT)     78

WEATHER CONDITIONS. NUMBER OF DAYS WITH
THUNDERSTORM              0     MIXED PRECIP               0
HEAVY RAIN                3     RAIN                      10
LIGHT RAIN               16     FREEZING RAIN              0
LT FREEZING RAIN          0     HAIL                       0
HEAVY SNOW                0     SNOW                       0
LIGHT SNOW                3     SLEET                      0
FOG                      24     FOG W/VIS <= 1/4 MILE      5
HAZE                      0

-  INDICATES NEGATIVE NUMBERS.
R  INDICATES RECORD WAS SET OR TIED.
MM INDICATES DATA IS MISSING.
T  INDICATES TRACE AMOUNT.

$$
