000
CXUS54 KLZK 011230
CF6LZK
PRELIMINARY LOCAL CLIMATOLOGICAL DATA (WS FORM: F-6)
STATION: NORTH LITTLE ROCK
MONTH: JULY
YEAR: 2023
LATITUDE: 34 50 N
LONGITUDE: 92 16 W
TEMPERATURE IN F: :PCPN: SNOW: WIND :SUNSHINE: SKY :PK WND
================================================================================
1 2 3 4 5 6A 6B 7 8 9 10 11 12 13 14 15 16 17 18
12Z AVG MX 2MIN
DY MAX MIN AVG DEP HDD CDD WTR SNW DPTH SPD SPD DIR MIN PSBL S-S WX SPD DR
================================================================================
1 94 80 87 7 0 22 0.00 0.0 0 M M M M M M M M
2 95 77 86 5 0 21 0.00 0.0 0 M M M M M M M M
3 93 74 84 3 0 19 0.03 0.0 0 M M M M M M 3 M M
4 88 71 80 -1 0 15 T 0.0 0 M M M M M M M M
5 89 71 80 -1 0 15 0.00 0.0 0 M M M M M M 3 M M
6 90 72 81 0 0 16 T 0.0 0 M M M M M M M M
7 87 72 80 -1 0 15 T 0.0 0 M M M M M M M M
8 87 75 81 0 0 16 0.14 0.0 0 M M M M M M 13 M M
9 75 67 71 -10 0 6 0.43 0.0 0 M M M M M M 13 M M
10 86 65 76 -5 0 11 0.00 0.0 0 M M M M M M M M
11 84 66 75 -6 0 10 0.44 0.0 0 M M M M M M 13 M M
12 84 75 80 -1 0 15 0.00 0.0 0 M M M M M M M M
13 90 71 81 0 0 16 0.17 0.0 0 M M M M M M 3 M M
14 89 69 79 -3 0 14 0.82 0.0 0 M M M M M M 13 M M
15 89 69 79 -3 0 14 0.01 0.0 0 M M M M M M 3 M M
16 89 73 81 -1 0 16 0.00 0.0 0 M M M M M M M M
17 92 72 82 0 0 17 T 0.0 0 M M M M M M M M
18 96 78 87 5 0 22 0.00 0.0 0 M M M M M M M M
19 96 81 89 7 0 24 0.00 0.0 0 M M M M M M M M
20 96 81 89 7 0 24 0.00 0.0 0 M M M M M M M M
21 84 71 78 -4 0 13 0.76 0.0 0 M M M M M M 3 M M
22 84 70 77 -5 0 12 0.00 0.0 0 M M M M M M M M
23 90 70 80 -2 0 15 0.00 0.0 0 M M M M M M M M
24 92 72 82 0 0 17 0.00 0.0 0 M M M M M M M M
25 94 73 84 2 0 19 0.00 0.0 0 M M M M M M M M
26 93 77 85 3 0 20 T 0.0 0 M M M M M M M M
27 96 78 87 5 0 22 T 0.0 0 M M M M M M M M
28 96 77 87 5 0 22 0.00 0.0 0 M M M M M M M M
29 97 76 87 5 0 22 0.00 0.0 0 M M M M M M M M
30 97 74 86 4 0 21 0.07 0.0 0 M M M M M M 3 M M
31 93 69 81 -1 0 16 0.32 0.0 0 M M M M M M 3 M M
================================================================================
SM 2805 2266 0 527 3.19 0.0 M M M
================================================================================
AV 90.5 73.1 M FASTST M M M MAX(MPH)
MISC ----> M M M M
================================================================================
NOTES:
# LAST OF SEVERAL OCCURRENCES
COLUMN 17 PEAK WIND IN M.P.H.
PRELIMINARY LOCAL CLIMATOLOGICAL DATA (WS FORM: F-6) , PAGE 2
STATION: NORTH LITTLE ROCK
MONTH: JULY
YEAR: 2023
LATITUDE: 34 50 N
LONGITUDE: 92 16 W
[TEMPERATURE DATA] [PRECIPITATION DATA] SYMBOLS USED IN COLUMN 16
AVERAGE MONTHLY: 81.8 TOTAL FOR MONTH: 3.19 1 = FOG OR MIST
DPTR FM NORMAL: 0.4 DPTR FM NORMAL: -0.73 2 = FOG REDUCING VISIBILITY
HIGHEST: 97 ON 30,29 GRTST 24HR 0.82 ON 14-14 TO 1/4 MILE OR LESS
LOWEST: 65 ON 10 3 = THUNDER
SNOW, ICE PELLETS, HAIL 4 = ICE PELLETS
TOTAL MONTH: 0.0 INCH 5 = HAIL
GRTST 24HR 0.0 6 = FREEZING RAIN OR DRIZZLE
GRTST DEPTH: 0 7 = DUSTSTORM OR SANDSTORM:
VSBY 1/2 MILE OR LESS
8 = SMOKE OR HAZE
[NO. OF DAYS WITH] [WEATHER - DAYS WITH] 9 = BLOWING SNOW
X = TORNADO
MAX 32 OR BELOW: 0 0.01 INCH OR MORE: 10
MAX 90 OR ABOVE: 18 0.10 INCH OR MORE: 7
MIN 32 OR BELOW: 0 0.50 INCH OR MORE: 2
MIN 0 OR BELOW: 0 1.00 INCH OR MORE: 0
[HDD (BASE 65) ]
TOTAL THIS MO. 0 CLEAR (SCALE 0-3) 0
DPTR FM NORMAL 0 PTCLDY (SCALE 4-7) 0
TOTAL FM JUL 1 0 CLOUDY (SCALE 8-10) 31
DPTR FM NORMAL 0
[CDD (BASE 65) ]
TOTAL THIS MO. 527
DPTR FM NORMAL 17 [PRESSURE DATA]
TOTAL FM JAN 1 1241 HIGHEST SLP M ON M
DPTR FM NORMAL 85 LOWEST SLP M ON M
[REMARKS]
#FINAL-07-23#