000
CXUS54 KLZK 011414
CF6LZK
PRELIMINARY LOCAL CLIMATOLOGICAL DATA (WS FORM: F-6)

                                          STATION:   North Little Rock
                                          MONTH:     NOVEMBER
                                          YEAR:      2012
                                          LATITUDE:   34 50 N
                                          LONGITUDE:  92 16 W

  TEMPERATURE IN F:       :PCPN:    SNOW:  WIND      :SUNSHINE: SKY     :PK WND
================================================================================
1   2   3   4   5  6A  6B    7    8   9   10  11  12  13   14  15   16   17  18
                                     12Z  AVG MX 2MIN
DY MAX MIN AVG DEP HDD CDD  WTR  SNW DPTH SPD SPD DIR MIN PSBL S-S WX    SPD DR
================================================================================

 1  70  51  61   3   4   0 0.00  0.0    0  4.7  7 210   M    M   M         M  M
 2  76  53  65   7   0   0 0.00  0.0    0  4.6  9 100   M    M   M         M  M
 3  82  59  71  13   0   6 0.00  0.0    0  6.1  9  10   M    M   M 3      17 230
 4  63  45  54  -3  11   0 0.00  0.0    0  6.0 12  30   M    M   M         M  M
 5  55  45  50  -7  15   0 0.02  0.0    0  4.3 10 140   M    M   M 1       M  M
 6  60  47  54  -3  11   0 0.00  0.0    0  5.3  9 320   M    M   M         M  M
 7  63  43  53  -3  12   0 0.00  0.0    0   M   M   M   M    M   M         M  M
 8  62  40  51  -5  14   0 0.00  0.0    0  7.3 10 130   M    M   M         M  M
 9  71  46  59   3   6   0 0.00  0.0    M  6.6 12 170   M    M   M        16 170
10  74  55  65  10   0   0 0.00  0.0    0  9.9 15 150   M    M   M        23 150
11  70  51  61   6   4   0 1.58  0.0    0 10.3 15 160   M    M   M        28 170
12  52  36  44 -10  21   0    T  0.0    0  5.9 12 320   M    M   M        20 330
13  54  35  45  -9  20   0 0.00  0.0    0  5.0  8  90   M    M   M         M  M
14  54  37  46  -7  19   0 0.00  0.0    0  4.4  8  40   M    M   M         M  M
15  57  35  46  -7  19   0 0.00  0.0    0  4.3  8  30   M    M   M         M  M
16  60  37  49  -4  16   0 0.00  0.0    0  5.9  9  40   M    M   M        15  50
17  62  40  51  -1  14   0 0.00  0.0    0  4.9  8  60   M    M   M         M  M
18  64  38  51  -1  14   0 0.00  0.0    0  3.8  8 130   M    M   M         M  M
19  64  47  56   5   9   0    T  0.0    0  2.9  6 160   M    M   M         M  M
20  72  51  62  11   3   0 0.00  0.0    0  3.6  9 310   M    M   M        16 310
21  69  48  59   9   6   0 0.00  0.0    0  4.1  7 310   M    M   M         M  M
22  69  49  59   9   6   0 0.03  0.0    0  6.6 10 210   M    M   M        17 190
23  62  38  50   0  15   0 0.35  0.0    0  7.5 13 340   M    M   M        22 290
24  49  32  41  -8  24   0 0.00  0.0    0  4.9 10 350   M    M   M         M  M
25  62  33  48  -1  17   0 0.00  0.0    0  6.6 13 200   M    M   M        18 200
26  56  43  50   2  15   0 0.07  0.0    0  6.6 16  10   M    M   M 1      27  20
27  50  36  43  -5  22   0 0.00  0.0    0  6.1 15  20   M    M   M        21  20
28  55  33  44  -4  21   0 0.00  0.0    0  3.5  6 150   M    M   M         M  M
29  62  37  50   3  15   0 0.00  0.0    0  5.1  8 160   M    M   M         M  M
30  64  42  53   6  12   0 0.00  0.0    0  6.0 12 210   M    M   M         M  M
================================================================================
SM 1883 1282       365   6  2.05     0.0 162.8          M        M
================================================================================
AV 62.8 42.7                               5.6 FASTST   M    M   0    MAX(MPH)
                                 MISC ---->    16   M                 28    M
================================================================================
NOTES:
# LAST OF SEVERAL OCCURRENCES

COLUMN 17 PEAK WIND IN M.P.H.

PRELIMINARY LOCAL CLIMATOLOGICAL DATA (WS FORM: F-6) , PAGE 2

                                          STATION:  North Little Rock
                                          MONTH:    NOVEMBER
                                          YEAR:     2012
                                          LATITUDE:   34 50 N
                                          LONGITUDE:  92 16 W

[TEMPERATURE DATA]      [PRECIPITATION DATA]       SYMBOLS USED IN COLUMN 16

AVERAGE MONTHLY: 52.8   TOTAL FOR MONTH:   2.05    1 = FOG OR MIST
DPTR FM NORMAL:  -0.0   DPTR FM NORMAL:   -3.34    2 = FOG REDUCING VISIBILITY
HIGHEST:    82 ON  3    GRTST 24HR  1.58 ON 11-11      TO 1/4 MILE OR LESS
LOWEST:     32 ON 24                               3 = THUNDER
                        SNOW, ICE PELLETS, HAIL    4 = ICE PELLETS
                        TOTAL MONTH:   0.0 INCH    5 = HAIL
                        GRTST 24HR     0.0         6 = FREEZING RAIN OR DRIZZLE
                        GRTST DEPTH:   0           7 = DUSTSTORM OR SANDSTORM:
                                                       VSBY 1/2 MILE OR LESS
                                                   8 = SMOKE OR HAZE
[NO. OF DAYS WITH]      [WEATHER - DAYS WITH]      9 = BLOWING SNOW
                                                   X = TORNADO
MAX 32 OR BELOW:   0    0.01 INCH OR MORE:   5
MAX 90 OR ABOVE:   0    0.10 INCH OR MORE:   2
MIN 32 OR BELOW:   1    0.50 INCH OR MORE:   1
MIN  0 OR BELOW:   0    1.00 INCH OR MORE:   1

[HDD (BASE 65) ]
TOTAL THIS MO.   365    CLEAR  (SCALE 0-3)   0
DPTR FM NORMAL   -12    PTCLDY (SCALE 4-7)   0
TOTAL FM JUL 1   529    CLOUDY (SCALE 8-10)  0
DPTR FM NORMAL    17

[CDD (BASE 65) ]
TOTAL THIS MO.     6
DPTR FM NORMAL    -5    [PRESSURE DATA]
TOTAL FM JAN 1  2718    HIGHEST SLP 30.54 ON 13
DPTR FM NORMAL   549    LOWEST  SLP 29.86 ON 11

[REMARKS]
#FINAL-11-12#
