000
CXUS54 KLZK 021302
CF6LZK
PRELIMINARY LOCAL CLIMATOLOGICAL DATA (WS FORM: F-6)

                                          STATION:   North Little Rock
                                          MONTH:     JULY
                                          YEAR:      2013
                                          LATITUDE:   34 50 N
                                          LONGITUDE:  92 16 W

  TEMPERATURE IN F:       :PCPN:    SNOW:  WIND      :SUNSHINE: SKY     :PK WND
================================================================================
1   2   3   4   5  6A  6B    7    8   9   10  11  12  13   14  15   16   17  18
                                     12Z  AVG MX 2MIN
DY MAX MIN AVG DEP HDD CDD  WTR  SNW DPTH SPD SPD DIR MIN PSBL S-S WX    SPD DR
================================================================================

 1  85  65  75  -7   0  10    T  0.0    0  7.0 10 360   M    M   M        20 350
 2  85  65  75  -7   0  10 0.00  0.0    0  5.8  9 310   M    M   M         M  M
 3  87  62  75  -7   0  10 0.00  0.0    0  5.9 10 100   M    M   M         M  M
 4  90  64  77  -5   0  12 0.00  0.0    0  3.6 10  50   M    M   M        17  50
 5  93  67  80  -2   0  15 0.00  0.0    0  5.4 10 100   M    M   M 18     18 100
 6  91  68  80  -2   0  15 0.00  0.0    0  5.0 10 120   M    M   M        18  90
 7  92  72  82   0   0  17 0.00  0.0    0  4.8 10 140   M    M   M        20 140
 8  94  73  84   2   0  19 0.00  0.0    0  5.1  9 200   M    M   M         M  M
 9  96  76  86   4   0  21 0.00  0.0    0  7.2 13 210   M    M   M        18 210
10  98  72  85   3   0  20 0.05  0.0    0  5.8  9 220   M    M   M 3       M  M
11  97  71  84   2   0  19    T  0.0    0  6.2 12  80   M    M   M 3       M  M
12  93  70  82   0   0  17 0.00  0.0    0  8.7 12  30   M    M   M        17  30
13  91  66  79  -3   0  14 0.00  0.0    0  6.5 10  80   M    M   M        17  80
14  90  66  78  -4   0  13 0.01  0.0    0  6.0 10  90   M    M   M 3      16 100
15  93  71  82   0   0  17 0.00  0.0    0  7.3 15  70   M    M   M        21  70
16  93  74  84   1   0  19 0.03  0.0    0  7.3 16  90   M    M   M 3      20 140
17  96  73  85   2   0  20 0.00  0.0    0  5.0 12 100   M    M   M        17 110
18  98  72  85   2   0  20 0.02  0.0    0  4.9 17 120   M    M   M        22 120
19  92  71  82  -1   0  17    T  0.0    0  4.8 12 130   M    M   M 3      18 130
20  92  72  82  -1   0  17 0.06  0.0    0  3.8  7  30   M    M   M 3       M  M
21  92  72  82  -1   0  17 0.00  0.0    0  6.5 12 200   M    M   M        18 200
22  94  72  83   0   0  18 1.98  0.0    0  7.2 13 320   M    M   M 3      31 180
23  89  75  82  -1   0  17 0.30  0.0    0  6.9 16  70   M    M   M 13     23  70
24  88  70  79  -4   0  14 0.09  0.0    0  4.9  9  20   M    M   M        21 310
25  86  69  78  -5   0  13 0.00  0.0    0  5.6  9  20   M    M   M         M  M
26  75  65  70 -13   0   5 0.32  0.0    0  4.5  8  80   M    M   M         M  M
27  85  64  75  -8   0  10 0.24  0.0    0  3.9  8  30   M    M   M         M  M
28  88  67  78  -5   0  13 0.00  0.0    0  6.7 10  80   M    M   M         M  M
29  87  68  78  -5   0  13 0.04  0.0    0  6.7 10 140   M    M   M        15 140
30  84  76  80  -3   0  15 0.01  0.0    0  5.7  9 200   M    M   M 1       M  M
31  91  73  82  -1   0  17 0.17  0.0    0  3.6 12  20   M    M   M 3      20  20
================================================================================
SM 2805 2161         0 474  3.32     0.0 178.3          M        M
================================================================================
AV 90.5 69.7                               5.8 FASTST   M    M   0    MAX(MPH)
                                 MISC ---->    17   M                 31    M
================================================================================
NOTES:
# LAST OF SEVERAL OCCURRENCES

COLUMN 17 PEAK WIND IN M.P.H.

PRELIMINARY LOCAL CLIMATOLOGICAL DATA (WS FORM: F-6) , PAGE 2

                                          STATION:  North Little Rock
                                          MONTH:    JULY
                                          YEAR:     2013
                                          LATITUDE:   34 50 N
                                          LONGITUDE:  92 16 W

[TEMPERATURE DATA]      [PRECIPITATION DATA]       SYMBOLS USED IN COLUMN 16

AVERAGE MONTHLY: 80.1   TOTAL FOR MONTH:   3.32    1 = FOG OR MIST
DPTR FM NORMAL:  -2.3   DPTR FM NORMAL:   -0.49    2 = FOG REDUCING VISIBILITY
HIGHEST:    98 ON 18,10 GRTST 24HR  1.98 ON 22-22      TO 1/4 MILE OR LESS
LOWEST:     62 ON  3                               3 = THUNDER
                        SNOW, ICE PELLETS, HAIL    4 = ICE PELLETS
                        TOTAL MONTH:   0.0 INCH    5 = HAIL
                        GRTST 24HR     0.0         6 = FREEZING RAIN OR DRIZZLE
                        GRTST DEPTH:   0           7 = DUSTSTORM OR SANDSTORM:
                                                       VSBY 1/2 MILE OR LESS
                                                   8 = SMOKE OR HAZE
[NO. OF DAYS WITH]      [WEATHER - DAYS WITH]      9 = BLOWING SNOW
                                                   X = TORNADO
MAX 32 OR BELOW:   0    0.01 INCH OR MORE:  13
MAX 90 OR ABOVE:  20    0.10 INCH OR MORE:   5
MIN 32 OR BELOW:   0    0.50 INCH OR MORE:   1
MIN  0 OR BELOW:   0    1.00 INCH OR MORE:   1

[HDD (BASE 65) ]
TOTAL THIS MO.     0    CLEAR  (SCALE 0-3)   0
DPTR FM NORMAL     0    PTCLDY (SCALE 4-7)   0
TOTAL FM JUL 1     0    CLOUDY (SCALE 8-10)  0
DPTR FM NORMAL     0

[CDD (BASE 65) ]
TOTAL THIS MO.   474
DPTR FM NORMAL   -67    [PRESSURE DATA]
TOTAL FM JAN 1  1154    HIGHEST SLP 30.31 ON 17
DPTR FM NORMAL   -96    LOWEST  SLP 29.85 ON 23

[REMARKS]
#FINAL-07-13#
