000
CXUS54 KLZK 011230
CF6LZK
PRELIMINARY LOCAL CLIMATOLOGICAL DATA (WS FORM: F-6)

                                          STATION:   North Little Rock
                                          MONTH:     APRIL
                                          YEAR:      2013
                                          LATITUDE:   34 50 N
                                          LONGITUDE:  92 16 W

  TEMPERATURE IN F:       :PCPN:    SNOW:  WIND      :SUNSHINE: SKY     :PK WND
================================================================================
1   2   3   4   5  6A  6B    7    8   9   10  11  12  13   14  15   16   17  18
                                     12Z  AVG MX 2MIN
DY MAX MIN AVG DEP HDD CDD  WTR  SNW DPTH SPD SPD DIR MIN PSBL S-S WX    SPD DR
================================================================================

 1  70  52  61   2   4   0 0.00  0.0    0  7.0 12  60   M    M   M         M  M
 2  54  37  46 -13  19   0 0.59  0.0    0 12.5 18  40   M    M   M        23  40
 3  47  38  43 -16  22   0    T  0.0    0 13.1 22  60   M    M   M        28  60
 4  47  40  44 -16  21   0 0.41  0.0    0  6.3 12  30   M    M   M        16 360
 5  69  42  56  -4   9   0 0.00  0.0    0  4.6  7 110   M    M   M         M  M
 6  74  50  62   2   3   0 0.00  0.0    0  7.9 13 180   M    M   M        23 220
 7  70  58  64   4   1   0 0.00  0.0    0  9.0 12 140   M    M   M        20 200
 8  78  61  70   9   0   5 0.00  0.0    0  9.4 16 130   M    M   M        22 140
 9  85  62  74  13   0   9    T  0.0    0 10.4 16 160   M    M   M        25 180
10  79  44  62   1   3   0 1.56  0.0    0 10.9 15 190   M    M   M 13     27 320
11  57  40  49 -13  16   0 0.00  0.0    0  7.2 12 310   M    M   M        24 310
12  69  42  56  -6   9   0 0.00  0.0    0  5.8 10 280   M    M   M        21 280
13  70  47  59  -3   6   0 0.00  0.0    0  6.8  9 140   M    M   M         M  M
14  74  56  65   3   0   0 0.00  0.0    0  8.0 15 150   M    M   M        22 140
15  80  59  70   7   0   5 0.00  0.0    0  8.2 12 140   M    M   M        17 180
16  88  69  79  16   0  14    T  0.0    0  9.2 16 200   M    M   M 1      23 200
17  85  71  78  15   0  13 0.00  0.0    0  9.6 14 170   M    M   M 1      28 150
18  76  43  60  -4   5   0 0.90  0.0    0 11.1 18 170   M    M   M 123    25 160
19  57  38  48 -16  17   0 0.00  0.0    0  5.9 10 300   M    M   M        22 290
20  69  44  57  -7   8   0 0.00  0.0    0  5.5 10 130   M    M   M        15 130
21  68  49  59  -5   6   0 0.00  0.0    0  7.3 13 100   M    M   M        20  80
22  73  48  61  -4   4   0 0.00  0.0    0  7.8 14 120   M    M   M        22 110
23  74  49  62  -3   3   0 0.00  0.0    0  8.8 17 190   M    M   M        30 200
24  61  40  51 -14  14   0 0.21  0.0    0  7.2 12 330   M    M   M 3      23 320
25  68  42  55 -10  10   0 0.00  0.0    0  4.6 10 130   M    M   M         M  M
26  62  53  58  -8   7   0 0.32  0.0    0  7.3 13 120   M    M   M 13     20 120
27  70  53  62  -4   3   0 0.49  0.0    0  5.6 10 320   M    M   M 13     17 320
28  71  52  62  -4   3   0 0.00  0.0    0  4.1  7 120   M    M   M         M  M
29  82  52  67   1   0   2 0.00  0.0    0  5.5 10 140   M    M   M 1      15 140
30  84  61  73   6   0   8 0.00  0.0    0  7.0 15 140   M    M   M        23 140
================================================================================
SM 2111 1492       193  56  4.48     0.0 233.6          M        M
================================================================================
AV 70.4 49.7                               7.8 FASTST   M    M   6    MAX(MPH)
                                 MISC ---->    22   M                 30    M
================================================================================
NOTES:
# LAST OF SEVERAL OCCURRENCES

COLUMN 17 PEAK WIND IN M.P.H.

PRELIMINARY LOCAL CLIMATOLOGICAL DATA (WS FORM: F-6) , PAGE 2

                                          STATION:  North Little Rock
                                          MONTH:    APRIL
                                          YEAR:     2013
                                          LATITUDE:   34 50 N
                                          LONGITUDE:  92 16 W

[TEMPERATURE DATA]      [PRECIPITATION DATA]       SYMBOLS USED IN COLUMN 16

AVERAGE MONTHLY: 60.1   TOTAL FOR MONTH:   4.48    1 = FOG OR MIST
DPTR FM NORMAL:  -2.7   DPTR FM NORMAL:   -0.31    2 = FOG REDUCING VISIBILITY
HIGHEST:    88 ON 16    GRTST 24HR  1.56 ON 10-10      TO 1/4 MILE OR LESS
LOWEST:     37 ON  2                               3 = THUNDER
                        SNOW, ICE PELLETS, HAIL    4 = ICE PELLETS
                        TOTAL MONTH:   0.0 INCH    5 = HAIL
                        GRTST 24HR     0.0         6 = FREEZING RAIN OR DRIZZLE
                        GRTST DEPTH:   0           7 = DUSTSTORM OR SANDSTORM:
                                                       VSBY 1/2 MILE OR LESS
                                                   8 = SMOKE OR HAZE
[NO. OF DAYS WITH]      [WEATHER - DAYS WITH]      9 = BLOWING SNOW
                                                   X = TORNADO
MAX 32 OR BELOW:   0    0.01 INCH OR MORE:   7
MAX 90 OR ABOVE:   0    0.10 INCH OR MORE:   7
MIN 32 OR BELOW:   0    0.50 INCH OR MORE:   3
MIN  0 OR BELOW:   0    1.00 INCH OR MORE:   1

[HDD (BASE 65) ]
TOTAL THIS MO.   193    CLEAR  (SCALE 0-3)   0
DPTR FM NORMAL    57    PTCLDY (SCALE 4-7)   0
TOTAL FM JUL 1  2975    CLOUDY (SCALE 8-10)  0
DPTR FM NORMAL    -7

[CDD (BASE 65) ]
TOTAL THIS MO.    56
DPTR FM NORMAL   -14    [PRESSURE DATA]
TOTAL FM JAN 1    61    HIGHEST SLP 30.39 ON 25
DPTR FM NORMAL   -28    LOWEST  SLP 29.57 ON 10

[REMARKS]
#FINAL-04-13#
