000
CXUS54 KLZK 030235
CF6LZK

PRELIMINARY LOCAL CLIMATOLOGICAL DATA (WS FORM: F-6)

                                          STATION:   NORTH LITTLE ROCK
                                          MONTH:     FEBRUARY
                                          YEAR:      2013
                                          LATITUDE:   34 50 N
                                          LONGITUDE:  92 16 W

  TEMPERATURE IN F:       :PCPN:    SNOW:  WIND      :SUNSHINE: SKY     :PK WND
================================================================================
1   2   3   4   5  6A  6B    7    8   9   10  11  12  13   14  15   16   17  18
                                     12Z  AVG MX 2MIN
DY MAX MIN AVG DEP HDD CDD  WTR  SNW DPTH SPD SPD DIR MIN PSBL S-S WX    SPD DR
================================================================================

 1  36  22  29 -13  36   0 0.00  0.0    0  7.0 13 350   M    M   M        20 350
 2  58  29  44   2  21   0 0.00  0.0    0  4.1  8 310   M    M   M         M  M
 3  58  42  50   7  15   0 0.00  0.0    0  5.2 12 310   M    M   M        20 310
 4  51  45  48   5  17   0 0.02  0.0    0  5.8 10 200   M    M   M         M  M
 5  65  38  52   9  13   0 0.00  0.0    0  2.5  6 210   M    M   M 1       M  M
 6  56  43  50   7  15   0 0.00  0.0    0  7.0 13  60   M    M   M 1       M  M
 7  62  47  55  12  10   0 0.44  0.0    0  3.6  8  10   M    M   M 13      M  M
 8  54  36  45   1  20   0 0.08  0.0    0  8.7 14  30   M    M   M        21 350
 9  44  32  38  -6  27   0 0.03  0.0    0  8.2 13 100   M    M   M        20  80
10  69  55  62  18   3   0 0.66  0.0    0  8.7 15 140   M    M   M 13     22 140
11  57  42  50   6  15   0 0.00  0.0    0  3.4  8 130   M    M   M         M  M
12  47  40  44   0  21   0 0.21    T    0  7.0 14  60   M    M   M 4      17  40
13  51  37  44  -1  21   0 0.04  0.0    0  5.6 12 350   M    M   M        20 350
14  64  36  50   5  15   0 0.00  0.0    0  5.4  8 350   M    M   M         M  M
15  51  36  44  -1  21   0    T  0.0    0  7.0 10 340   M    M   M        20 340
16  42  30  36 -10  29   0 0.00  0.0    0  5.2 12 310   M    M   M        17 320
17  62  34  48   2  17   0 0.00  0.0    0  8.6 13 190   M    M   M        20 180
18  60  46  53   7  12   0 0.73    T    0 10.4 15 170   M    M   M 35     23 160
19  51  34  43  -3  22   0 0.00  0.0    0  5.7 12 330   M    M   M        18 280
20  40  30  35 -12  30   0 0.15  0.2    0  8.4 15  40   M    M   M 46      M  M
21  34  31  33 -14  32   0 1.67    T    T 10.8 17  70   M    M   M 12346  28  90
22  45  32  39  -8  26   0    T  0.0    0  4.5  8 320   M    M   M 126     M  M
23  50  29  40  -8  25   0 0.00  0.0    0  4.3  8 290   M    M   M         M  M
24  55  33  44  -4  21   0 0.00  0.0    0  8.3 14  80   M    M   M        17 100
25  49  42  46  -2  19   0 1.01  0.0    0 12.5 23  80   M    M   M 13     28  80
26  44  39  42  -6  23   0 0.02  0.0    0  8.4 12 270   M    M   M 1      25 270
27  47  37  42  -7  23   0 0.02  0.0    0  6.3 12 270   M    M   M        22 270
28  51  33  42  -7  23   0 0.00  0.0    0  7.4 10 340   M    M   M        16 300
================================================================================
SM 1453 1030       572   0  5.08     0.2 190.0          M        M
================================================================================
AV 51.9 36.8                               6.8 FASTST   M    M   0    MAX(MPH)
                                 MISC ---->  # 23  80                 28    M
================================================================================
NOTES:
# LAST OF SEVERAL OCCURRENCES

COLUMN 17 PEAK WIND IN M.P.H.

PRELIMINARY LOCAL CLIMATOLOGICAL DATA (WS FORM: F-6) , PAGE 2

                                          STATION:  NORTH LITTLE ROCK
                                          MONTH:    FEBRUARY
                                          YEAR:     2013
                                          LATITUDE:   34 50 N
                                          LONGITUDE:  92 16 W

[TEMPERATURE DATA]      [PRECIPITATION DATA]       SYMBOLS USED IN COLUMN 16

AVERAGE MONTHLY: 44.3   TOTAL FOR MONTH:   5.08    1 = FOG OR MIST
DPTR FM NORMAL:  -1.0   DPTR FM NORMAL:    1.42    2 = FOG REDUCING VISIBILITY
HIGHEST:    69 ON 10    GRTST 24HR  1.73 ON 20-21      TO 1/4 MILE OR LESS
LOWEST:     22 ON  1                               3 = THUNDER
                        SNOW, ICE PELLETS, HAIL    4 = ICE PELLETS
                        TOTAL MONTH:   0.2 INCH    5 = HAIL
                        GRTST 24HR   0.2 ON 20     6 = FREEZING RAIN OR DRIZZLE
                        GRTST DEPTH:   T           7 = DUSTSTORM OR SANDSTORM:
                                                       VSBY 1/2 MILE OR LESS
                                                   8 = SMOKE OR HAZE
[NO. OF DAYS WITH]      [WEATHER - DAYS WITH]      9 = BLOWING SNOW
                                                   X = TORNADO
MAX 32 OR BELOW:   0    0.01 INCH OR MORE:  13
MAX 90 OR ABOVE:   0    0.10 INCH OR MORE:   7
MIN 32 OR BELOW:   8    0.50 INCH OR MORE:   4
MIN  0 OR BELOW:   0    1.00 INCH OR MORE:   2

[HDD (BASE 65) ]
TOTAL THIS MO.   572    CLEAR  (SCALE 0-3)   0
DPTR FM NORMAL    19    PTCLDY (SCALE 4-7)   0
TOTAL FM JUL 1  2269    CLOUDY (SCALE 8-10)  0
DPTR FM NORMAL  -217

[CDD (BASE 65) ]
TOTAL THIS MO.     0
DPTR FM NORMAL    -1    [PRESSURE DATA]
TOTAL FM JAN 1     2    HIGHEST SLP 30.52 ON  1
DPTR FM NORMAL     0    LOWEST  SLP 29.35 ON 25

[REMARKS]
#FINAL-02-13#
