000
CXUS54 KLZK 201116
CF6LZK
PRELIMINARY LOCAL CLIMATOLOGICAL DATA (WS FORM: F-6)

                                          STATION:   North Little Rock
                                          MONTH:     OCTOBER
                                          YEAR:      2015
                                          LATITUDE:   34 50 N
                                          LONGITUDE:  92 16 W

  TEMPERATURE IN F:       :PCPN:    SNOW:  WIND      :SUNSHINE: SKY     :PK WND
================================================================================
1   2   3   4   5  6A  6B    7    8   9   10  11  12  13   14  15   16   17  18
                                     12Z  AVG MX 2MIN
DY MAX MIN AVG DEP HDD CDD  WTR  SNW DPTH SPD SPD DIR MIN PSBL S-S WX    SPD DR
================================================================================

 1  77  56  67  -2   0   2 0.00  0.0    0   M   M   M   M    M   M         M  M
 2  72  50  61  -7   4   0 0.00  0.0    0   M   M   M   M    M   M         M  M
 3  66  55  61  -7   4   0 0.00  0.0    0   M   M   M   M    M   M         M  M
 4  66  53  60  -8   5   0 0.00  0.0    0   M   M   M   M    M   M         M  M
 5  77  57  67   0   0   2 0.00  0.0    0   M   M   M   M    M   M         M  M
 6  83  62  73   6   0   8 0.00  0.0    0   M   M   M   M    M   M         M  M
 7  85  65  75   8   0  10 0.00  0.0    0   M   M   M   M    M   M         M  M
 8  87  64  76  10   0  11 0.00  0.0    0   M   M   M   M    M   M         M  M
 9  85  60  73   7   0   8 0.03  0.0    0   M   M   M   M    M   M         M  M
10  76  54  65  -1   0   0 0.00  0.0    0   M   M   M   M    M   M         M  M
11  82  55  69   4   0   4 0.00  0.0    0   M   M   M   M    M   M         M  M
12  91  63  77  12   0  12 0.00  0.0    0   M   M   M   M    M   M         M  M
13  82  60  71   6   0   6 0.00  0.0    0   M   M   M   M    M   M         M  M
14  90  58  74  10   0   9 0.00  0.0    0   M   M   M   M    M   M         M  M
15  96  60  78  14   0  13 0.00  0.0    0   M   M   M   M    M   M         M  M
16  75  55  65   1   0   0 0.00  0.0    0   M   M   M   M    M   M 8       M  M
17  69  49  59  -4   6   0 0.00  0.0    0   M   M   M   M    M   M         M  M
18  69  45  57  -6   8   0 0.00  0.0    0   M   M   M   M    M   M         M  M
19  75  48  62  -1   3   0 0.00  0.0    0   M   M   M   M    M   M 8       M  M
20  78  52  65   3   0   0 0.00  0.0    0   M   M   M   M    M   M         M  M
21  84  58  71   9   0   6 0.00  0.0    0   M   M   M   M    M   M         M  M
22  83  57  70   8   0   5 0.00  0.0    0   M   M   M   M    M   M         M  M
23  70  65  68   6   0   3 0.57  0.0    0   M   M   M   M    M   M         M  M
24  70  58  64   3   1   0 0.27  0.0    0   M   M   M   M    M   M         M  M
25  58  52  55  -6  10   0 0.50  0.0    0   M   M   M   M    M   M         M  M
26  61  54  58  -3   7   0 0.58  0.0    0   M   M   M   M    M   M         M  M
27  65  60  63   3   2   0 0.26  0.0    0   M   M   M   M    M   M 1       M  M
28  70  56  63   3   2   0 0.00  0.0    0   M   M   M   M    M   M 12      M  M
29  73  54  64   4   1   0 0.00  0.0    0   M   M   M   M    M   M 8       M  M
30  67  47  57  -2   8   0 0.02  0.0    0   M   M   M   M    M   M         M  M
31  62  55  59   0   6   0 1.85  0.0    0   M   M   M   M    M   M 12      M  M
================================================================================
SM 2344 1737        67  99  4.08     0.0     M          M        M
================================================================================
AV 75.6 56.0                                 M FASTST   M    M -nan   MAX(MPH)
                                 MISC ---->     M   M                  M    M
================================================================================
NOTES:
# LAST OF SEVERAL OCCURRENCES

COLUMN 17 PEAK WIND IN M.P.H.

PRELIMINARY LOCAL CLIMATOLOGICAL DATA (WS FORM: F-6) , PAGE 2

                                          STATION:  North Little Rock
                                          MONTH:    OCTOBER
                                          YEAR:     2015
                                          LATITUDE:   34 50 N
                                          LONGITUDE:  92 16 W

[TEMPERATURE DATA]      [PRECIPITATION DATA]       SYMBOLS USED IN COLUMN 16

AVERAGE MONTHLY: 65.8   TOTAL FOR MONTH:   4.08    1 = FOG OR MIST
DPTR FM NORMAL:   2.0   DPTR FM NORMAL:   -0.72    2 = FOG REDUCING VISIBILITY
HIGHEST:    96 ON 15    GRTST 24HR  1.85 ON 31-31      TO 1/4 MILE OR LESS
LOWEST:     45 ON 18                               3 = THUNDER
                        SNOW, ICE PELLETS, HAIL    4 = ICE PELLETS
                        TOTAL MONTH:   0.0 INCH    5 = HAIL
                        GRTST 24HR     0.0         6 = FREEZING RAIN OR DRIZZLE
                        GRTST DEPTH:   0           7 = DUSTSTORM OR SANDSTORM:
                                                       VSBY 1/2 MILE OR LESS
                                                   8 = SMOKE OR HAZE
[NO. OF DAYS WITH]      [WEATHER - DAYS WITH]      9 = BLOWING SNOW
                                                   X = TORNADO
MAX 32 OR BELOW:   0    0.01 INCH OR MORE:   8
MAX 90 OR ABOVE:   3    0.10 INCH OR MORE:   6
MIN 32 OR BELOW:   0    0.50 INCH OR MORE:   4
MIN  0 OR BELOW:   0    1.00 INCH OR MORE:   1

[HDD (BASE 65) ]
TOTAL THIS MO.    67    CLEAR  (SCALE 0-3)   0
DPTR FM NORMAL   -55    PTCLDY (SCALE 4-7)   0
TOTAL FM JUL 1    67    CLOUDY (SCALE 8-10)  0
DPTR FM NORMAL   -68

[CDD (BASE 65) ]
TOTAL THIS MO.    99
DPTR FM NORMAL    15    [PRESSURE DATA]
TOTAL FM JAN 1  2311    HIGHEST SLP 30.51 ON 18
DPTR FM NORMAL   153    LOWEST  SLP 29.66 ON 27

[REMARKS]
#FINAL-10-15#
