000
CXUS54 KLZK 131245
CF6LZK

PRELIMINARY LOCAL CLIMATOLOGICAL DATA (WS FORM: F-6)

                                          STATION:   NORTH LITTLE ROCK
                                          MONTH:     SEPTEMBER
                                          YEAR:      2015
                                          LATITUDE:   34 50 N
                                          LONGITUDE:  92 16 W

  TEMPERATURE IN F:       :PCPN:    SNOW:  WIND      :SUNSHINE: SKY     :PK WND
================================================================================
1   2   3   4   5  6A  6B    7    8   9   10  11  12  13   14  15   16   17  18
                                     12Z  AVG MX 2MIN
DY MAX MIN AVG DEP HDD CDD  WTR  SNW DPTH SPD SPD DIR MIN PSBL S-S WX    SPD DR
================================================================================

 1  92  71  82   2   0  17 0.00  0.0    0   M   M   M   M    M   M         M  M
 2  94  72  83   4   0  18 1.16  0.0    0   M   M   M   M    M   M 3       M  M
 3  94  71  83   4   0  18 0.00  0.0    0   M   M   M   M    M   M 8       M  M
 4  97  74  86   7   0  21 0.00  0.0    0   M   M   M   M    M   M         M  M
 5  96  74  85   7   0  20 0.19  0.0    0   M   M   M   M    M   M         M  M
 6  97  75  86   8   0  21 0.00  0.0    0   M   M   M   M    M   M         M  M
 7  96  73  85   7   0  20 0.00  0.0    0   M   M   M   M    M   M         M  M
 8  94  73  84   7   0  19 1.22  0.0    0   M   M   M   M    M   M         M  M
 9  79  69  74  -3   0   9 0.32  0.0    0   M   M   M   M    M   M         M  M
10  88  67  78   1   0  13 0.00  0.0    0   M   M   M   M    M   M         M  M
11  82  65  74  -2   0   9 0.00  0.0    0   M   M   M   M    M   M         M  M
12  76  57  67  -9   0   2 0.00  0.0    0   M   M   M   M    M   M         M  M
13  78  53  66 -10   0   1 0.00  0.0    0   M   M   M   M    M   M         M  M
14  83  59  71  -4   0   6 0.00  0.0    0   M   M   M   M    M   M         M  M
15  86  58  72  -3   0   7 0.00  0.0    0   M   M   M   M    M   M         M  M
16  89  65  77   3   0  12 0.02  0.0    0   M   M   M   M    M   M         M  M
17  91  68  80   6   0  15 0.00  0.0    0   M   M   M   M    M   M         M  M
18  94  70  82   8   0  17 0.00  0.0    0   M   M   M   M    M   M         M  M
19  85  68  77   4   0  12    T  0.0    0   M   M   M   M    M   M         M  M
20  76  62  69  -4   0   4 0.01  0.0    0   M   M   M   M    M   M         M  M
21  84  60  72   0   0   7 0.00  0.0    0   M   M   M   M    M   M         M  M
22  87  62  75   3   0  10 0.00  0.0    0   M   M   M   M    M   M         M  M
23  87  61  74   2   0   9 0.00  0.0    0   M   M   M   M    M   M         M  M
24  89  65  77   6   0  12 0.00  0.0    0   M   M   M   M    M   M         M  M
25  88  65  77   6   0  12 0.00  0.0    0   M   M   M   M    M   M         M  M
26  86  64  75   5   0  10 0.00  0.0    0   M   M   M   M    M   M         M  M
27  83  64  74   4   0   9 0.00  0.0    0   M   M   M   M    M   M         M  M
28  84  70  77   7   0  12 0.00  0.0    0   M   M   M   M    M   M         M  M
29  85  68  77   8   0  12    T  0.0    0   M   M   M   M    M   M 1       M  M
30  82  64  73   4   0   8 0.00  0.0    0   M   M   M   M    M   M         M  M
================================================================================
SM 2622 1987         0 362  2.92     0.0     M          M        M
================================================================================
AV 87.4 66.2                                 M FASTST   M    M -NAN   MAX(MPH)
                                 MISC ---->     M   M                  M    M
================================================================================
NOTES:
# LAST OF SEVERAL OCCURRENCES

COLUMN 17 PEAK WIND IN M.P.H.

PRELIMINARY LOCAL CLIMATOLOGICAL DATA (WS FORM: F-6) , PAGE 2

                                          STATION:  NORTH LITTLE ROCK
                                          MONTH:    SEPTEMBER
                                          YEAR:     2015
                                          LATITUDE:   34 50 N
                                          LONGITUDE:  92 16 W

[TEMPERATURE DATA]      [PRECIPITATION DATA]       SYMBOLS USED IN COLUMN 16

AVERAGE MONTHLY: 76.8   TOTAL FOR MONTH:   2.92    1 = FOG OR MIST
DPTR FM NORMAL:   2.3   DPTR FM NORMAL:   -0.39    2 = FOG REDUCING VISIBILITY
HIGHEST:    97 ON  6, 4 GRTST 24HR  1.54 ON  8- 9      TO 1/4 MILE OR LESS
LOWEST:     53 ON 13                               3 = THUNDER
                        SNOW, ICE PELLETS, HAIL    4 = ICE PELLETS
                        TOTAL MONTH:   0.0 INCH    5 = HAIL
                        GRTST 24HR     0.0         6 = FREEZING RAIN OR DRIZZLE
                        GRTST DEPTH:   0           7 = DUSTSTORM OR SANDSTORM:
                                                       VSBY 1/2 MILE OR LESS
                                                   8 = SMOKE OR HAZE
[NO. OF DAYS WITH]      [WEATHER - DAYS WITH]      9 = BLOWING SNOW
                                                   X = TORNADO
MAX 32 OR BELOW:   0    0.01 INCH OR MORE:   6
MAX 90 OR ABOVE:  10    0.10 INCH OR MORE:   4
MIN 32 OR BELOW:   0    0.50 INCH OR MORE:   2
MIN  0 OR BELOW:   0    1.00 INCH OR MORE:   2

[HDD (BASE 65) ]
TOTAL THIS MO.     0    CLEAR  (SCALE 0-3)   0
DPTR FM NORMAL   -13    PTCLDY (SCALE 4-7)   0
TOTAL FM JUL 1     0    CLOUDY (SCALE 8-10)  0
DPTR FM NORMAL   -13

[CDD (BASE 65) ]
TOTAL THIS MO.   362
DPTR FM NORMAL    65    [PRESSURE DATA]
TOTAL FM JAN 1  2212    HIGHEST SLP 30.22 ON 15
DPTR FM NORMAL   138    LOWEST  SLP 29.79 ON  8

[REMARKS]
#FINAL-09-15#
