000
CXUS54 KLZK 021032
CF6LZK

PRELIMINARY LOCAL CLIMATOLOGICAL DATA (WS FORM: F-6)

                                          STATION:   NORTH LITTLE ROCK
                                          MONTH:     MARCH
                                          YEAR:      2013
                                          LATITUDE:   34 50 N
                                          LONGITUDE:  92 16 W

  TEMPERATURE IN F:       :PCPN:    SNOW:  WIND      :SUNSHINE: SKY     :PK WND
================================================================================
1   2   3   4   5  6A  6B    7    8   9   10  11  12  13   14  15   16   17  18
                                     12Z  AVG MX 2MIN
DY MAX MIN AVG DEP HDD CDD  WTR  SNW DPTH SPD SPD DIR MIN PSBL S-S WX    SPD DR
================================================================================

 1  40  32  36 -13  29   0 0.01    T    0  6.4 12 340   M    M   M        18 340
 2  41  28  35 -15  30   0    T    T    0  6.4 12 330   M    M   M        16 340
 3  53  27  40 -10  25   0 0.00  0.0    0  6.0 10 150   M    M   M         M  M
 4  65  39  52   2  13   0 0.00  0.0    0  7.5 12 160   M    M   M        20 160
 5  59  39  49  -2  16   0 0.09  0.0    0  8.6 17 310   M    M   M 1      37 290
 6  50  31  41 -10  24   0 0.00  0.0    0  5.5 14 330   M    M   M        21 340
 7  55  37  46  -5  19   0 0.00  0.0    0  5.6 10  90   M    M   M         M  M
 8  60  37  49  -3  16   0 0.01  0.0    0  7.3 13  90   M    M   M        17  90
 9  73  49  61   9   4   0    T  0.0    0  9.4 17 150   M    M   M        23 150
10  62  40  51  -1  14   0 0.87  0.0    0 10.0 15 150   M    M   M        30 150
11  50  34  42 -10  23   0 0.00  0.0    0  7.7 13 260   M    M   M        22 290
12  62  37  50  -3  15   0 0.00  0.0    0  5.2  7 270   M    M   M         M  M
13  56  38  47  -6  18   0 0.00  0.0    0  5.4 10 320   M    M   M        17 320
14  69  40  55   2  10   0 0.00  0.0    0  7.2 13 210   M    M   M        18 210
15  78  52  65  11   0   0 0.00  0.0    0  9.3 17 200   M    M   M        24 220
16  78  58  68  14   0   3 0.00  0.0    0  8.7 16 210   M    M   M        27 210
17  64  44  54   0  11   0 0.01  0.0    0  8.1 15  50   M    M   M 1       M  M
18  61  46  54  -1  11   0 0.11  0.0    0  5.3 10 320   M    M   M 123    17  40
19  60  40  50  -5  15   0 0.00  0.0    0  7.2 15  50   M    M   M        17  90
20  58  39  49  -6  16   0 0.00  0.0    0  6.4 12 310   M    M   M        20 290
21  46  33  40 -16  25   0 0.41    T    0  9.8 16  70   M    M   M 4      21 130
22  43  35  39 -17  26   0 0.48  0.0    0  9.9 13  80   M    M   M        21  80
23  47  40  44 -12  21   0 0.03  0.0    0  8.1 12  40   M    M   M 12      M  M
24  45  33  39 -17  26   0 0.02  0.0    0  9.4 16 270   M    M   M        32 280
25  43  29  36 -21  29   0 0.00  0.0    0  8.3 15 280   M    M   M        25 310
26  48  29  39 -18  26   0 0.00  0.0    0  5.8 10 310   M    M   M        16 320
27  60  35  48  -9  17   0 0.00  0.0    0  6.5 10 120   M    M   M         M  M
28  71  43  57  -1   8   0 0.00  0.0    0  6.2 10 180   M    M   M        15 170
29  62  50  56  -2   9   0 0.39  0.0    0  4.6  9  60   M    M   M 13      M  M
30  58  52  55  -3  10   0 1.66  0.0    0  5.0  8  90   M    M   M 13      M  M
31  64  52  58   0   7   0 0.90  0.0    0  4.7 15  40   M    M   M 123    17 310
================================================================================
SM 1781 1218       513   3  4.99    T    221.5          M        M
================================================================================
AV 57.5 39.3                               7.1 FASTST   M    M   6    MAX(MPH)
                                 MISC ---->    17   M                 37    M
================================================================================
NOTES:
# LAST OF SEVERAL OCCURRENCES

COLUMN 17 PEAK WIND IN M.P.H.

PRELIMINARY LOCAL CLIMATOLOGICAL DATA (WS FORM: F-6) , PAGE 2

                                          STATION:  NORTH LITTLE ROCK
                                          MONTH:    MARCH
                                          YEAR:     2013
                                          LATITUDE:   34 50 N
                                          LONGITUDE:  92 16 W

[TEMPERATURE DATA]      [PRECIPITATION DATA]       SYMBOLS USED IN COLUMN 16

AVERAGE MONTHLY: 48.4   TOTAL FOR MONTH:   4.99    1 = FOG OR MIST
DPTR FM NORMAL:  -5.5   DPTR FM NORMAL:    0.22    2 = FOG REDUCING VISIBILITY
HIGHEST:    78 ON 16,15 GRTST 24HR  1.99 ON 30-31      TO 1/4 MILE OR LESS
LOWEST:     27 ON  3                               3 = THUNDER
                        SNOW, ICE PELLETS, HAIL    4 = ICE PELLETS
                        TOTAL MONTH:    T          5 = HAIL
                        GRTST 24HR    T  ON 21-21  6 = FREEZING RAIN OR DRIZZLE
                        GRTST DEPTH:   0           7 = DUSTSTORM OR SANDSTORM:
                                                       VSBY 1/2 MILE OR LESS
                                                   8 = SMOKE OR HAZE
[NO. OF DAYS WITH]      [WEATHER - DAYS WITH]      9 = BLOWING SNOW
                                                   X = TORNADO
MAX 32 OR BELOW:   0    0.01 INCH OR MORE:  13
MAX 90 OR ABOVE:   0    0.10 INCH OR MORE:   7
MIN 32 OR BELOW:   6    0.50 INCH OR MORE:   3
MIN  0 OR BELOW:   0    1.00 INCH OR MORE:   1

[HDD (BASE 65) ]
TOTAL THIS MO.   513    CLEAR  (SCALE 0-3)   0
DPTR FM NORMAL   153    PTCLDY (SCALE 4-7)   0
TOTAL FM JUL 1  2782    CLOUDY (SCALE 8-10)  0
DPTR FM NORMAL   -64

[CDD (BASE 65) ]
TOTAL THIS MO.     3
DPTR FM NORMAL   -14    [PRESSURE DATA]
TOTAL FM JAN 1     5    HIGHEST SLP 30.45 ON 13
DPTR FM NORMAL   -14    LOWEST  SLP 29.60 ON 24

[REMARKS]
#FINAL-03-13#
