000
CXUS54 KLZK 051422
CF6LZK

PRELIMINARY LOCAL CLIMATOLOGICAL DATA (WS FORM: F-6)

                                          STATION:   NORTH LITTLE ROCK
                                          MONTH:     JANUARY
                                          YEAR:      2013
                                          LATITUDE:   34 50 N
                                          LONGITUDE:  92 16 W

  TEMPERATURE IN F:       :PCPN:    SNOW:  WIND      :SUNSHINE: SKY     :PK WND
================================================================================
1   2   3   4   5  6A  6B    7    8   9   10  11  12  13   14  15   16   17  18
                                     12Z  AVG MX 2MIN
DY MAX MIN AVG DEP HDD CDD  WTR  SNW DPTH SPD SPD DIR MIN PSBL S-S WX    SPD DR
================================================================================

 1  39  36  38  -3  27   0 0.01  0.0    0  5.0  8  40   M    M   M 1       M  M
 2  37  29  33  -8  32   0 0.00  0.0    0  4.4  8  40   M    M   M         M  M
 3  44  28  36  -5  29   0 0.00  0.0    0  5.1  9 330   M    M   M         M  M
 4  45  30  38  -3  27   0 0.00  0.0    0  3.4  7 290   M    M   M         M  M
 5  49  35  42   1  23   0 0.01    T    0  4.4  8 180   M    M   M 14      M  M
 6  51  35  43   2  22   0 0.00  0.0    0  4.4  7  30   M    M   M         M  M
 7  47  30  39  -2  26   0 0.00  0.0    0  4.7 13  70   M    M   M         M  M
 8  52  33  43   2  22   0 0.02  0.0    0  4.1  8  70   M    M   M         M  M
 9  52  47  50   9  15   0 1.36  0.0    0 11.8 21  50   M    M   M 12     24  50
10  64  50  57  16   8   0 0.24  0.0    0 11.1 21 120   M    M   M 12     31 120
11  64  46  55  14  10   0 0.00  0.0    0  6.0 12 190   M    M   M        17 190
12  73  42  58  17   7   0 1.50  0.0    0  8.0 17 330   M    M   M 123    28 330
13  42  28  35  -6  30   0 0.36    T    0  9.2 15  30   M    M   M 4      22 320
14  35  23  29 -12  36   0    T    T    0  9.9 14  30   M    M   M        25  30
15  30  23  27 -14  38   0 0.08  0.4    0  9.5 14  30   M    M   M 46     20 320
16  44  30  37  -4  28   0    T    T    T  4.6 10 330   M    M   M         M  M
17  53  30  42   1  23   0 0.00  0.0    0  6.4 10 320   M    M   M        16 360
18  52  32  42   1  23   0 0.00  0.0    0  5.1  8 140   M    M   M         M  M
19  61  34  48   7  17   0 0.00  0.0    0  7.3 14 210   M    M   M        20 210
20  58  40  49   8  16   0 0.00  0.0    0  6.3 14  50   M    M   M        20  50
21  46  30  38  -3  27   0 0.00  0.0    0  7.0 14  60   M    M   M        20  20
22  40  26  33  -8  32   0 0.00  0.0    0  6.3  9  90   M    M   M         M  M
23  60  29  45   4  20   0 0.00  0.0    0  3.1  7 190   M    M   M         M  M
24  51  32  42   1  23   0 0.00  0.0    0 11.7 20  60   M    M   M        28  60
25  50  31  41   0  24   0    T  0.0    0  4.3  8 330   M    M   M         M  M
26  48  35  42   0  23   0    T  0.0    0  5.6 12  60   M    M   M 1       M  M
27  60  44  52  10  13   0 0.00  0.0    0  6.9 10 170   M    M   M 1       M  M
28  73  60  67  25   0   2 0.01  0.0    0 11.6 16 200   M    M   M        27 190
29  71  55  63  21   2   0 0.82  0.0    0 12.4 21 180   M    M   M 13     29 180
30  55  34  45   3  20   0 0.03  0.0    0  7.4 13 290   M    M   M        29 280
31  61  28  45   3  20   0 0.00  0.0    0  6.0 13 200   M    M   M        21 200
================================================================================
SM 1607 1085       663   2  4.44     0.4 213.0          M        M
================================================================================
AV 51.8 35.0                               6.9 FASTST   M    M   0    MAX(MPH)
                                 MISC ---->    21   M                 31    M
================================================================================
NOTES:
# LAST OF SEVERAL OCCURRENCES

COLUMN 17 PEAK WIND IN M.P.H.

PRELIMINARY LOCAL CLIMATOLOGICAL DATA (WS FORM: F-6) , PAGE 2

                                          STATION:  NORTH LITTLE ROCK
                                          MONTH:    JANUARY
                                          YEAR:     2013
                                          LATITUDE:   34 50 N
                                          LONGITUDE:  92 16 W

[TEMPERATURE DATA]      [PRECIPITATION DATA]       SYMBOLS USED IN COLUMN 16

AVERAGE MONTHLY: 43.4   TOTAL FOR MONTH:   4.44    1 = FOG OR MIST
DPTR FM NORMAL:   2.3   DPTR FM NORMAL:    1.02    2 = FOG REDUCING VISIBILITY
HIGHEST:    73 ON 28,12 GRTST 24HR  1.75 ON 12-13      TO 1/4 MILE OR LESS
LOWEST:     23 ON 15,14                            3 = THUNDER
                        SNOW, ICE PELLETS, HAIL    4 = ICE PELLETS
                        TOTAL MONTH:   0.4 INCH    5 = HAIL
                        GRTST 24HR   0.4 ON 15     6 = FREEZING RAIN OR DRIZZLE
                        GRTST DEPTH:   T           7 = DUSTSTORM OR SANDSTORM:
                                                       VSBY 1/2 MILE OR LESS
                                                   8 = SMOKE OR HAZE
[NO. OF DAYS WITH]      [WEATHER - DAYS WITH]      9 = BLOWING SNOW
                                                   X = TORNADO
MAX 32 OR BELOW:   1    0.01 INCH OR MORE:  11
MAX 90 OR ABOVE:   0    0.10 INCH OR MORE:   5
MIN 32 OR BELOW:  16    0.50 INCH OR MORE:   3
MIN  0 OR BELOW:   0    1.00 INCH OR MORE:   2

[HDD (BASE 65) ]
TOTAL THIS MO.   663    CLEAR  (SCALE 0-3)   0
DPTR FM NORMAL   -78    PTCLDY (SCALE 4-7)   0
TOTAL FM JUL 1  1697    CLOUDY (SCALE 8-10)  0
DPTR FM NORMAL  -236

[CDD (BASE 65) ]
TOTAL THIS MO.     2
DPTR FM NORMAL     1    [PRESSURE DATA]
TOTAL FM JAN 1     2    HIGHEST SLP 30.56 ON 18
DPTR FM NORMAL     2    LOWEST  SLP 29.47 ON 29

[REMARKS]
#FINAL-01-13#
