000
CXUS54 KLZK 060645
CF6LZK
PRELIMINARY LOCAL CLIMATOLOGICAL DATA (WS FORM: F-6)

                                          STATION:   North Little Rock
                                          MONTH:     MAY
                                          YEAR:      2013
                                          LATITUDE:   34 50 N
                                          LONGITUDE:  92 16 W

  TEMPERATURE IN F:       :PCPN:    SNOW:  WIND      :SUNSHINE: SKY     :PK WND
================================================================================
1   2   3   4   5  6A  6B    7    8   9   10  11  12  13   14  15   16   17  18
                                     12Z  AVG MX 2MIN
DY MAX MIN AVG DEP HDD CDD  WTR  SNW DPTH SPD SPD DIR MIN PSBL S-S WX    SPD DR
================================================================================

 1  73  61  67   0   0   2 0.03  0.0    0  6.4 14  70   M    M   M        17 100
 2  70  46  58  -9   7   0 0.08  0.0    0  6.6 13 330   M    M   M 1      24 330
 3  48  39  44 -24  21   0 0.04  0.0    0  7.1 14 330   M    M   M 1      22 330
 4  49  40  45 -23  20   0 0.08  0.0    0  4.0  7  30   M    M   M         M  M
 5  62  40  51 -17  14   0    T  0.0    0  6.1 10 340   M    M   M        17 320
 6  70  51  61  -7   4   0 0.00  0.0    0  6.2 14 330   M    M   M        21 320
 7  77  57  67  -2   0   2 0.00  0.0    0  4.6  8 330   M    M   M         M  M
 8  82  61  72   3   0   7 0.00  0.0    0  4.6  8 140   M    M   M         M  M
 9  78  65  72   3   0   7 0.43  0.0    0  7.0 13 190   M    M   M 3      23 180
10  77  64  71   2   0   6 0.28  0.0    0  3.0  6 330   M    M   M 1       M  M
11  76  57  67  -3   0   2 0.00  0.0    0  6.1 10 350   M    M   M        15 350
12  70  51  61  -9   4   0 0.00  0.0    0  5.5 12  20   M    M   M        15 350
13  80  52  66  -4   0   1 0.00  0.0    0  6.0 14 200   M    M   M        24 200
14  87  59  73   3   0   8 0.00  0.0    0  8.0 12 220   M    M   M        18 210
15  82  62  72   1   0   7    T  0.0    0  8.2 13 200   M    M   M        22 200
16  71  63  67  -4   0   2 0.75  0.0    0  5.6  9 190   M    M   M         M  M
17  81  66  74   3   0   9 0.03  0.0    0  2.1  7  90   M    M   M 1       M  M
18  86  71  79   7   0  14 0.00  0.0    0  4.8  9 200   M    M   M 1       M  M
19  88  71  80   8   0  15 0.00  0.0    0  9.4 15 180   M    M   M 1      24 180
20  88  65  77   5   0  12 0.19  0.0    0 10.3 16 200   M    M   0 13     32 280
21  70  63  67  -5   0   2 2.51  0.0    0  6.6 13 150   M    M   M 13     23 150
22  80  61  71  -1   0   6 0.00  0.0    0  4.4  8 230   M    M   M         M  M
23  81  64  73   0   0   8 0.00  0.0    0  3.9  8  40   M    M   M         M  M
24  75  60  68  -5   0   3 0.00  0.0    0  9.8 16  50   M    M   M        17  50
25  81  57  69  -4   0   4 0.00  0.0    0  5.9  9 170   M    M   M         M  M
26  85  64  75   1   0  10 0.20  0.0    0  4.7  8 170   M    M   M 13      M  M
27  85  68  77   3   0  12 0.00  0.0    0  9.4 15 200   M    M   M        20 220
28  87  69  78   4   0  13 0.00  0.0    0  9.7 13 200   M    M   M        22 190
29  87  71  79   5   0  14 0.00  0.0    0  9.6 14 140   M    M   M        21 160
30  83  67  75   0   0  10 1.68  0.0    0  9.5 16 200   M    M   M 13     28 180
31  87  70  79   4   0  14 0.16  0.0    0 10.8 17 200   M    M   M        24 200
================================================================================
SM 2396 1855        70 190  6.46     0.0 205.9          M        0
================================================================================
AV 77.3 59.8                               6.6 FASTST   M    M   0    MAX(MPH)
                                 MISC ---->    17   M                 32    M
================================================================================
NOTES:
# LAST OF SEVERAL OCCURRENCES

COLUMN 17 PEAK WIND IN M.P.H.

PRELIMINARY LOCAL CLIMATOLOGICAL DATA (WS FORM: F-6) , PAGE 2

                                          STATION:  North Little Rock
                                          MONTH:    MAY
                                          YEAR:     2013
                                          LATITUDE:   34 50 N
                                          LONGITUDE:  92 16 W

[TEMPERATURE DATA]      [PRECIPITATION DATA]       SYMBOLS USED IN COLUMN 16

AVERAGE MONTHLY: 68.6   TOTAL FOR MONTH:   6.46    1 = FOG OR MIST
DPTR FM NORMAL:  -2.3   DPTR FM NORMAL:    1.50    2 = FOG REDUCING VISIBILITY
HIGHEST:    88 ON 20,19 GRTST 24HR  2.51 ON 21-21      TO 1/4 MILE OR LESS
LOWEST:     39 ON  3                               3 = THUNDER
                        SNOW, ICE PELLETS, HAIL    4 = ICE PELLETS
                        TOTAL MONTH:   0.0 INCH    5 = HAIL
                        GRTST 24HR     0.0         6 = FREEZING RAIN OR DRIZZLE
                        GRTST DEPTH:   0           7 = DUSTSTORM OR SANDSTORM:
                                                       VSBY 1/2 MILE OR LESS
                                                   8 = SMOKE OR HAZE
[NO. OF DAYS WITH]      [WEATHER - DAYS WITH]      9 = BLOWING SNOW
                                                   X = TORNADO
MAX 32 OR BELOW:   0    0.01 INCH OR MORE:  13
MAX 90 OR ABOVE:   0    0.10 INCH OR MORE:   8
MIN 32 OR BELOW:   0    0.50 INCH OR MORE:   3
MIN  0 OR BELOW:   0    1.00 INCH OR MORE:   2

[HDD (BASE 65) ]
TOTAL THIS MO.    70    CLEAR  (SCALE 0-3)   1
DPTR FM NORMAL    47    PTCLDY (SCALE 4-7)   0
TOTAL FM JUL 1  3045    CLOUDY (SCALE 8-10)  0
DPTR FM NORMAL    40

[CDD (BASE 65) ]
TOTAL THIS MO.   190
DPTR FM NORMAL   -17    [PRESSURE DATA]
TOTAL FM JAN 1   251    HIGHEST SLP 30.31 ON 24
DPTR FM NORMAL   -45    LOWEST  SLP 29.66 ON 21

[REMARKS]
#FINAL-05-13#
