000
CXUS54 KLZK 311439
CF6LZK
PRELIMINARY LOCAL CLIMATOLOGICAL DATA (WS FORM: F-6)

                                          STATION:   North Little Rock
                                          MONTH:     DECEMBER
                                          YEAR:      2012
                                          LATITUDE:   34 50 N
                                          LONGITUDE:  92 16 W

  TEMPERATURE IN F:       :PCPN:    SNOW:  WIND      :SUNSHINE: SKY     :PK WND
================================================================================
1   2   3   4   5  6A  6B    7    8   9   10  11  12  13   14  15   16   17  18
                                     12Z  AVG MX 2MIN
DY MAX MIN AVG DEP HDD CDD  WTR  SNW DPTH SPD SPD DIR MIN PSBL S-S WX    SPD DR
================================================================================

 1  74  55  65  18   0   0 0.00  0.0    0  7.1 12 170   M    M   M        22 200
 2  72  63  68  22   0   3 0.00  0.0    0  8.5 13 190   M    M   M        18 180
 3  74  61  68  22   0   3    T  0.0    0  8.4 15 160   M    M   M        23 160
 4  68  50  59  13   6   0 0.53  0.0    0  9.3 17  40   M    M   M 13     27  40
 5  63  44  54   9  11   0 0.00  0.0    0  9.3 17  60   M    M   M        28  60
 6  62  52  57  12   8   0 0.00  0.0    0  4.7  9 160   M    M   M         M  M
 7  62  56  59  14   6   0 0.00  0.0    0  3.9  8 200   M    M   M 1       M  M
 8  68  58  63  19   2   0 0.65  0.0    0  3.2  8 160   M    M   M 13      M  M
 9  71  50  61  17   4   0 0.91  0.0    0  7.8 13 340   M    M   M        20 190
10  50  30  40  -4  25   0    T    T    0  8.7 14 330   M    M   M 4      22 330
11  45  26  36  -8  29   0 0.00  0.0    0  2.7  6 330   M    M   M         M  M
12  51  30  41  -3  24   0 0.00  0.0    0  3.7  7 130   M    M   M         M  M
13  55  34  45   2  20   0 0.00  0.0    0  2.8  7 180   M    M   M         M  M
14  59  37  48   5  17   0 0.09  0.0    0  6.6 13 160   M    M   M         M  M
15  69  49  59  16   6   0 0.17  0.0    0  9.3 14 210   M    M   M        23 210
16  59  52  56  13   9   0 0.00  0.0    0  5.7  9 210   M    M   M        17 210
17  55  45  50   8  15   0    T  0.0    0  6.3 12 310   M    M   M 1      18 310
18  66  37  52  10  13   0 0.00  0.0    0  5.6 10 200   M    M   M        18 190
19  67  48  58  16   7   0    T  0.0    0  7.4 13 160   M    M   M        22 170
20  68  37  53  11  12   0 0.76  0.0    0 11.4 20 270   M    M   M 13     37 270
21  52  33  43   1  22   0 0.00  0.0    0  4.7  9 280   M    M   M        17 270
22  62  33  48   6  17   0 0.00  0.0    0  5.2 10 190   M    M   M         M  M
23  59  48  54  12  11   0 0.00  0.0    0  6.4 10 200   M    M   M         M  M
24  58  43  51   9  14   0 0.00  0.0    0  6.1 13  50   M    M   M        20  30
25  43  30  37  -4  28   0 1.24  8.6    0 15.9 23  20   M    M   M 13469  40  20
26  34  26  30 -11  35   0 0.10  1.7    9  7.3 14 330   M    M   M 129    25 320
27  32  28  30 -11  35   0 0.00  0.0    7  4.7  9 120   M    M   M         M  M
28  35  31  33  -8  32   0 0.35  0.0    5  6.0 10  20   M    M   M 16      M  M
29  34  27  31 -10  34   0 0.00  0.0    3  6.3 12 300   M    M   M        18 300
30  38  22  30 -11  35   0 0.00  0.0    3  3.9  6 130   M    M   M         M  M
================================================================================
SM 1705 1235       477   6  4.80    10.3 198.9          M        M
================================================================================
AV 56.8 41.2                               6.6 FASTST   M    M   0    MAX(MPH)
                                 MISC ---->  # 23  20                 40    M
================================================================================
NOTES:
# LAST OF SEVERAL OCCURRENCES

COLUMN 17 PEAK WIND IN M.P.H.

PRELIMINARY LOCAL CLIMATOLOGICAL DATA (WS FORM: F-6) , PAGE 2

                                          STATION:  North Little Rock
                                          MONTH:    DECEMBER
                                          YEAR:     2012
                                          LATITUDE:   34 50 N
                                          LONGITUDE:  92 16 W

[TEMPERATURE DATA]      [PRECIPITATION DATA]       SYMBOLS USED IN COLUMN 16

AVERAGE MONTHLY: 49.0   TOTAL FOR MONTH:   4.80    1 = FOG OR MIST
DPTR FM NORMAL:   5.9   DPTR FM NORMAL:   -0.08    2 = FOG REDUCING VISIBILITY
HIGHEST:    74 ON  3, 1 GRTST 24HR  1.24 ON 25-25      TO 1/4 MILE OR LESS
LOWEST:     22 ON 30                               3 = THUNDER
                        SNOW, ICE PELLETS, HAIL    4 = ICE PELLETS
                        TOTAL MONTH:  10.3 INCHES  5 = HAIL
                        GRTST 24HR   8.6 ON   M    6 = FREEZING RAIN OR DRIZZLE
                        GRTST DEPTH:   9 ON 26     7 = DUSTSTORM OR SANDSTORM:
                                                       VSBY 1/2 MILE OR LESS
                                                   8 = SMOKE OR HAZE
[NO. OF DAYS WITH]      [WEATHER - DAYS WITH]      9 = BLOWING SNOW
                                                   X = TORNADO
MAX 32 OR BELOW:   1    0.01 INCH OR MORE:   9
MAX 90 OR ABOVE:   0    0.10 INCH OR MORE:   8
MIN 32 OR BELOW:   9    0.50 INCH OR MORE:   5
MIN  0 OR BELOW:   0    1.00 INCH OR MORE:   1

[HDD (BASE 65) ]
TOTAL THIS MO.   477    CLEAR  (SCALE 0-3)   0
DPTR FM NORMAL  -180    PTCLDY (SCALE 4-7)   0
TOTAL FM JUL 1  1006    CLOUDY (SCALE 8-10)  0
DPTR FM NORMAL  -163

[CDD (BASE 65) ]
TOTAL THIS MO.     6
DPTR FM NORMAL     6    [PRESSURE DATA]
TOTAL FM JAN 1  2724    HIGHEST SLP M ON M
DPTR FM NORMAL   555    LOWEST  SLP M ON M

[REMARKS]
