000
CXUS54 KLZK 091648
CF6LZK
PRELIMINARY LOCAL CLIMATOLOGICAL DATA (WS FORM: F-6)
STATION: NORTH LITTLE ROCK
MONTH: JULY
YEAR: 2021
LATITUDE: 34 50 N
LONGITUDE: 92 16 W
TEMPERATURE IN F: :PCPN: SNOW: WIND :SUNSHINE: SKY :PK WND
================================================================================
1 2 3 4 5 6A 6B 7 8 9 10 11 12 13 14 15 16 17 18
12Z AVG MX 2MIN
DY MAX MIN AVG DEP HDD CDD WTR SNW DPTH SPD SPD DIR MIN PSBL S-S WX SPD DR
================================================================================
1 85 73 79 -1 0 14 0.28 0.0 0 3.0 8 240 M M 3 13 13 260
2 84 68 76 -5 0 11 T 0.0 0 7.9 16 20 M M 5 15 50
3 84 64 74 -7 0 9 0.00 0.0 0 5.9 10 70 M M 1 17 20
4 86 62 74 -7 0 9 0.00 0.0 0 4.1 8 110 M M 0 20 110
5 90 66 78 -3 0 13 0.00 0.0 0 4.2 13 110 M M M 17 60
6 93 70 82 1 0 17 0.00 0.0 0 5.1 15 90 M M M 19 90
7 92 72 82 1 0 17 0.00 0.0 0 3.3 12 200 M M M 17 220
8 94 73 84 3 0 19 0.00 0.0 0 4.4 12 220 M M M 3 16 270
9 92 76 84 3 0 19 0.00 0.0 0 7.0 17 220 M M M 23 220
10 90 67 79 -2 0 14 0.43 0.0 0 8.0 20 340 M M M 13 32 340
11 82 66 74 -7 0 9 0.20 0.0 0 5.2 14 220 M M 0 13 21 240
12 85 66 76 -5 0 11 T 0.0 0 3.0 10 320 M M M 14 220
13 90 68 79 -2 0 14 0.00 0.0 0 3.0 9 340 M M M 13 300
14 91 73 82 0 0 17 0.00 0.0 0 5.7 16 200 M M M 23 180
15 91 73 82 0 0 17 0.00 0.0 0 5.6 15 340 M M M 22 300
16 83 71 77 -5 0 12 T 0.0 0 5.6 15 340 M M M 22 300
17 82 70 76 -6 0 11 0.36 0.0 0 4.2 20 130 M M 0 3 31 150
18 84 71 78 -4 0 13 0.42 0.0 0 2.9 13 30 M M 0 3 16 360
19 83 70 77 -5 0 12 0.01 0.0 0 5.1 19 90 M M 0 27 90
20 87 69 78 -4 0 13 0.00 0.0 0 7.7 18 60 M M 0 24 90
21 88 69 79 -3 0 14 0.00 0.0 0 5.9 14 60 M M M 17 60
22 88 72 80 -2 0 15 0.27 0.0 0 2.8 15 150 M M 0 13 20 150
23 90 73 82 0 0 17 0.20 0.0 0 2.4 12 300 M M 0 17 320
24 92 75 84 2 0 19 T 0.0 0 2.9 9 240 M M M 15 200
25 94 74 84 2 0 19 1.31 0.0 0 2.6 17 60 M M 0 3 21 60
26 93 74 84 2 0 19 0.00 0.0 0 2.5 10 200 M M M 3 16 180
27 94 76 85 3 0 20 0.00 0.0 0 2.8 9 130 M M M 12 90
28 96 76 86 4 0 21 0.00 0.0 0 3.0 11 110 M M M 17 90
29 93 76 85 3 0 20 0.00 0.0 0 2.2 7 340 M M M 10 360
30 94 77 86 4 0 21 0.00 0.0 0 2.6 9 360 M M M 13 360
31 96 76 86 4 0 21 0.00 0.0 0 3.1 12 340 M M M 16 340
================================================================================
SM 2766 2206 0 477 3.48 0.0 133.7 M 9
================================================================================
AV 89.2 71.2 4.3 FASTST M M 1 MAX(MPH)
MISC ----> # 20 340 32 340
================================================================================
NOTES:
# LAST OF SEVERAL OCCURRENCES
COLUMN 17 PEAK WIND IN M.P.H.
PRELIMINARY LOCAL CLIMATOLOGICAL DATA (WS FORM: F-6) , PAGE 2
STATION: NORTH LITTLE ROCK
MONTH: JULY
YEAR: 2021
LATITUDE: 34 50 N
LONGITUDE: 92 16 W
[TEMPERATURE DATA] [PRECIPITATION DATA] SYMBOLS USED IN COLUMN 16
AVERAGE MONTHLY: 80.2 TOTAL FOR MONTH: 3.48 1 = FOG OR MIST
DPTR FM NORMAL: -1.2 DPTR FM NORMAL: -0.44 2 = FOG REDUCING VISIBILITY
HIGHEST: 96 ON 28,31 GRTST 24HR 1.31 ON 25-25 TO 1/4 MILE OR LESS
LOWEST: 62 ON 4 3 = THUNDER
SNOW, ICE PELLETS, HAIL 4 = ICE PELLETS
TOTAL MONTH: 0.0 INCH 5 = HAIL
GRTST 24HR 0.0 6 = FREEZING RAIN OR DRIZZLE
GRTST DEPTH: 0 7 = DUSTSTORM OR SANDSTORM:
VSBY 1/2 MILE OR LESS
8 = SMOKE OR HAZE
[NO. OF DAYS WITH] [WEATHER - DAYS WITH] 9 = BLOWING SNOW
X = TORNADO
MAX 32 OR BELOW: 0 0.01 INCH OR MORE: 9
MAX 90 OR ABOVE: 18 0.10 INCH OR MORE: 8
MIN 32 OR BELOW: 0 0.50 INCH OR MORE: 1
MIN 0 OR BELOW: 0 1.00 INCH OR MORE: 1
[HDD (BASE 65) ]
TOTAL THIS MO. 0 CLEAR (SCALE 0-3) 11
DPTR FM NORMAL 0 PTCLDY (SCALE 4-7) 1
TOTAL FM JUL 1 0 CLOUDY (SCALE 8-10) 19
DPTR FM NORMAL 0
[CDD (BASE 65) ]
TOTAL THIS MO. 477
DPTR FM NORMAL -33 [PRESSURE DATA]
TOTAL FM JAN 1 1035 HIGHEST SLP M ON M
DPTR FM NORMAL -121 LOWEST SLP M ON M
[REMARKS]
#FINAL-07-21#