000
CXUS53 KMKX 011533
CF6MKE
PRELIMINARY LOCAL CLIMATOLOGICAL DATA (WS FORM: F-6)
STATION: MILWAUKEE WI
MONTH: APRIL
YEAR: 2020
LATITUDE: 42 57 N
LONGITUDE: 87 54 W
TEMPERATURE IN F: :PCPN: SNOW: WIND :SUNSHINE: SKY :PK WND
================================================================================
1 2 3 4 5 6A 6B 7 8 9 10 11 12 13 14 15 16 17 18
12Z AVG MX 2MIN
DY MAX MIN AVG DEP HDD CDD WTR SNW DPTH SPD SPD DIR MIN PSBL S-S WX SPD DR
================================================================================
1 47 34 41 1 24 0 0.00 0.0 0 6.9 16 20 M M 6 21 20
2 51 31 41 0 24 0 0.00 0.0 0 4.1 13 110 M M 3 16 110
3 57 40 49 8 16 0 0.01 0.0 0 6.4 17 290 M M 8 22 290
4 48 35 42 0 23 0 0.02 0.0 0 9.5 18 300 M M 7 1 26 320
5 46 32 39 -3 26 0 0.00 0.0 0 4.8 13 40 M M 5 1 17 50
6 57 30 44 2 21 0 T 0.0 0 5.3 16 140 M M 7 18 19 140
7 79 43 61 19 4 0 T 0.0 0 7.2 24 240 M M 6 38 38 240
8 64 44 54 11 11 0 0.26 0.0 0 7.3 21 310 M M 7 128 29 320
9 47 36 42 -1 23 0 T T 0 16.8 33 300 M M 3 8 52 310
10 48 33 41 -3 24 0 0.00 0.0 0 9.9 17 320 M M 5 28 360
11 58 35 47 3 18 0 0.11 0.0 0 7.6 22 130 M M 9 1 29 130
12 54 37 46 2 19 0 0.12 0.0 0 10.1 24 20 M M 9 18 31 20
13 43 34 39 -6 26 0 0.02 T 0 17.7 24 300 M M 8 40 300
14 39 29 34 -11 31 0 0.01 0.1 0 11.7 25 250 M M 7 8 34 240
15 38 26 32 -13 33 0 T T T 7.1 17 300 M M 7 23 300
16 47 26 37 -9 28 0 0.00 0.0 0 8.2 21 290 M M 4 29 300
17 44 36 40 -6 25 0 T T 0 6.7 14 220 M M 8 1 19 210
18 60 36 48 2 17 0 0.00 0.0 0 17.5 33 220 M M 2 47 210
19 56 38 47 0 18 0 0.00 0.0 0 10.6 24 40 M M 3 35 300
20 64 38 51 4 14 0 0.04 0.0 0 14.3 39 290 M M 4 5 69 300
21 49 33 41 -7 24 0 0.00 0.0 0 13.7 28 320 M M 2 40 330
22 45 37 41 -7 24 0 0.17 0.0 0 12.0 21 110 M M 9 1 30 70
23 43 40 42 -6 23 0 0.16 0.0 0 9.7 16 20 M M 10 18 23 30
24 46 38 42 -7 23 0 T 0.0 0 8.1 17 30 M M 9 18 22 30
25 49 40 45 -4 20 0 0.00 0.0 0 11.6 18 10 M M 9 28 20
26 59 41 50 1 15 0 0.00 0.0 0 10.6 20 10 M M 5 27 360
27 63 37 50 0 15 0 0.33 0.0 0 6.4 22 210 M M 6 1 32 210
28 58 37 48 -2 17 0 0.91 0.0 0 5.8 14 130 M M 7 1238 19 140
29 53 42 48 -2 17 0 1.15 0.0 0 15.7 32 350 M M 10 12 49 320
30 52 39 46 -5 19 0 0.57 0.0 0 12.3 30 340 M M 6 1 43 330
================================================================================
SM 1564 1077 622 0 3.88 0.1 295.6 M 191
================================================================================
AV 52.1 35.9 9.9 FASTST M M 6 MAX(MPH)
MISC ----> # 39 290 # 69 300
================================================================================
NOTES:
# LAST OF SEVERAL OCCURRENCES
COLUMN 17 PEAK WIND IN M.P.H.
PRELIMINARY LOCAL CLIMATOLOGICAL DATA (WS FORM: F-6) , PAGE 2
STATION: MILWAUKEE WI
MONTH: APRIL
YEAR: 2020
LATITUDE: 42 57 N
LONGITUDE: 87 54 W
[TEMPERATURE DATA] [PRECIPITATION DATA] SYMBOLS USED IN COLUMN 16
AVERAGE MONTHLY: 44.0 TOTAL FOR MONTH: 3.88 1 = FOG OR MIST
DPTR FM NORMAL: -1.6 DPTR FM NORMAL: 0.32 2 = FOG REDUCING VISIBILITY
HIGHEST: 79 ON 7 GRTST 24HR 1.15 ON 29-29 TO 1/4 MILE OR LESS
LOWEST: 26 ON 16,15 3 = THUNDER
SNOW, ICE PELLETS, HAIL 4 = ICE PELLETS
TOTAL MONTH: 0.1 INCH 5 = HAIL
GRTST 24HR 0.1 ON 14-14 6 = FREEZING RAIN OR DRIZZLE
GRTST DEPTH: T 7 = DUSTSTORM OR SANDSTORM:
VSBY 1/2 MILE OR LESS
8 = SMOKE OR HAZE
[NO. OF DAYS WITH] [WEATHER - DAYS WITH] 9 = BLOWING SNOW
X = TORNADO
MAX 32 OR BELOW: 0 0.01 INCH OR MORE: 14
MAX 90 OR ABOVE: 0 0.10 INCH OR MORE: 9
MIN 32 OR BELOW: 6 0.50 INCH OR MORE: 3
MIN 0 OR BELOW: 0 1.00 INCH OR MORE: 1
[HDD (BASE 65) ]
TOTAL THIS MO. 622 CLEAR (SCALE 0-3) 4
DPTR FM NORMAL 34 PTCLDY (SCALE 4-7) 16
TOTAL FM JUL 1 5926 CLOUDY (SCALE 8-10) 10
DPTR FM NORMAL -571
[CDD (BASE 65) ]
TOTAL THIS MO. 0
DPTR FM NORMAL -5 [PRESSURE DATA]
TOTAL FM JAN 1 0 HIGHEST SLP 30.30 ON 16
DPTR FM NORMAL -5 LOWEST SLP 29.41 ON 12
[REMARKS]
#FINAL-04-20#