000
CDUS43 KMKX 012203
CLIMKE


CLIMATE REPORT
NATIONAL WEATHER SERVICE IN MILWAUKEE
502 PM CDT TUE SEP 1 2015


...................................

...THE MILWAUKEE WI CLIMATE SUMMARY FOR SEPTEMBER 1 2015...
VALID TODAY AS OF 0500 PM LOCAL TIME.

CLIMATE NORMAL PERIOD 1981 TO 2010
CLIMATE RECORD PERIOD 1871 TO 2015


WEATHER ITEM   OBSERVED TIME   RECORD YEAR NORMAL DEPARTURE LAST
                VALUE   (LST)  VALUE       VALUE  FROM      YEAR
                                                  NORMAL
..................................................................
TEMPERATURE (F)
 TODAY
  MAXIMUM         90    256 PM  98    1953  76     14       82
  MINIMUM         66    328 AM  43    1949  61      5       69
                                      1909
  AVERAGE         78                        68     10       76

PRECIPITATION (IN)
  TODAY            0.00          0.99 1897   0.11  -0.11     0.02
  MONTH TO DATE    0.00                      0.11  -0.11     0.02
  SINCE SEP 1      0.00                      0.11  -0.11     0.02
  SINCE JAN 1     17.75                     24.29  -6.54    25.31

SNOWFALL (IN)
  TODAY            0.0           0.0    MM   0.0    0.0      0.0
  MONTH TO DATE    0.0                       0.0    0.0      0.0
  SINCE SEP 1      0.0                       0.0    0.0      0.0
  SINCE JUL 1      0.0                       0.0    0.0      0.0
  SNOW DEPTH       0

DEGREE DAYS
 HEATING
  TODAY            0                         1     -1        0
  MONTH TO DATE    0                         1     -1        0
  SINCE SEP 1      0                         1     -1        0
  SINCE JUL 1     48                        27     21       26

 COOLING
  TODAY           13                         5      8       11
  MONTH TO DATE   13                         5      8       11
  SINCE SEP 1     13                         5      8       11
  SINCE JAN 1    500                       570    -70      412
..................................................................


WIND (MPH)
  HIGHEST WIND SPEED    18   HIGHEST WIND DIRECTION    SW (210)
  HIGHEST GUST SPEED    23   HIGHEST GUST DIRECTION     S (200)
  AVERAGE WIND SPEED     7.2


SKY COVER
  POSSIBLE SUNSHINE  MM
  AVERAGE SKY COVER 0.2


WEATHER CONDITIONS
 THE FOLLOWING WEATHER WAS RECORDED TODAY.
  FOG
  HAZE


RELATIVE HUMIDITY (PERCENT)
 HIGHEST    93           300 AM
 LOWEST     50          1200 PM
 AVERAGE    72

..........................................................


THE MILWAUKEE WI CLIMATE NORMALS FOR TOMORROW
                         NORMAL    RECORD    YEAR
 MAXIMUM TEMPERATURE (F)   76        96      1953
                                             1913
 MINIMUM TEMPERATURE (F)   60        43      1967
                                             1946


SUNRISE AND SUNSET
SEPTEMBER  1 2015.....SUNRISE   616 AM CDT   SUNSET   727 PM CDT
SEPTEMBER  2 2015.....SUNRISE   617 AM CDT   SUNSET   725 PM CDT


-  INDICATES NEGATIVE NUMBERS.
R  INDICATES RECORD WAS SET OR TIED.
MM INDICATES DATA IS MISSING.
T  INDICATES TRACE AMOUNT.




$$
