843
CDUS43 KMKX 130707
CLIMKE


CLIMATE REPORT
NATIONAL WEATHER SERVICE IN MILWAUKEE
103 AM CST WED DEC 13 2017


...................................

...THE MILWAUKEE WI CLIMATE SUMMARY FOR DECEMBER 12 2017...

CLIMATE NORMAL PERIOD 1981 TO 2010
CLIMATE RECORD PERIOD 1871 TO 2017


WEATHER ITEM   OBSERVED TIME   RECORD YEAR NORMAL DEPARTURE LAST
                VALUE   (LST)  VALUE       VALUE  FROM      YEAR
                                                  NORMAL
..................................................................
TEMPERATURE (F)
 YESTERDAY
  MAXIMUM         26   1208 AM  58    1991  34     -8       30
  MINIMUM         17    834 AM  -7    1962  21     -4       13
  AVERAGE         22                        27     -5       22

PRECIPITATION (IN)
  YESTERDAY        T             0.77 1903   0.07  -0.07      T
  MONTH TO DATE    0.17                      0.91  -0.74     0.86
  SINCE DEC 1      0.17                      0.91  -0.74     0.86
  SINCE JAN 1     33.80                     33.63   0.17    28.19

SNOWFALL (IN)
  YESTERDAY        T             8.0  1903   0.3   -0.3       T
  MONTH TO DATE    1.2                       3.6   -2.4      9.6
  SINCE DEC 1      1.2                       3.6   -2.4      9.6
  SINCE JUL 1      1.4                       6.3   -4.9      9.6
  SNOW DEPTH       T

DEGREE DAYS
 HEATING
  YESTERDAY       43                        38      5       43
  MONTH TO DATE  381                       428    -47      424
  SINCE DEC 1    381                       428    -47      424
  SINCE JUL 1   1486                      1793   -307     1254

 COOLING
  YESTERDAY        0                         0      0        0
  MONTH TO DATE    0                         0      0        0
  SINCE DEC 1      0                         0      0        0
  SINCE JAN 1    772                       641    131      991
..................................................................


WIND (MPH)
  HIGHEST WIND SPEED    25   HIGHEST WIND DIRECTION     N (340)
  HIGHEST GUST SPEED    37   HIGHEST GUST DIRECTION     N (340)
  AVERAGE WIND SPEED    11.8


SKY COVER
  POSSIBLE SUNSHINE  MM
  AVERAGE SKY COVER 0.5


WEATHER CONDITIONS
 THE FOLLOWING WEATHER WAS RECORDED YESTERDAY.
  LIGHT SNOW


RELATIVE HUMIDITY (PERCENT)
 HIGHEST    61           800 AM
 LOWEST     45           900 PM
 AVERAGE    53

..........................................................


THE MILWAUKEE WI CLIMATE NORMALS FOR TODAY
                         NORMAL    RECORD    YEAR
 MAXIMUM TEMPERATURE (F)   33        60      2015
 MINIMUM TEMPERATURE (F)   21       -14      1903


SUNRISE AND SUNSET
DECEMBER 13 2017......SUNRISE   714 AM CST   SUNSET   417 PM CST
DECEMBER 14 2017......SUNRISE   715 AM CST   SUNSET   418 PM CST


-  INDICATES NEGATIVE NUMBERS.
R  INDICATES RECORD WAS SET OR TIED.
MM INDICATES DATA IS MISSING.
T  INDICATES TRACE AMOUNT.




$$
