000
CDUS43 KMKX 152228
CLIMKE


CLIMATE REPORT
NATIONAL WEATHER SERVICE IN MILWAUKEE
426 PM CST WED NOV 15 2017


...................................

...THE MILWAUKEE WI CLIMATE SUMMARY FOR NOVEMBER 15 2017...
VALID TODAY AS OF 0400 PM LOCAL TIME.

CLIMATE NORMAL PERIOD 1981 TO 2010
CLIMATE RECORD PERIOD 1871 TO 2017


WEATHER ITEM   OBSERVED TIME   RECORD YEAR NORMAL DEPARTURE LAST
                VALUE   (LST)  VALUE       VALUE  FROM      YEAR
                                                  NORMAL
..................................................................
TEMPERATURE (F)
 TODAY
  MAXIMUM         50    316 PM  69    1990  46      4       54
                                      1953
  MINIMUM         45    818 AM   6    1933  32     13       43
  AVERAGE         48                        39      9       49

PRECIPITATION (IN)
  TODAY            0.32          1.28 1960   0.09   0.23     0.00
  MONTH TO DATE    0.94                      1.36  -0.42     0.52
  SINCE SEP 1      5.88                      7.19  -1.31     8.38
  SINCE JAN 1     33.20                     31.37   1.83    26.04

SNOWFALL (IN)
  TODAY            0.0           1.5  1940   0.0    0.0      0.0
  MONTH TO DATE    0.2                       0.4   -0.2      0.0
  SINCE SEP 1      0.2                       0.7   -0.5      0.0
  SINCE JUL 1      0.2                       0.7   -0.5      0.0
  SNOW DEPTH       0

DEGREE DAYS
 HEATING
  TODAY           17                        26     -9       16
  MONTH TO DATE  395                       336     59      180
  SINCE SEP 1    721                       895   -174      480
  SINCE JUL 1    730                       921   -191      482

 COOLING
  TODAY            0                         0      0        0
  MONTH TO DATE    0                         0      0        3
  SINCE SEP 1    162                        76     86      155
  SINCE JAN 1    772                       641    131      991
..................................................................


WIND (MPH)
  HIGHEST WIND SPEED    26   HIGHEST WIND DIRECTION    NW (300)
  HIGHEST GUST SPEED    34   HIGHEST GUST DIRECTION     W (280)
  AVERAGE WIND SPEED    10.6


SKY COVER
  POSSIBLE SUNSHINE  MM
  AVERAGE SKY COVER 1.0


WEATHER CONDITIONS
 THE FOLLOWING WEATHER WAS RECORDED TODAY.
  HEAVY RAIN
  RAIN
  LIGHT RAIN
  FOG


RELATIVE HUMIDITY (PERCENT)
 HIGHEST    93          1000 AM
 LOWEST     66          1200 AM
 AVERAGE    80

..........................................................


THE MILWAUKEE WI CLIMATE NORMALS FOR TOMORROW
                         NORMAL    RECORD    YEAR
 MAXIMUM TEMPERATURE (F)   46        70      1931
 MINIMUM TEMPERATURE (F)   32         4      1959


SUNRISE AND SUNSET
NOVEMBER 15 2017......SUNRISE   644 AM CST   SUNSET   428 PM CST
NOVEMBER 16 2017......SUNRISE   645 AM CST   SUNSET   427 PM CST


-  INDICATES NEGATIVE NUMBERS.
R  INDICATES RECORD WAS SET OR TIED.
MM INDICATES DATA IS MISSING.
T  INDICATES TRACE AMOUNT.




$$
