000
CDUS43 KMKX 270645
CLIMKE


CLIMATE REPORT
NATIONAL WEATHER SERVICE IN MILWAUKEE
145 AM CDT MON JUL 27 2015


...................................

...THE MILWAUKEE WI CLIMATE SUMMARY FOR JULY 26 2015...

CLIMATE NORMAL PERIOD 1981 TO 2010
CLIMATE RECORD PERIOD 1871 TO 2015


WEATHER ITEM   OBSERVED TIME   RECORD YEAR NORMAL DEPARTURE LAST
                VALUE   (LST)  VALUE       VALUE  FROM      YEAR
                                                  NORMAL
..................................................................
TEMPERATURE (F)
 YESTERDAY
  MAXIMUM         80   1217 PM 101    1955  80      0       82
  MINIMUM         61    435 AM  50    1962  64     -3       63
  AVERAGE         71                        72     -1       73

PRECIPITATION (IN)
  YESTERDAY        0.00          1.63 1949   0.12  -0.12     0.00
  MONTH TO DATE    1.60                      3.11  -1.51     1.89
  SINCE JUN 1      4.09                      7.01  -2.92     8.23
  SINCE JAN 1     14.29                     19.65  -5.36    19.18

SNOWFALL (IN)
  YESTERDAY        0.0           0.0    MM   0.0    0.0      0.0
  MONTH TO DATE    0.0                       0.0    0.0      0.0
  SINCE JUN 1      0.0                       0.0    0.0      0.0
  SINCE JUL 1      0.0                       0.0    0.0      0.0
  SNOW DEPTH       0

DEGREE DAYS
 HEATING
  YESTERDAY        0                         0      0        0
  MONTH TO DATE   28                         4     24       16
  SINCE JUN 1    130                        88     42       90
  SINCE JUL 1     28                         4     24       16

 COOLING
  YESTERDAY        6                         7     -1        8
  MONTH TO DATE  147                       181    -34      108
  SINCE JUN 1    220                       301    -81      198
  SINCE JAN 1    246                       331    -85      216
..................................................................


WIND (MPH)
  HIGHEST WIND SPEED    10   HIGHEST WIND DIRECTION    NE (50)
  HIGHEST GUST SPEED    12   HIGHEST GUST DIRECTION    SE (120)
  AVERAGE WIND SPEED     3.0


SKY COVER
  POSSIBLE SUNSHINE  MM
  AVERAGE SKY COVER 0.7


WEATHER CONDITIONS
 THE FOLLOWING WEATHER WAS RECORDED YESTERDAY.
  NO SIGNIFICANT WEATHER WAS OBSERVED.


RELATIVE HUMIDITY (PERCENT)
 HIGHEST    81          1100 PM
 LOWEST     54          1000 AM
 AVERAGE    68

..........................................................


THE MILWAUKEE WI CLIMATE NORMALS FOR TODAY
                         NORMAL    RECORD    YEAR
 MAXIMUM TEMPERATURE (F)   80        97      1955
                                             1941
                                             1919
 MINIMUM TEMPERATURE (F)   64        52      1977
                                             1962


SUNRISE AND SUNSET
JULY 27 2015..........SUNRISE   537 AM CDT   SUNSET   818 PM CDT
JULY 28 2015..........SUNRISE   538 AM CDT   SUNSET   817 PM CDT


-  INDICATES NEGATIVE NUMBERS.
R  INDICATES RECORD WAS SET OR TIED.
MM INDICATES DATA IS MISSING.
T  INDICATES TRACE AMOUNT.




$$
