000
CDUS43 KMKX 140647
CLIMKE


CLIMATE REPORT
NATIONAL WEATHER SERVICE IN MILWAUKEE
1246 AM CST SUN JAN 14 2018


...................................

...THE MILWAUKEE WI CLIMATE SUMMARY FOR JANUARY 13 2018...

CLIMATE NORMAL PERIOD 1981 TO 2010
CLIMATE RECORD PERIOD 1871 TO 2018


WEATHER ITEM   OBSERVED TIME   RECORD YEAR NORMAL DEPARTURE LAST
                VALUE   (LST)  VALUE       VALUE  FROM      YEAR
                                                  NORMAL
..................................................................
TEMPERATURE (F)
 YESTERDAY
  MAXIMUM         15    314 PM  55    1961  29    -14       26
  MINIMUM          4    842 AM -18    1929  15    -11       10
  AVERAGE         10                        22    -12       18

PRECIPITATION (IN)
  YESTERDAY        0.00          1.32 1979   0.06  -0.06      T
  MONTH TO DATE    0.07                      0.78  -0.71     0.55
  SINCE DEC 1      0.53                      2.82  -2.29     2.48
  SINCE JAN 1      0.07                      0.78  -0.71     0.55

SNOWFALL (IN)
  YESTERDAY        0.0          12.4  1979   0.6   -0.6       T
  MONTH TO DATE    0.1                       6.3   -6.2      1.0
  SINCE DEC 1      4.7                      16.9  -12.2     19.8
  SINCE JUL 1      4.9                      19.6  -14.7     19.8
  SNOW DEPTH       0

DEGREE DAYS
 HEATING
  YESTERDAY       55                        43     12       47
  MONTH TO DATE  604                       554     50      579
  SINCE DEC 1   1810                      1749     61     1786
  SINCE JUL 1   2915                      3114   -199     2616

 COOLING
  YESTERDAY        0                         0      0        0
  MONTH TO DATE    0                         0      0        0
  SINCE DEC 1      0                         0      0        0
  SINCE JAN 1      0                         0      0        0
..................................................................


WIND (MPH)
  HIGHEST WIND SPEED    18   HIGHEST WIND DIRECTION     N (340)
  HIGHEST GUST SPEED    25   HIGHEST GUST DIRECTION     N (340)
  AVERAGE WIND SPEED     9.3


SKY COVER
  POSSIBLE SUNSHINE  MM
  AVERAGE SKY COVER 0.1


WEATHER CONDITIONS
 THE FOLLOWING WEATHER WAS RECORDED YESTERDAY.
  NO SIGNIFICANT WEATHER WAS OBSERVED.


RELATIVE HUMIDITY (PERCENT)
 HIGHEST    72           800 AM
 LOWEST     44           200 PM
 AVERAGE    58

..........................................................


THE MILWAUKEE WI CLIMATE NORMALS FOR TODAY
                         NORMAL    RECORD    YEAR
 MAXIMUM TEMPERATURE (F)   29        52      1928
 MINIMUM TEMPERATURE (F)   15       -19      1881


SUNRISE AND SUNSET
JANUARY 14 2018.......SUNRISE   720 AM CST   SUNSET   441 PM CST
JANUARY 15 2018.......SUNRISE   720 AM CST   SUNSET   443 PM CST


-  INDICATES NEGATIVE NUMBERS.
R  INDICATES RECORD WAS SET OR TIED.
MM INDICATES DATA IS MISSING.
T  INDICATES TRACE AMOUNT.




$$
