000
CDUS43 KMKX 282044
CLIMKE


CLIMATE REPORT
NATIONAL WEATHER SERVICE IN MILWAUKEE
343 PM CDT WED SEP 28 2016


...................................

...THE MILWAUKEE WI CLIMATE SUMMARY FOR SEPTEMBER 28 2016...
VALID TODAY AS OF 0300 PM LOCAL TIME.

CLIMATE NORMAL PERIOD 1981 TO 2010
CLIMATE RECORD PERIOD 1871 TO 2016


WEATHER ITEM   OBSERVED TIME   RECORD YEAR NORMAL DEPARTURE LAST
                VALUE   (LST)  VALUE       VALUE  FROM      YEAR
                                                  NORMAL
..................................................................
TEMPERATURE (F)
 TODAY
  MAXIMUM         62   1242 PM  88    1952  66     -4       80
                                      1939
  MINIMUM         50    210 AM  28    1942  50      0       64
  AVERAGE         56                        58     -2       72

PRECIPITATION (IN)
  TODAY            0.03          1.56 1973   0.11  -0.08     0.00
  MONTH TO DATE    3.73                      2.99   0.74     3.81
  SINCE SEP 1      3.73                      2.99   0.74     3.81
  SINCE JAN 1     21.39                     27.17  -5.78    21.56

SNOWFALL (IN)
  TODAY            0.0           0.0    MM   0.0    0.0      0.0
  MONTH TO DATE    0.0                       0.0    0.0      0.0
  SINCE SEP 1      0.0                       0.0    0.0      0.0
  SINCE JUL 1      0.0                       0.0    0.0      0.0
  SNOW DEPTH       0

DEGREE DAYS
 HEATING
  TODAY            9                         8      1        0
  MONTH TO DATE   20                       109    -89       33
  SINCE SEP 1     20                       109    -89       33
  SINCE JUL 1     22                       135   -113       81

 COOLING
  TODAY            0                         1     -1        7
  MONTH TO DATE  141                        68     73      133
  SINCE SEP 1    141                        68     73      133
  SINCE JAN 1    977                       633    344      620
..................................................................


WIND (MPH)
  HIGHEST WIND SPEED    17   HIGHEST WIND DIRECTION     N (20)
  HIGHEST GUST SPEED    22   HIGHEST GUST DIRECTION     N (10)
  AVERAGE WIND SPEED     9.6


SKY COVER
  POSSIBLE SUNSHINE  MM
  AVERAGE SKY COVER 0.9


WEATHER CONDITIONS
 THE FOLLOWING WEATHER WAS RECORDED TODAY.
  LIGHT RAIN


RELATIVE HUMIDITY (PERCENT)
 HIGHEST    89          1200 AM
 LOWEST     67           200 PM
 AVERAGE    78

..........................................................


THE MILWAUKEE WI CLIMATE NORMALS FOR TOMORROW
                         NORMAL    RECORD    YEAR
 MAXIMUM TEMPERATURE (F)   66        91      1953
 MINIMUM TEMPERATURE (F)   49        31      1961
                                             1942


SUNRISE AND SUNSET
SEPTEMBER 28 2016.....SUNRISE   646 AM CDT   SUNSET   637 PM CDT
SEPTEMBER 29 2016.....SUNRISE   647 AM CDT   SUNSET   635 PM CDT


-  INDICATES NEGATIVE NUMBERS.
R  INDICATES RECORD WAS SET OR TIED.
MM INDICATES DATA IS MISSING.
T  INDICATES TRACE AMOUNT.




$$
