000
CDUS43 KMKX 280653
CLIMKE


CLIMATE REPORT
NATIONAL WEATHER SERVICE IN MILWAUKEE
152 AM CDT THU APR 28 2016


...................................

...THE MILWAUKEE WI CLIMATE SUMMARY FOR APRIL 27 2016...

CLIMATE NORMAL PERIOD 1981 TO 2010
CLIMATE RECORD PERIOD 1871 TO 2016


WEATHER ITEM   OBSERVED TIME   RECORD YEAR NORMAL DEPARTURE LAST
                VALUE   (LST)  VALUE       VALUE  FROM      YEAR
                                                  NORMAL
..................................................................
TEMPERATURE (F)
 YESTERDAY
  MAXIMUM         48   1155 AM  83    1962  58    -10       51
                                      1938
  MINIMUM         39    526 AM  28    1967  41     -2       39
  AVERAGE         44                        50     -6       45

PRECIPITATION (IN)
  YESTERDAY        0.08          2.11 1956   0.12  -0.04     0.00
  MONTH TO DATE    1.35                      3.21  -1.86     5.22
  SINCE MAR 1      4.69                      5.48  -0.79     6.05
  SINCE JAN 1      6.00                      8.89  -2.89     7.77

SNOWFALL (IN)
  YESTERDAY        0.0           0.5  1913   0.1   -0.1      0.0
  MONTH TO DATE    3.4                       2.0    1.4       T
  SINCE MAR 1     10.0                       9.0    1.0      4.9
  SINCE JUL 1     39.1                      46.8   -7.7     43.0
  SNOW DEPTH       0

DEGREE DAYS
 HEATING
  YESTERDAY       21                        16      5       20
  MONTH TO DATE  566                       544     22      508
  SINCE MAR 1   1330                      1473   -143     1439
  SINCE JUL 1   5549                      6453   -904     6771

 COOLING
  YESTERDAY        0                         0      0        0
  MONTH TO DATE    0                         0      0        0
  SINCE MAR 1      0                         0      0        0
  SINCE JAN 1      0                         0      0        0
..................................................................


WIND (MPH)
  HIGHEST WIND SPEED    24   HIGHEST WIND DIRECTION    NE (30)
  HIGHEST GUST SPEED    31   HIGHEST GUST DIRECTION    NE (30)
  AVERAGE WIND SPEED    14.9


SKY COVER
  POSSIBLE SUNSHINE  MM
  AVERAGE SKY COVER 0.7


WEATHER CONDITIONS
 THE FOLLOWING WEATHER WAS RECORDED YESTERDAY.
  LIGHT RAIN


RELATIVE HUMIDITY (PERCENT)
 HIGHEST    86           100 AM
 LOWEST     50          1200 PM
 AVERAGE    68

..........................................................


THE MILWAUKEE WI CLIMATE NORMALS FOR TODAY
                         NORMAL    RECORD    YEAR
 MAXIMUM TEMPERATURE (F)   59        86      1915
 MINIMUM TEMPERATURE (F)   41        28      1968


SUNRISE AND SUNSET
APRIL 28 2016.........SUNRISE   549 AM CDT   SUNSET   750 PM CDT
APRIL 29 2016.........SUNRISE   548 AM CDT   SUNSET   751 PM CDT


-  INDICATES NEGATIVE NUMBERS.
R  INDICATES RECORD WAS SET OR TIED.
MM INDICATES DATA IS MISSING.
T  INDICATES TRACE AMOUNT.




$$
