000
CDUS43 KMKX 160046
CLIMKE


CLIMATE REPORT
NATIONAL WEATHER SERVICE IN MILWAUKEE
646 PM CST THU FEB 15 2018


...................................

...THE MILWAUKEE WI CLIMATE SUMMARY FOR FEBRUARY 14 2018...

CLIMATE NORMAL PERIOD 1981 TO 2010
CLIMATE RECORD PERIOD 1871 TO 2018


WEATHER ITEM   OBSERVED TIME   RECORD YEAR NORMAL DEPARTURE LAST
                VALUE   (LST)  VALUE       VALUE  FROM      YEAR
                                                  NORMAL
..................................................................
TEMPERATURE (F)
 YESTERDAY
  MAXIMUM         44    321 PM  55    1954  32     12       49
  MINIMUM         24    316 AM -12    1875  19      5       33
  AVERAGE         34                        26      8       41

PRECIPITATION (IN)
  YESTERDAY        T             0.98 1909   0.06  -0.06      T
  MONTH TO DATE    1.17                      0.77   0.40     0.18
  SINCE DEC 1      3.25                      4.57  -1.32     4.27
  SINCE JAN 1      2.79                      2.53   0.26     2.34

SNOWFALL (IN)
  YESTERDAY        0.0          10.5  1909   0.3   -0.3       T
  MONTH TO DATE   16.2                       5.0   11.2      0.4
  SINCE DEC 1     32.2                      30.3    1.9     23.3
  SINCE JUL 1     32.4                      33.0   -0.6     23.3
  SNOW DEPTH       7

DEGREE DAYS
 HEATING
  YESTERDAY       31                        39     -8       24
  MONTH TO DATE  654                       572     82      502
  SINCE DEC 1   3104                      3092     12     2852
  SINCE JUL 1   4209                      4457   -248     3682

 COOLING
  YESTERDAY        0                         0      0        0
  MONTH TO DATE    0                         0      0        0
  SINCE DEC 1      0                         0      0        0
  SINCE JAN 1      0                         0      0        0
..................................................................


WIND (MPH)
  HIGHEST WIND SPEED    24   HIGHEST WIND DIRECTION    SW (220)
  HIGHEST GUST SPEED    34   HIGHEST GUST DIRECTION    SW (220)
  AVERAGE WIND SPEED    10.4


SKY COVER
  POSSIBLE SUNSHINE  MM
  AVERAGE SKY COVER 0.4


WEATHER CONDITIONS
 THE FOLLOWING WEATHER WAS RECORDED YESTERDAY.
  LIGHT RAIN
  FOG
  HAZE


RELATIVE HUMIDITY (PERCENT)
 HIGHEST    93          1100 PM
 LOWEST     60          1100 AM
 AVERAGE    77

..........................................................


THE MILWAUKEE WI CLIMATE NORMALS FOR TODAY
                         NORMAL    RECORD    YEAR
 MAXIMUM TEMPERATURE (F)   32        62      1921
 MINIMUM TEMPERATURE (F)   19       -15      1875


SUNRISE AND SUNSET
FEBRUARY 15 2018......SUNRISE   649 AM CST   SUNSET   523 PM CST
FEBRUARY 16 2018......SUNRISE   648 AM CST   SUNSET   524 PM CST


-  INDICATES NEGATIVE NUMBERS.
R  INDICATES RECORD WAS SET OR TIED.
MM INDICATES DATA IS MISSING.
T  INDICATES TRACE AMOUNT.




$$
