000
CDUS43 KMKX 250047
CLIMKE


CLIMATE REPORT
NATIONAL WEATHER SERVICE IN MILWAUKEE
745 PM CDT TUE MAR 24 2015


...................................

...THE MILWAUKEE WI CLIMATE SUMMARY FOR MARCH 24 2015...
VALID TODAY AS OF 0700 PM LOCAL TIME.

CLIMATE NORMAL PERIOD 1981 TO 2010
CLIMATE RECORD PERIOD 1871 TO 2015


WEATHER ITEM   OBSERVED TIME   RECORD YEAR NORMAL DEPARTURE LAST
                VALUE   (LST)  VALUE       VALUE  FROM      YEAR
                                                  NORMAL
..................................................................
TEMPERATURE (F)
 TODAY
  MAXIMUM         36    137 PM  76    1939  45     -9       35
                                      1910
  MINIMUM         22    541 AM   1    1974  30     -8       18
  AVERAGE         29                        38     -9       27

PRECIPITATION (IN)
  TODAY            0.00          0.83 1920   0.07  -0.07     0.01
  MONTH TO DATE    0.42                      1.63  -1.21     0.51
  SINCE MAR 1      0.42                      1.63  -1.21     0.51
  SINCE JAN 1      2.14                      5.04  -2.90     3.25

SNOWFALL (IN)
  TODAY            0.0           6.5  1937   0.1   -0.1      0.4
  MONTH TO DATE    4.4                       6.0   -1.6      6.2
  SINCE MAR 1      4.4                       6.0   -1.6      6.2
  SINCE JUL 1     42.5                      43.8   -1.3     63.0
  SNOW DEPTH       0

DEGREE DAYS
 HEATING
  TODAY           36                        27      9       38
  MONTH TO DATE  725                       748    -23      903
  SINCE MAR 1    725                       748    -23      903
  SINCE JUL 1   6057                      5728    329     6559

 COOLING
  TODAY            0                         0      0        0
  MONTH TO DATE    0                         0      0        0
  SINCE MAR 1      0                         0      0        0
  SINCE JAN 1      0                         0      0        0
..................................................................


WIND (MPH)
  HIGHEST WIND SPEED    18   HIGHEST WIND DIRECTION    SE (140)
  HIGHEST GUST SPEED    23   HIGHEST GUST DIRECTION    SE (130)
  AVERAGE WIND SPEED     8.8


SKY COVER
  POSSIBLE SUNSHINE  MM
  AVERAGE SKY COVER 0.5


WEATHER CONDITIONS
 THE FOLLOWING WEATHER WAS RECORDED TODAY.
  NO SIGNIFICANT WEATHER WAS OBSERVED.


RELATIVE HUMIDITY (PERCENT)
 HIGHEST    78           700 AM
 LOWEST     44           100 PM
 AVERAGE    61

..........................................................


THE MILWAUKEE WI CLIMATE NORMALS FOR TOMORROW
                         NORMAL    RECORD    YEAR
 MAXIMUM TEMPERATURE (F)   46        79      2007
 MINIMUM TEMPERATURE (F)   30         0      1960


SUNRISE AND SUNSET
MARCH 24 2015.........SUNRISE   648 AM CDT   SUNSET   708 PM CDT
MARCH 25 2015.........SUNRISE   646 AM CDT   SUNSET   709 PM CDT


-  INDICATES NEGATIVE NUMBERS.
R  INDICATES RECORD WAS SET OR TIED.
MM INDICATES DATA IS MISSING.
T  INDICATES TRACE AMOUNT.




$$

HAHN
