000
CDUS43 KMKX 260641
CLIMKE


CLIMATE REPORT
NATIONAL WEATHER SERVICE IN MILWAUKEE
141 AM CDT WED AUG 26 2015


...................................

...THE MILWAUKEE WI CLIMATE SUMMARY FOR AUGUST 25 2015...

CLIMATE NORMAL PERIOD 1981 TO 2010
CLIMATE RECORD PERIOD 1871 TO 2015


WEATHER ITEM   OBSERVED TIME   RECORD YEAR NORMAL DEPARTURE LAST
                VALUE   (LST)  VALUE       VALUE  FROM      YEAR
                                                  NORMAL
..................................................................
TEMPERATURE (F)
 YESTERDAY
  MAXIMUM         64    352 PM  94    1948  78    -14       81
  MINIMUM         57    629 AM  44    1917  62     -5       71
  AVERAGE         61                        70     -9       76

PRECIPITATION (IN)
  YESTERDAY        0.00          1.89 1940   0.11  -0.11     0.14
  MONTH TO DATE    2.56                      3.25  -0.69     4.99
  SINCE JUN 1      6.65                     10.82  -4.17    13.64
  SINCE JAN 1     16.85                     23.46  -6.61    24.59

SNOWFALL (IN)
  YESTERDAY        0.0           0.0    MM   0.0    0.0      0.0
  MONTH TO DATE    0.0                       0.0    0.0      0.0
  SINCE JUN 1      0.0                       0.0    0.0      0.0
  SINCE JUL 1      0.0                       0.0    0.0      0.0
  SNOW DEPTH       0

DEGREE DAYS
 HEATING
  YESTERDAY        4                         1      3        0
  MONTH TO DATE    9                         4      5        5
  SINCE JUN 1    139                        99     40      100
  SINCE JUL 1     37                        15     22       26

 COOLING
  YESTERDAY        0                         6     -6       11
  MONTH TO DATE  173                       164      9      129
  SINCE JUN 1    454                       506    -52      346
  SINCE JAN 1    480                       536    -56      364
..................................................................


WIND (MPH)
  HIGHEST WIND SPEED    16   HIGHEST WIND DIRECTION    NW (310)
  HIGHEST GUST SPEED    22   HIGHEST GUST DIRECTION    NW (310)
  AVERAGE WIND SPEED     9.4


SKY COVER
  POSSIBLE SUNSHINE  MM
  AVERAGE SKY COVER 0.9


WEATHER CONDITIONS
 THE FOLLOWING WEATHER WAS RECORDED YESTERDAY.
  NO SIGNIFICANT WEATHER WAS OBSERVED.


RELATIVE HUMIDITY (PERCENT)
 HIGHEST    72           800 PM
 LOWEST     60          1200 AM
 AVERAGE    66

..........................................................


THE MILWAUKEE WI CLIMATE NORMALS FOR TODAY
                         NORMAL    RECORD    YEAR
 MAXIMUM TEMPERATURE (F)   78        96      1953
 MINIMUM TEMPERATURE (F)   62        47      1964
                                             1885


SUNRISE AND SUNSET
AUGUST 26 2015........SUNRISE   609 AM CDT   SUNSET   737 PM CDT
AUGUST 27 2015........SUNRISE   610 AM CDT   SUNSET   735 PM CDT


-  INDICATES NEGATIVE NUMBERS.
R  INDICATES RECORD WAS SET OR TIED.
MM INDICATES DATA IS MISSING.
T  INDICATES TRACE AMOUNT.




$$
