556
CDUS43 KMKX 190703
CLIMKE


CLIMATE REPORT
NATIONAL WEATHER SERVICE IN MILWAUKEE
201 AM CDT WED JUL 19 2017


...................................

...THE MILWAUKEE WI CLIMATE SUMMARY FOR JULY 18 2017...

CLIMATE NORMAL PERIOD 1981 TO 2010
CLIMATE RECORD PERIOD 1871 TO 2017


WEATHER ITEM   OBSERVED TIME   RECORD YEAR NORMAL DEPARTURE LAST
                VALUE   (LST)  VALUE       VALUE  FROM      YEAR
                                                  NORMAL
..................................................................
TEMPERATURE (F)
 YESTERDAY
  MAXIMUM         87    455 PM  97    1991  80      7       87
  MINIMUM         61    411 AM  49    1979  64     -3       68
  AVERAGE         74                        72      2       78

PRECIPITATION (IN)
  YESTERDAY        0.00          2.72 1959   0.11  -0.11     0.00
  MONTH TO DATE    2.71                      2.19   0.52     0.34
  SINCE JUN 1      7.92                      6.09   1.83     3.83
  SINCE JAN 1     24.71                     18.73   5.98    12.65

SNOWFALL (IN)
  YESTERDAY        0.0           0.0    MM   0.0    0.0      0.0
  MONTH TO DATE    0.0                       0.0    0.0      0.0
  SINCE JUN 1      0.0                       0.0    0.0      0.0
  SINCE JUL 1      0.0                       0.0    0.0      0.0
  SNOW DEPTH       0

DEGREE DAYS
 HEATING
  YESTERDAY        0                         0      0        0
  MONTH TO DATE    1                         4     -3        2
  SINCE JUN 1     15                        88    -73       31
  SINCE JUL 1      1                         4     -3        2

 COOLING
  YESTERDAY        9                         7      2       13
  MONTH TO DATE  126                       125      1      141
  SINCE JUN 1    308                       245     63      292
  SINCE JAN 1    329                       275     54      337
..................................................................


WIND (MPH)
  HIGHEST WIND SPEED    15   HIGHEST WIND DIRECTION    SW (210)
  HIGHEST GUST SPEED    17   HIGHEST GUST DIRECTION     S (200)
  AVERAGE WIND SPEED     6.8


SKY COVER
  POSSIBLE SUNSHINE  MM
  AVERAGE SKY COVER 0.4


WEATHER CONDITIONS
 THE FOLLOWING WEATHER WAS RECORDED YESTERDAY.
  NO SIGNIFICANT WEATHER WAS OBSERVED.


RELATIVE HUMIDITY (PERCENT)
 HIGHEST    93           100 AM
 LOWEST     51          1200 PM
 AVERAGE    72

..........................................................


THE MILWAUKEE WI CLIMATE NORMALS FOR TODAY
                         NORMAL    RECORD    YEAR
 MAXIMUM TEMPERATURE (F)   80        98      1932
 MINIMUM TEMPERATURE (F)   64        51      1947


SUNRISE AND SUNSET
JULY 19 2017..........SUNRISE   530 AM CDT   SUNSET   825 PM CDT
JULY 20 2017..........SUNRISE   531 AM CDT   SUNSET   824 PM CDT


-  INDICATES NEGATIVE NUMBERS.
R  INDICATES RECORD WAS SET OR TIED.
MM INDICATES DATA IS MISSING.
T  INDICATES TRACE AMOUNT.




$$
