000
CDUS43 KMKX 262047
CLIMKE


CLIMATE REPORT
NATIONAL WEATHER SERVICE IN MILWAUKEE
345 PM CDT THU MAY 26 2016


...................................

...THE MILWAUKEE WI CLIMATE SUMMARY FOR MAY 26 2016...
VALID TODAY AS OF 0300 PM LOCAL TIME.

CLIMATE NORMAL PERIOD 1981 TO 2010
CLIMATE RECORD PERIOD 1871 TO 2016


WEATHER ITEM   OBSERVED TIME   RECORD YEAR NORMAL DEPARTURE LAST
                VALUE   (LST)  VALUE       VALUE  FROM      YEAR
                                                  NORMAL
..................................................................
TEMPERATURE (F)
 TODAY
  MAXIMUM         83    156 PM  91    1985  68     15       76
  MINIMUM         61    446 AM  31    1961  50     11       60
  AVERAGE         72                        59     13       68

PRECIPITATION (IN)
  TODAY            0.03          1.35 1926   0.11  -0.08     0.35
  MONTH TO DATE    1.93                      2.82  -0.89     1.80
  SINCE MAR 1      7.07                      8.65  -1.58     7.85
  SINCE JAN 1      8.38                     12.06  -3.68     9.57

SNOWFALL (IN)
  TODAY            0.0           0.0    MM   0.0    0.0      0.0
  MONTH TO DATE    T                         0.1   -0.1      0.0
  SINCE MAR 1     10.0                       9.1    0.9      4.9
  SINCE JUL 1     39.1                      46.9   -7.8     43.0
  SNOW DEPTH       0

DEGREE DAYS
 HEATING
  TODAY            0                         7     -7        0
  MONTH TO DATE  264                       281    -17      237
  SINCE MAR 1   1661                      1798   -137     1736
  SINCE JUL 1   5880                      6778   -898     7068

 COOLING
  TODAY            7                         1      6        3
  MONTH TO DATE   14                        16     -2       16
  SINCE MAR 1     14                        21     -7       16
  SINCE JAN 1     14                        21     -7       16
..................................................................


WIND (MPH)
  HIGHEST WIND SPEED    21   HIGHEST WIND DIRECTION    SW (220)
  HIGHEST GUST SPEED    27   HIGHEST GUST DIRECTION    SW (240)
  AVERAGE WIND SPEED    10.5


SKY COVER
  POSSIBLE SUNSHINE  MM
  AVERAGE SKY COVER 0.7


WEATHER CONDITIONS
 THE FOLLOWING WEATHER WAS RECORDED TODAY.
  THUNDERSTORM
  LIGHT RAIN
  FOG
  HAZE


RELATIVE HUMIDITY (PERCENT)
 HIGHEST    93          1200 AM
 LOWEST     47           200 PM
 AVERAGE    70

..........................................................


THE MILWAUKEE WI CLIMATE NORMALS FOR TOMORROW
                         NORMAL    RECORD    YEAR
 MAXIMUM TEMPERATURE (F)   69        94      1911
 MINIMUM TEMPERATURE (F)   50        29      1961


SUNRISE AND SUNSET
MAY 26 2016...........SUNRISE   519 AM CDT   SUNSET   819 PM CDT
MAY 27 2016...........SUNRISE   518 AM CDT   SUNSET   820 PM CDT


-  INDICATES NEGATIVE NUMBERS.
R  INDICATES RECORD WAS SET OR TIED.
MM INDICATES DATA IS MISSING.
T  INDICATES TRACE AMOUNT.




$$
