000
CDUS43 KMKX 130657
CLIMKE


CLIMATE REPORT
NATIONAL WEATHER SERVICE IN MILWAUKEE
1256 AM CST SAT JAN 13 2018


...................................

...THE MILWAUKEE WI CLIMATE SUMMARY FOR JANUARY 12 2018...

CLIMATE NORMAL PERIOD 1981 TO 2010
CLIMATE RECORD PERIOD 1871 TO 2018


WEATHER ITEM   OBSERVED TIME   RECORD YEAR NORMAL DEPARTURE LAST
                VALUE   (LST)  VALUE       VALUE  FROM      YEAR
                                                  NORMAL
..................................................................
TEMPERATURE (F)
 YESTERDAY
  MAXIMUM         25    215 AM  60    1871  29     -4       26
  MINIMUM         11   1159 PM -14    1912  15     -4       18
  AVERAGE         18                        22     -4       22

PRECIPITATION (IN)
  YESTERDAY        T             1.84 1908   0.06  -0.06     0.01
  MONTH TO DATE    0.07                      0.72  -0.65     0.55
  SINCE DEC 1      0.53                      2.76  -2.23     2.48
  SINCE JAN 1      0.07                      0.72  -0.65     0.55

SNOWFALL (IN)
  YESTERDAY        T            16.0  1908   0.5   -0.5      0.2
  MONTH TO DATE    0.1                       5.7   -5.6      1.0
  SINCE DEC 1      4.7                      16.3  -11.6     19.8
  SINCE JUL 1      4.9                      19.0  -14.1     19.8
  SNOW DEPTH       0

DEGREE DAYS
 HEATING
  YESTERDAY       47                        43      4       43
  MONTH TO DATE  549                       511     38      532
  SINCE DEC 1   1755                      1706     49     1739
  SINCE JUL 1   2860                      3071   -211     2569

 COOLING
  YESTERDAY        0                         0      0        0
  MONTH TO DATE    0                         0      0        0
  SINCE DEC 1      0                         0      0        0
  SINCE JAN 1      0                         0      0        0
..................................................................


WIND (MPH)
  HIGHEST WIND SPEED    28   HIGHEST WIND DIRECTION     N (360)
  HIGHEST GUST SPEED    38   HIGHEST GUST DIRECTION     N (20)
  AVERAGE WIND SPEED    16.0


SKY COVER
  POSSIBLE SUNSHINE  MM
  AVERAGE SKY COVER 0.6


WEATHER CONDITIONS
 THE FOLLOWING WEATHER WAS RECORDED YESTERDAY.
  LT FREEZING RAIN
  SNOW
  LIGHT SNOW
  FOG


RELATIVE HUMIDITY (PERCENT)
 HIGHEST    84           400 AM
 LOWEST     46           700 PM
 AVERAGE    65

..........................................................


THE MILWAUKEE WI CLIMATE NORMALS FOR TODAY
                         NORMAL    RECORD    YEAR
 MAXIMUM TEMPERATURE (F)   29        55      1961
 MINIMUM TEMPERATURE (F)   15       -18      1929


SUNRISE AND SUNSET
JANUARY 13 2018.......SUNRISE   721 AM CST   SUNSET   440 PM CST
JANUARY 14 2018.......SUNRISE   720 AM CST   SUNSET   441 PM CST


-  INDICATES NEGATIVE NUMBERS.
R  INDICATES RECORD WAS SET OR TIED.
MM INDICATES DATA IS MISSING.
T  INDICATES TRACE AMOUNT.




$$
