200
CDUS43 KMKX 150643
CLIMKE


CLIMATE REPORT
NATIONAL WEATHER SERVICE IN MILWAUKEE
1243 AM CST WED NOV 15 2017


...................................

...THE MILWAUKEE WI CLIMATE SUMMARY FOR NOVEMBER 14 2017...

CLIMATE NORMAL PERIOD 1981 TO 2010
CLIMATE RECORD PERIOD 1871 TO 2017


WEATHER ITEM   OBSERVED TIME   RECORD YEAR NORMAL DEPARTURE LAST
                VALUE   (LST)  VALUE       VALUE  FROM      YEAR
                                                  NORMAL
..................................................................
TEMPERATURE (F)
 YESTERDAY
  MAXIMUM         49   1159 PM  70    1971  47      2       59
  MINIMUM         28    516 AM   7    1959  33     -5       41
  AVERAGE         39                        40     -1       50

PRECIPITATION (IN)
  YESTERDAY        T             1.24 1926   0.10  -0.10     0.00
  MONTH TO DATE    0.62                      1.27  -0.65     0.52
  SINCE SEP 1      5.56                      7.10  -1.54     8.38
  SINCE JAN 1     32.88                     31.28   1.60    26.04

SNOWFALL (IN)
  YESTERDAY        0.0           1.5  1959   0.1   -0.1      0.0
  MONTH TO DATE    0.2                       0.4   -0.2      0.0
  SINCE SEP 1      0.2                       0.7   -0.5      0.0
  SINCE JUL 1      0.2                       0.7   -0.5      0.0
  SNOW DEPTH       0

DEGREE DAYS
 HEATING
  YESTERDAY       26                        25      1       15
  MONTH TO DATE  378                       310     68      164
  SINCE SEP 1    704                       869   -165      464
  SINCE JUL 1    713                       895   -182      466

 COOLING
  YESTERDAY        0                         0      0        0
  MONTH TO DATE    0                         0      0        3
  SINCE SEP 1    162                        76     86      155
  SINCE JAN 1    772                       641    131      991
..................................................................


WIND (MPH)
  HIGHEST WIND SPEED    17   HIGHEST WIND DIRECTION     S (170)
  HIGHEST GUST SPEED    23   HIGHEST GUST DIRECTION     S (200)
  AVERAGE WIND SPEED     8.8


SKY COVER
  POSSIBLE SUNSHINE  MM
  AVERAGE SKY COVER 0.7


WEATHER CONDITIONS
 THE FOLLOWING WEATHER WAS RECORDED YESTERDAY.
  LIGHT RAIN
  FOG
  FOG W/VISIBILITY <= 1/4 MILE
  HAZE


RELATIVE HUMIDITY (PERCENT)
 HIGHEST   100           500 AM
 LOWEST     65           100 PM
 AVERAGE    83

..........................................................


THE MILWAUKEE WI CLIMATE NORMALS FOR TODAY
                         NORMAL    RECORD    YEAR
 MAXIMUM TEMPERATURE (F)   46        69      1990
                                             1953
 MINIMUM TEMPERATURE (F)   32         6      1933


SUNRISE AND SUNSET
NOVEMBER 15 2017......SUNRISE   644 AM CST   SUNSET   428 PM CST
NOVEMBER 16 2017......SUNRISE   645 AM CST   SUNSET   427 PM CST


-  INDICATES NEGATIVE NUMBERS.
R  INDICATES RECORD WAS SET OR TIED.
MM INDICATES DATA IS MISSING.
T  INDICATES TRACE AMOUNT.




$$
