000
CDUS43 KMKX 120641
CLIMKE


CLIMATE REPORT
NATIONAL WEATHER SERVICE IN MILWAUKEE
140 AM CDT TUE SEP 12 2017


...................................

...THE MILWAUKEE WI CLIMATE SUMMARY FOR SEPTEMBER 11 2017...

CLIMATE NORMAL PERIOD 1981 TO 2010
CLIMATE RECORD PERIOD 1871 TO 2017


WEATHER ITEM   OBSERVED TIME   RECORD YEAR NORMAL DEPARTURE LAST
                VALUE   (LST)  VALUE       VALUE  FROM      YEAR
                                                  NORMAL
..................................................................
TEMPERATURE (F)
 YESTERDAY
  MAXIMUM         72   1224 PM  94    1931  73     -1       76
  MINIMUM         49    558 AM  38    1943  57     -8       54
  AVERAGE         61                        65     -4       65

PRECIPITATION (IN)
  YESTERDAY        0.00          2.96 2000   0.10  -0.10     0.00
  MONTH TO DATE    0.39                      1.13  -0.74     1.67
  SINCE SEP 1      0.39                      1.13  -0.74     1.67
  SINCE JAN 1     27.71                     25.31   2.40    19.33

SNOWFALL (IN)
  YESTERDAY        0.0           0.0    MM   0.0    0.0      0.0
  MONTH TO DATE    0.0                       0.0    0.0      0.0
  SINCE SEP 1      0.0                       0.0    0.0      0.0
  SINCE JUL 1      0.0                       0.0    0.0      0.0
  SNOW DEPTH       0

DEGREE DAYS
 HEATING
  YESTERDAY        4                         3      1        0
  MONTH TO DATE   41                        20     21        0
  SINCE SEP 1     41                        20     21        0
  SINCE JUL 1     50                        46      4        2

 COOLING
  YESTERDAY        0                         3     -3        0
  MONTH TO DATE   10                        41    -31       70
  SINCE SEP 1     10                        41    -31       70
  SINCE JAN 1    620                       606     14      906
..................................................................


WIND (MPH)
  HIGHEST WIND SPEED    15   HIGHEST WIND DIRECTION    SE (140)
  HIGHEST GUST SPEED    18   HIGHEST GUST DIRECTION    SE (120)
  AVERAGE WIND SPEED     4.9


SKY COVER
  POSSIBLE SUNSHINE  MM
  AVERAGE SKY COVER 0.2


WEATHER CONDITIONS
 THE FOLLOWING WEATHER WAS RECORDED YESTERDAY.
  NO SIGNIFICANT WEATHER WAS OBSERVED.


RELATIVE HUMIDITY (PERCENT)
 HIGHEST    93           600 AM
 LOWEST     47          1100 AM
 AVERAGE    70

..........................................................


THE MILWAUKEE WI CLIMATE NORMALS FOR TODAY
                         NORMAL    RECORD    YEAR
 MAXIMUM TEMPERATURE (F)   73        92      1948
                                             1927
 MINIMUM TEMPERATURE (F)   57        40      1975


SUNRISE AND SUNSET
SEPTEMBER 12 2017.....SUNRISE   628 AM CDT   SUNSET   706 PM CDT
SEPTEMBER 13 2017.....SUNRISE   629 AM CDT   SUNSET   705 PM CDT


-  INDICATES NEGATIVE NUMBERS.
R  INDICATES RECORD WAS SET OR TIED.
MM INDICATES DATA IS MISSING.
T  INDICATES TRACE AMOUNT.




$$
