000
CDUS43 KMKX 072236
CLIMKE


CLIMATE REPORT
NATIONAL WEATHER SERVICE IN MILWAUKEE
432 PM CST THU DEC 7 2017


...................................

...THE MILWAUKEE WI CLIMATE SUMMARY FOR DECEMBER 7 2017...
VALID TODAY AS OF 0400 PM LOCAL TIME.

CLIMATE NORMAL PERIOD 1981 TO 2010
CLIMATE RECORD PERIOD 1871 TO 2017


WEATHER ITEM   OBSERVED TIME   RECORD YEAR NORMAL DEPARTURE LAST
                VALUE   (LST)  VALUE       VALUE  FROM      YEAR
                                                  NORMAL
..................................................................
TEMPERATURE (F)
 TODAY
  MAXIMUM         27    328 PM  60    1946  35     -8       29
  MINIMUM         20    805 AM -13    1882  23     -3       22
  AVERAGE         24                        29     -5       26

PRECIPITATION (IN)
  TODAY            T             0.77 1892   0.07  -0.07      T
  MONTH TO DATE    0.10                      0.54  -0.44     0.33
  SINCE DEC 1      0.10                      0.54  -0.44     0.33
  SINCE JAN 1     33.73                     33.26   0.47    27.66

SNOWFALL (IN)
  TODAY            T             6.8  1950   0.3   -0.3       T
  MONTH TO DATE    T                         2.1   -2.1      1.8
  SINCE DEC 1      T                         2.1   -2.1      1.8
  SINCE JUL 1      0.2                       4.8   -4.6      1.8
  SNOW DEPTH       0

DEGREE DAYS
 HEATING
  TODAY           41                        36      5       39
  MONTH TO DATE  181                       243    -62      218
  SINCE DEC 1    181                       243    -62      218
  SINCE JUL 1   1286                      1608   -322     1048

 COOLING
  TODAY            0                         0      0        0
  MONTH TO DATE    0                         0      0        0
  SINCE DEC 1      0                         0      0        0
  SINCE JAN 1    772                       641    131      991
..................................................................


WIND (MPH)
  HIGHEST WIND SPEED    18   HIGHEST WIND DIRECTION     W (280)
  HIGHEST GUST SPEED    27   HIGHEST GUST DIRECTION    NW (310)
  AVERAGE WIND SPEED    14.4


SKY COVER
  POSSIBLE SUNSHINE  MM
  AVERAGE SKY COVER 0.5


WEATHER CONDITIONS
 THE FOLLOWING WEATHER WAS RECORDED TODAY.
  LIGHT SNOW


RELATIVE HUMIDITY (PERCENT)
 HIGHEST    73           800 AM
 LOWEST     37           400 PM
 AVERAGE    55

..........................................................


THE MILWAUKEE WI CLIMATE NORMALS FOR TOMORROW
                         NORMAL    RECORD    YEAR
 MAXIMUM TEMPERATURE (F)   35        63      1946
 MINIMUM TEMPERATURE (F)   22       -10      1876


SUNRISE AND SUNSET
DECEMBER  7 2017......SUNRISE   709 AM CST   SUNSET   417 PM CST
DECEMBER  8 2017......SUNRISE   710 AM CST   SUNSET   417 PM CST


-  INDICATES NEGATIVE NUMBERS.
R  INDICATES RECORD WAS SET OR TIED.
MM INDICATES DATA IS MISSING.
T  INDICATES TRACE AMOUNT.




$$
