000
CDUS43 KMKX 160649
CLIMKE


CLIMATE REPORT
NATIONAL WEATHER SERVICE IN MILWAUKEE
148 AM CDT FRI JUN 16 2017


...................................

...THE MILWAUKEE WI CLIMATE SUMMARY FOR JUNE 15 2017...

CLIMATE NORMAL PERIOD 1981 TO 2010
CLIMATE RECORD PERIOD 1871 TO 2017


WEATHER ITEM   OBSERVED TIME   RECORD YEAR NORMAL DEPARTURE LAST
                VALUE   (LST)  VALUE       VALUE  FROM      YEAR
                                                  NORMAL
..................................................................
TEMPERATURE (F)
 YESTERDAY
  MAXIMUM         91    243 PM  98    1994  75     16       79
  MINIMUM         69    307 AM  40    1875  57     12       65
  AVERAGE         80                        66     14       72

PRECIPITATION (IN)
  YESTERDAY        0.00          1.33 2013   0.13  -0.13     1.03
  MONTH TO DATE    0.66                      1.94  -1.28     1.55
  SINCE JUN 1      0.66                      1.94  -1.28     1.55
  SINCE JAN 1     17.45                     14.58   2.87    10.37

SNOWFALL (IN)
  YESTERDAY        0.0           0.0    MM   0.0    0.0      0.0
  MONTH TO DATE    0.0                       0.0    0.0      0.0
  SINCE JUN 1      0.0                       0.0    0.0      0.0
  SINCE JUL 1     37.6                      46.9   -9.3     39.1
  SNOW DEPTH       0

DEGREE DAYS
 HEATING
  YESTERDAY        0                         3     -3        0
  MONTH TO DATE    9                        62    -53       25
  SINCE JUN 1      9                        62    -53       25
  SINCE JUL 1   5629                      6872  -1243     5905

 COOLING
  YESTERDAY       15                         4     11        7
  MONTH TO DATE  103                        41     62       52
  SINCE JUN 1    103                        41     62       52
  SINCE JAN 1    124                        71     53       97
..................................................................


WIND (MPH)
  HIGHEST WIND SPEED    18   HIGHEST WIND DIRECTION    NW (300)
  HIGHEST GUST SPEED    25   HIGHEST GUST DIRECTION     W (290)
  AVERAGE WIND SPEED     8.2


SKY COVER
  POSSIBLE SUNSHINE  MM
  AVERAGE SKY COVER 0.6


WEATHER CONDITIONS
 THE FOLLOWING WEATHER WAS RECORDED YESTERDAY.
  THUNDERSTORM


RELATIVE HUMIDITY (PERCENT)
 HIGHEST    90          1200 AM
 LOWEST     27           100 PM
 AVERAGE    59

..........................................................


THE MILWAUKEE WI CLIMATE NORMALS FOR TODAY
                         NORMAL    RECORD    YEAR
 MAXIMUM TEMPERATURE (F)   76       100      1994
 MINIMUM TEMPERATURE (F)   58        41      1961


SUNRISE AND SUNSET
JUNE 16 2017..........SUNRISE   512 AM CDT   SUNSET   833 PM CDT
JUNE 17 2017..........SUNRISE   512 AM CDT   SUNSET   833 PM CDT


-  INDICATES NEGATIVE NUMBERS.
R  INDICATES RECORD WAS SET OR TIED.
MM INDICATES DATA IS MISSING.
T  INDICATES TRACE AMOUNT.




$$
