000
CDUS43 KMKX 110643
CLIMKE


CLIMATE REPORT
NATIONAL WEATHER SERVICE IN MILWAUKEE
143 AM CDT FRI AUG 11 2017


...................................

...THE MILWAUKEE WI CLIMATE SUMMARY FOR AUGUST 10 2017...

CLIMATE NORMAL PERIOD 1981 TO 2010
CLIMATE RECORD PERIOD 1871 TO 2017


WEATHER ITEM   OBSERVED TIME   RECORD YEAR NORMAL DEPARTURE LAST
                VALUE   (LST)  VALUE       VALUE  FROM      YEAR
                                                  NORMAL
..................................................................
TEMPERATURE (F)
 YESTERDAY
  MAXIMUM         84        MM  97    1944  79      5       88
  MINIMUM         66        MM  48    1882  64      2       71
  AVERAGE         75                        71      4       80

PRECIPITATION (IN)
  YESTERDAY        0.13          1.64 1916   0.13   0.00     0.00
  MONTH TO DATE    0.45                      1.30  -0.85     0.14
  SINCE JUN 1      9.35                      8.87   0.48     5.39
  SINCE JAN 1     26.14                     21.51   4.63    14.21

SNOWFALL (IN)
  YESTERDAY        0.0           0.0    MM   0.0    0.0      0.0
  MONTH TO DATE    0.0                       0.0    0.0      0.0
  SINCE JUN 1      0.0                       0.0    0.0      0.0
  SINCE JUL 1      0.0                       0.0    0.0      0.0
  SNOW DEPTH       0

DEGREE DAYS
 HEATING
  YESTERDAY        0                         0      0        0
  MONTH TO DATE    3                         0      3        0
  SINCE JUN 1     18                        95    -77       31
  SINCE JUL 1      4                        11     -7        2

 COOLING
  YESTERDAY       10                         7      3       15
  MONTH TO DATE   70                        70      0      118
  SINCE JUN 1    482                       412     70      575
  SINCE JAN 1    503                       442     61      620
..................................................................


WIND (MPH)
  HIGHEST WIND SPEED    17   HIGHEST WIND DIRECTION    SW (210)
  HIGHEST GUST SPEED    23   HIGHEST GUST DIRECTION    SW (210)
  AVERAGE WIND SPEED     9.0


SKY COVER
  POSSIBLE SUNSHINE  MM
  AVERAGE SKY COVER 0.7


WEATHER CONDITIONS
 THE FOLLOWING WEATHER WAS RECORDED YESTERDAY.
  HEAVY RAIN
  LIGHT RAIN
  FOG


RELATIVE HUMIDITY (PERCENT)
 HIGHEST    84          1200 AM
 LOWEST     55           100 PM
 AVERAGE    70

..........................................................


THE MILWAUKEE WI CLIMATE NORMALS FOR TODAY
                         NORMAL    RECORD    YEAR
 MAXIMUM TEMPERATURE (F)   79        98      1874
 MINIMUM TEMPERATURE (F)   64        47      1962


SUNRISE AND SUNSET
AUGUST 11 2017........SUNRISE   554 AM CDT   SUNSET   759 PM CDT
AUGUST 12 2017........SUNRISE   555 AM CDT   SUNSET   758 PM CDT


-  INDICATES NEGATIVE NUMBERS.
R  INDICATES RECORD WAS SET OR TIED.
MM INDICATES DATA IS MISSING.
T  INDICATES TRACE AMOUNT.




$$
