264
CDUS43 KMKX 210652
CLIMKE


CLIMATE REPORT
NATIONAL WEATHER SERVICE IN MILWAUKEE
1251 AM CST SAT JAN 21 2017


...................................

...THE MILWAUKEE WI CLIMATE SUMMARY FOR JANUARY 20 2017...

CLIMATE NORMAL PERIOD 1981 TO 2010
CLIMATE RECORD PERIOD 1871 TO 2017


WEATHER ITEM   OBSERVED TIME   RECORD YEAR NORMAL DEPARTURE LAST
                VALUE   (LST)  VALUE       VALUE  FROM      YEAR
                                                  NORMAL
..................................................................
TEMPERATURE (F)
 YESTERDAY
  MAXIMUM         39    152 PM  61    1906  29     10       23
  MINIMUM         37    926 PM -25    1985  15     22       13
  AVERAGE         38                        22     16       18

PRECIPITATION (IN)
  YESTERDAY        0.43          1.20 1974   0.05   0.38     0.01
  MONTH TO DATE    1.70                      1.17   0.53     0.37
  SINCE DEC 1      3.63                      3.21   0.42     4.19
  SINCE JAN 1      1.70                      1.17   0.53     0.37

SNOWFALL (IN)
  YESTERDAY        0.0           9.9  1886   0.5   -0.5      0.2
  MONTH TO DATE    1.0                       9.8   -8.8      4.3
  SINCE DEC 1     19.8                      20.4   -0.6     13.9
  SINCE JUL 1     19.8                      23.1   -3.3     20.8
  SNOW DEPTH       0

DEGREE DAYS
 HEATING
  YESTERDAY       27                        43    -16       47
  MONTH TO DATE  800                       855    -55      906
  SINCE DEC 1   2007                      2050    -43     1745
  SINCE JUL 1   2837                      3415   -578     2784

 COOLING
  YESTERDAY        0                         0      0        0
  MONTH TO DATE    0                         0      0        0
  SINCE DEC 1      0                         0      0        0
  SINCE JAN 1      0                         0      0        0
..................................................................


WIND (MPH)
  HIGHEST WIND SPEED    16   HIGHEST WIND DIRECTION     E (90)
  HIGHEST GUST SPEED    19   HIGHEST GUST DIRECTION     E (90)
  AVERAGE WIND SPEED     7.8


SKY COVER
  POSSIBLE SUNSHINE  MM
  AVERAGE SKY COVER 1.0


WEATHER CONDITIONS
 THE FOLLOWING WEATHER WAS RECORDED YESTERDAY.
  LIGHT RAIN
  FOG
  FOG W/VISIBILITY <= 1/4 MILE


RELATIVE HUMIDITY (PERCENT)
 HIGHEST   100           600 AM
 LOWEST     92          1200 AM
 AVERAGE    96

..........................................................


THE MILWAUKEE WI CLIMATE NORMALS FOR TODAY
                         NORMAL    RECORD    YEAR
 MAXIMUM TEMPERATURE (F)   29        56      1934
 MINIMUM TEMPERATURE (F)   15       -23      1888


SUNRISE AND SUNSET
JANUARY 21 2017.......SUNRISE   716 AM CST   SUNSET   450 PM CST
JANUARY 22 2017.......SUNRISE   715 AM CST   SUNSET   452 PM CST


-  INDICATES NEGATIVE NUMBERS.
R  INDICATES RECORD WAS SET OR TIED.
MM INDICATES DATA IS MISSING.
T  INDICATES TRACE AMOUNT.




$$
