000
CDUS43 KMKX 130651
CLIMKE


CLIMATE REPORT
NATIONAL WEATHER SERVICE IN MILWAUKEE
149 AM CDT SUN APR 13 2014


...................................

...THE MILWAUKEE WI CLIMATE SUMMARY FOR APRIL 12 2014...

CLIMATE NORMAL PERIOD 1981 TO 2010
CLIMATE RECORD PERIOD 1871 TO 2014


WEATHER ITEM   OBSERVED TIME   RECORD YEAR NORMAL DEPARTURE LAST
                VALUE   (LST)  VALUE       VALUE  FROM      YEAR
                                                  NORMAL
..................................................................
TEMPERATURE (F)
 YESTERDAY
  MAXIMUM         50    358 PM  82    1977  53     -3       43
                                      1941
  MINIMUM         38    510 AM  19    1939  36      2       36
  AVERAGE         44                        44      0       40

PRECIPITATION (IN)
  YESTERDAY        0.53          1.01 1952   0.13   0.40     0.06
  MONTH TO DATE    0.86                      1.43  -0.57     3.95
  SINCE MAR 1      1.98                      3.70  -1.72     5.58
  SINCE JAN 1      4.72                      7.11  -2.39    11.78

SNOWFALL (IN)
  YESTERDAY        0.0           4.0  1900   0.0    0.0      0.0
  MONTH TO DATE    T                         1.2   -1.2      0.0
  SINCE MAR 1      6.3                       8.2   -1.9      7.4
  SINCE JUL 1     63.1                      46.0   17.1     44.6
  SNOW DEPTH       0

DEGREE DAYS
 HEATING
  YESTERDAY       21                        21      0       25
  MONTH TO DATE  259                       274    -15      316
  SINCE MAR 1   1369                      1203    166     1391
  SINCE JUL 1   7025                      6183    842     6116

 COOLING
  YESTERDAY        0                         0      0        0
  MONTH TO DATE    0                         0      0        0
  SINCE MAR 1      0                         0      0        0
  SINCE JAN 1      0                         0      0        0
..................................................................


WIND (MPH)
  HIGHEST WIND SPEED    25   HIGHEST WIND DIRECTION     N (10)
  HIGHEST GUST SPEED    39   HIGHEST GUST DIRECTION     N (20)
  AVERAGE WIND SPEED     7.3


SKY COVER
  POSSIBLE SUNSHINE  MM
  AVERAGE SKY COVER 0.7


WEATHER CONDITIONS
 THE FOLLOWING WEATHER WAS RECORDED YESTERDAY.
  THUNDERSTORM
  HEAVY RAIN
  RAIN
  LIGHT RAIN
  FOG


RELATIVE HUMIDITY (PERCENT)
 HIGHEST    93          1000 PM
 LOWEST     62           200 AM
 AVERAGE    78

..........................................................


THE MILWAUKEE WI CLIMATE NORMALS FOR TODAY
                         NORMAL    RECORD    YEAR
 MAXIMUM TEMPERATURE (F)   53        79      1899
 MINIMUM TEMPERATURE (F)   37        19      1950


SUNRISE AND SUNSET
APRIL 13 2014.........SUNRISE   613 AM CDT   SUNSET   732 PM CDT
APRIL 14 2014.........SUNRISE   612 AM CDT   SUNSET   733 PM CDT


-  INDICATES NEGATIVE NUMBERS.
R  INDICATES RECORD WAS SET OR TIED.
MM INDICATES DATA IS MISSING.
T  INDICATES TRACE AMOUNT.




$$
