000
CDUS43 KMKX 190704
CLIMKE


CLIMATE REPORT
NATIONAL WEATHER SERVICE IN MILWAUKEE
103 AM CST FRI DEC 19 2014


...................................

...THE MILWAUKEE WI CLIMATE SUMMARY FOR DECEMBER 18 2014...

CLIMATE NORMAL PERIOD 1981 TO 2010
CLIMATE RECORD PERIOD 1871 TO 2014


WEATHER ITEM   OBSERVED TIME   RECORD YEAR NORMAL DEPARTURE LAST
                VALUE   (LST)  VALUE       VALUE  FROM      YEAR
                                                  NORMAL
..................................................................
TEMPERATURE (F)
 YESTERDAY
  MAXIMUM         29    856 PM  54    1877  32     -3       34
  MINIMUM         19    621 AM -20    1884  19      0       14
  AVERAGE         24                        25     -1       24

PRECIPITATION (IN)
  YESTERDAY        T             0.92 1877   0.06  -0.06      T
  MONTH TO DATE    0.34                      1.28  -0.94     0.77
  SINCE DEC 1      0.34                      1.28  -0.94     0.77
  SINCE JAN 1     31.42                     34.00  -2.58    39.00

SNOWFALL (IN)
  YESTERDAY        T             8.1  2000   0.3   -0.3       T
  MONTH TO DATE    0.5                       5.6   -5.1      7.3
  SINCE DEC 1      0.5                       5.6   -5.1      7.3
  SINCE JUL 1      5.3                       8.3   -3.0      9.3
  SNOW DEPTH       0

DEGREE DAYS
 HEATING
  YESTERDAY       41                        40      1       41
  MONTH TO DATE  593                       661    -68      787
  SINCE DEC 1    593                       661    -68      787
  SINCE JUL 1   2164                      2026    138     2162

 COOLING
  YESTERDAY        0                         0      0        0
  MONTH TO DATE    0                         0      0        0
  SINCE DEC 1      0                         0      0        0
  SINCE JAN 1    464                       641   -177      688
..................................................................


WIND (MPH)
  HIGHEST WIND SPEED    12   HIGHEST WIND DIRECTION    NW (300)
  HIGHEST GUST SPEED    22   HIGHEST GUST DIRECTION     W (270)
  AVERAGE WIND SPEED     7.3


SKY COVER
  POSSIBLE SUNSHINE  MM
  AVERAGE SKY COVER 0.7


WEATHER CONDITIONS
 THE FOLLOWING WEATHER WAS RECORDED YESTERDAY.
  LT FREEZING RAIN
  SNOW
  LIGHT SNOW
  HAZE


RELATIVE HUMIDITY (PERCENT)
 HIGHEST    84           600 AM
 LOWEST     68          1200 AM
 AVERAGE    76

..........................................................


THE MILWAUKEE WI CLIMATE NORMALS FOR TODAY
                         NORMAL    RECORD    YEAR
 MAXIMUM TEMPERATURE (F)   32        55      1877
 MINIMUM TEMPERATURE (F)   19       -22      1884


SUNRISE AND SUNSET
DECEMBER 19 2014......SUNRISE   718 AM CST   SUNSET   419 PM CST
DECEMBER 20 2014......SUNRISE   719 AM CST   SUNSET   420 PM CST


-  INDICATES NEGATIVE NUMBERS.
R  INDICATES RECORD WAS SET OR TIED.
MM INDICATES DATA IS MISSING.
T  INDICATES TRACE AMOUNT.




$$
